{"id":10212,"date":"2025-11-26T09:51:24","date_gmt":"2025-11-26T12:51:24","guid":{"rendered":"https:\/\/www.pmpf.rs.gov.br\/educacao\/?post_type=eventos&#038;p=10212"},"modified":"2025-11-26T09:53:04","modified_gmt":"2025-11-26T12:53:04","slug":"escola-publica-de-sistentabilidade","status":"publish","type":"eventos","link":"https:\/\/www.pmpf.rs.gov.br\/educacao\/eventos\/escola-publica-de-sistentabilidade\/","title":{"rendered":"Escola P\u00fablica de Sustentabilidade"},"content":{"rendered":"\n<p>Semana de Comemora\u00e7\u00e3o ao Dia Internacional da Cidade Educadora<\/p>\n\n\n\n<p>Encerramento das atividades com feira de sustentabilidade, apresenta\u00e7\u00e3o de projetos e atividade de conscientiza\u00e7\u00e3o ambiental.<\/p>\n","protected":false},"featured_media":0,"template":"","class_list":["post-10212","eventos","type-eventos","status-publish","hentry"],"yoast_head":"<!-- This site is optimized with the Yoast SEO plugin v23.8 - https:\/\/yoast.com\/wordpress\/plugins\/seo\/ -->\n<title>Escola P\u00fablica de Sustentabilidade - Secretaria de Educa\u00e7\u00e3o<\/title>\n<meta name=\"robots\" content=\"index, follow, max-snippet:-1, max-image-preview:large, max-video-preview:-1\" \/>\n<link rel=\"canonical\" href=\"https:\/\/www.pmpf.rs.gov.br\/educacao\/eventos\/escola-publica-de-sistentabilidade\/\" \/>\n<meta property=\"og:locale\" content=\"pt_BR\" \/>\n<meta property=\"og:type\" content=\"article\" \/>\n<meta property=\"og:title\" content=\"Escola P\u00fablica de Sustentabilidade - Secretaria de Educa\u00e7\u00e3o\" \/>\n<meta property=\"og:description\" content=\"Semana de Comemora\u00e7\u00e3o ao Dia Internacional da Cidade Educadora Encerramento das atividades com feira de sustentabilidade, apresenta\u00e7\u00e3o de projetos e atividade de conscientiza\u00e7\u00e3o ambiental.\" \/>\n<meta property=\"og:url\" content=\"https:\/\/www.pmpf.rs.gov.br\/educacao\/eventos\/escola-publica-de-sistentabilidade\/\" \/>\n<meta property=\"og:site_name\" content=\"Secretaria de Educa\u00e7\u00e3o\" \/>\n<meta property=\"article:modified_time\" content=\"2025-11-26T12:53:04+00:00\" \/>\n<meta name=\"twitter:card\" content=\"summary_large_image\" \/>\n<script type=\"application\/ld+json\" class=\"yoast-schema-graph\">{\"@context\":\"https:\/\/schema.org\",\"@graph\":[{\"@type\":\"WebPage\",\"@id\":\"https:\/\/www.pmpf.rs.gov.br\/educacao\/eventos\/escola-publica-de-sistentabilidade\/\",\"url\":\"https:\/\/www.pmpf.rs.gov.br\/educacao\/eventos\/escola-publica-de-sistentabilidade\/\",\"name\":\"Escola P\u00fablica de Sustentabilidade - Secretaria de Educa\u00e7\u00e3o\",\"isPartOf\":{\"@id\":\"https:\/\/www.pmpf.rs.gov.br\/educacao\/#website\"},\"datePublished\":\"2025-11-26T12:51:24+00:00\",\"dateModified\":\"2025-11-26T12:53:04+00:00\",\"breadcrumb\":{\"@id\":\"https:\/\/www.pmpf.rs.gov.br\/educacao\/eventos\/escola-publica-de-sistentabilidade\/#breadcrumb\"},\"inLanguage\":\"pt-BR\",\"potentialAction\":[{\"@type\":\"ReadAction\",\"target\":[\"https:\/\/www.pmpf.rs.gov.br\/educacao\/eventos\/escola-publica-de-sistentabilidade\/\"]}]},{\"@type\":\"BreadcrumbList\",\"@id\":\"https:\/\/www.pmpf.rs.gov.br\/educacao\/eventos\/escola-publica-de-sistentabilidade\/#breadcrumb\",\"itemListElement\":[{\"@type\":\"ListItem\",\"position\":1,\"name\":\"Eventos\",\"item\":\"https:\/\/www.pmpf.rs.gov.br\/educacao\/eventos\/\"},{\"@type\":\"ListItem\",\"position\":2,\"name\":\"Escola P\u00fablica de Sustentabilidade\"}]},{\"@type\":\"WebSite\",\"@id\":\"https:\/\/www.pmpf.rs.gov.br\/educacao\/#website\",\"url\":\"https:\/\/www.pmpf.rs.gov.br\/educacao\/\",\"name\":\"Secretaria de Educa\u00e7\u00e3o\",\"description\":\"Secretaria de Educa\u00e7\u00e3o da cidade de Passo Fundo\",\"potentialAction\":[{\"@type\":\"SearchAction\",\"target\":{\"@type\":\"EntryPoint\",\"urlTemplate\":\"https:\/\/www.pmpf.rs.gov.br\/educacao\/?s={search_term_string}\"},\"query-input\":{\"@type\":\"PropertyValueSpecification\",\"valueRequired\":true,\"valueName\":\"search_term_string\"}}],\"inLanguage\":\"pt-BR\"}]}<\/script>\n<!-- \/ Yoast SEO plugin. -->","yoast_head_json":{"title":"Escola P\u00fablica de Sustentabilidade - Secretaria de Educa\u00e7\u00e3o","robots":{"index":"index","follow":"follow","max-snippet":"max-snippet:-1","max-image-preview":"max-image-preview:large","max-video-preview":"max-video-preview:-1"},"canonical":"https:\/\/www.pmpf.rs.gov.br\/educacao\/eventos\/escola-publica-de-sistentabilidade\/","og_locale":"pt_BR","og_type":"article","og_title":"Escola P\u00fablica de Sustentabilidade - Secretaria de Educa\u00e7\u00e3o","og_description":"Semana de Comemora\u00e7\u00e3o ao Dia Internacional da Cidade Educadora Encerramento das atividades com feira de sustentabilidade, apresenta\u00e7\u00e3o de projetos e atividade de conscientiza\u00e7\u00e3o ambiental.","og_url":"https:\/\/www.pmpf.rs.gov.br\/educacao\/eventos\/escola-publica-de-sistentabilidade\/","og_site_name":"Secretaria de Educa\u00e7\u00e3o","article_modified_time":"2025-11-26T12:53:04+00:00","twitter_card":"summary_large_image","schema":{"@context":"https:\/\/schema.org","@graph":[{"@type":"WebPage","@id":"https:\/\/www.pmpf.rs.gov.br\/educacao\/eventos\/escola-publica-de-sistentabilidade\/","url":"https:\/\/www.pmpf.rs.gov.br\/educacao\/eventos\/escola-publica-de-sistentabilidade\/","name":"Escola P\u00fablica de Sustentabilidade - Secretaria de Educa\u00e7\u00e3o","isPartOf":{"@id":"https:\/\/www.pmpf.rs.gov.br\/educacao\/#website"},"datePublished":"2025-11-26T12:51:24+00:00","dateModified":"2025-11-26T12:53:04+00:00","breadcrumb":{"@id":"https:\/\/www.pmpf.rs.gov.br\/educacao\/eventos\/escola-publica-de-sistentabilidade\/#breadcrumb"},"inLanguage":"pt-BR","potentialAction":[{"@type":"ReadAction","target":["https:\/\/www.pmpf.rs.gov.br\/educacao\/eventos\/escola-publica-de-sistentabilidade\/"]}]},{"@type":"BreadcrumbList","@id":"https:\/\/www.pmpf.rs.gov.br\/educacao\/eventos\/escola-publica-de-sistentabilidade\/#breadcrumb","itemListElement":[{"@type":"ListItem","position":1,"name":"Eventos","item":"https:\/\/www.pmpf.rs.gov.br\/educacao\/eventos\/"},{"@type":"ListItem","position":2,"name":"Escola P\u00fablica de Sustentabilidade"}]},{"@type":"WebSite","@id":"https:\/\/www.pmpf.rs.gov.br\/educacao\/#website","url":"https:\/\/www.pmpf.rs.gov.br\/educacao\/","name":"Secretaria de Educa\u00e7\u00e3o","description":"Secretaria de Educa\u00e7\u00e3o da cidade de Passo Fundo","potentialAction":[{"@type":"SearchAction","target":{"@type":"EntryPoint","urlTemplate":"https:\/\/www.pmpf.rs.gov.br\/educacao\/?s={search_term_string}"},"query-input":{"@type":"PropertyValueSpecification","valueRequired":true,"valueName":"search_term_string"}}],"inLanguage":"pt-BR"}]}},"_links":{"self":[{"href":"https:\/\/www.pmpf.rs.gov.br\/educacao\/wp-json\/wp\/v2\/eventos\/10212"}],"collection":[{"href":"https:\/\/www.pmpf.rs.gov.br\/educacao\/wp-json\/wp\/v2\/eventos"}],"about":[{"href":"https:\/\/www.pmpf.rs.gov.br\/educacao\/wp-json\/wp\/v2\/types\/eventos"}],"wp:attachment":[{"href":"https:\/\/www.pmpf.rs.gov.br\/educacao\/wp-json\/wp\/v2\/media?parent=10212"}],"curies":[{"name":"wp","href":"https:\/\/api.w.org\/{rel}","templated":true}]}}

Escola Pública de Sustentabilidade

<p>Semana de Comemoração ao Dia Internacional da Cidade Educadora</p>



<p>Encerramento das atividades com feira de sustentabilidade, apresentação de projetos e atividade de conscientização ambiental.</p>

<!-- This site is optimized with the Yoast SEO plugin v23.8 - https://yoast.com/wordpress/plugins/seo/ -->
<title>Escola Pública de Sustentabilidade - Secretaria de Educação</title>
<meta name="robots" content="index, follow, max-snippet:-1, max-image-preview:large, max-video-preview:-1" />
<link rel="canonical" href="https://www.pmpf.rs.gov.br/educacao/eventos/escola-publica-de-sistentabilidade/" />
<meta property="og:locale" content="pt_BR" />
<meta property="og:type" content="article" />
<meta property="og:title" content="Escola Pública de Sustentabilidade - Secretaria de Educação" />
<meta property="og:description" content="Semana de Comemoração ao Dia Internacional da Cidade Educadora Encerramento das atividades com feira de sustentabilidade, apresentação de projetos e atividade de conscientização ambiental." />
<meta property="og:url" content="https://www.pmpf.rs.gov.br/educacao/eventos/escola-publica-de-sistentabilidade/" />
<meta property="og:site_name" content="Secretaria de Educação" />
<meta property="article:modified_time" content="2025-11-26T12:53:04+00:00" />
<meta name="twitter:card" content="summary_large_image" />
<script type="application/ld+json" class="yoast-schema-graph">{"@context":"https://schema.org","@graph":[{"@type":"WebPage","@id":"https://www.pmpf.rs.gov.br/educacao/eventos/escola-publica-de-sistentabilidade/","url":"https://www.pmpf.rs.gov.br/educacao/eventos/escola-publica-de-sistentabilidade/","name":"Escola Pública de Sustentabilidade - Secretaria de Educação","isPartOf":{"@id":"https://www.pmpf.rs.gov.br/educacao/#website"},"datePublished":"2025-11-26T12:51:24+00:00","dateModified":"2025-11-26T12:53:04+00:00","breadcrumb":{"@id":"https://www.pmpf.rs.gov.br/educacao/eventos/escola-publica-de-sistentabilidade/#breadcrumb"},"inLanguage":"pt-BR","potentialAction":[{"@type":"ReadAction","target":["https://www.pmpf.rs.gov.br/educacao/eventos/escola-publica-de-sistentabilidade/"]}]},{"@type":"BreadcrumbList","@id":"https://www.pmpf.rs.gov.br/educacao/eventos/escola-publica-de-sistentabilidade/#breadcrumb","itemListElement":[{"@type":"ListItem","position":1,"name":"Eventos","item":"https://www.pmpf.rs.gov.br/educacao/eventos/"},{"@type":"ListItem","position":2,"name":"Escola Pública de Sustentabilidade"}]},{"@type":"WebSite","@id":"https://www.pmpf.rs.gov.br/educacao/#website","url":"https://www.pmpf.rs.gov.br/educacao/","name":"Secretaria de Educação","description":"Secretaria de Educação da cidade de Passo Fundo","potentialAction":[{"@type":"SearchAction","target":{"@type":"EntryPoint","urlTemplate":"https://www.pmpf.rs.gov.br/educacao/?s={search_term_string}"},"query-input":{"@type":"PropertyValueSpecification","valueRequired":true,"valueName":"search_term_string"}}],"inLanguage":"pt-BR"}]}</script>
<!-- / Yoast SEO plugin. -->

Escola Pública de Sustentabilidade - Secretaria de Educação

Semana de Comemoração ao Dia Internacional da Cidade Educadora Encerramento das atividades com feira de sustentabilidade, apresentação de projetos e atividade de conscientização ambiental.

Secretaria de Educação

Secretaria de Educação da cidade de Passo Fundo
