{"id":3000,"date":"2022-02-11T10:33:22","date_gmt":"2022-02-11T13:33:22","guid":{"rendered":"https:\/\/www.pmpf.rs.gov.br\/secretaria-de-cultura\/?post_type=servicos&#038;p=3000"},"modified":"2024-05-22T14:58:27","modified_gmt":"2024-05-22T17:58:27","slug":"galeria-estacao-da-arte","status":"publish","type":"servicos","link":"https:\/\/www.pmpf.rs.gov.br\/cultura\/servicos\/galeria-estacao-da-arte\/","title":{"rendered":"Exposi\u00e7\u00e3o na Galeria Esta\u00e7\u00e3o da Arte"},"content":{"rendered":"\n<p class=\"has-grey-background-color has-background\">Termo de Uso para Realiza\u00e7\u00e3o de Exposi\u00e7\u00f5es de Artes Visuais e\/ou Atividades nas Salas de Exposi\u00e7\u00f5es da Galeria Esta\u00e7\u00e3o da Arte (Antiga Via\u00e7\u00e3o F\u00e9rrea)<\/p>\n\n\n\n<hr class=\"wp-block-separator\"\/>\n\n\n\n<p>As inscri\u00e7\u00f5es para propostas expositivas devem obedecer o <strong>regulamento interno<\/strong> do espa\u00e7o e<br>tamb\u00e9m o preenchimento da <strong>ficha de inscri\u00e7\u00e3o<\/strong>, ap\u00f3s devidamente preenchida dever\u00e1 ser encaminhada<br>para o e-mail galeriaestacaodaarte@pmpf.rs.gov.br, ou impresso e entregue junto a Galeria Esta\u00e7\u00e3o<br>da Arte. O mesmo vale para atividades de cunho Cultural.<\/p>\n\n\n\n<hr class=\"wp-block-separator\"\/>\n\n\n\n<p class=\"has-white-background-color has-background\"><\/p>\n","protected":false},"featured_media":0,"template":"","canal":[4],"quem":[5],"servico_tags":[6],"class_list":["post-3000","servicos","type-servicos","status-publish","hentry","canal-online","quem-cidadao","servico_tags-cultura"],"yoast_head":"<!-- This site is optimized with the Yoast SEO plugin v23.8 - https:\/\/yoast.com\/wordpress\/plugins\/seo\/ -->\n<title>Exposi\u00e7\u00e3o na Galeria Esta\u00e7\u00e3o da Arte - Secretaria de Cultura<\/title>\n<meta name=\"robots\" content=\"index, follow, max-snippet:-1, max-image-preview:large, max-video-preview:-1\" \/>\n<link rel=\"canonical\" href=\"https:\/\/www.pmpf.rs.gov.br\/cultura\/servicos\/galeria-estacao-da-arte\/\" \/>\n<meta property=\"og:locale\" content=\"pt_BR\" \/>\n<meta property=\"og:type\" content=\"article\" \/>\n<meta property=\"og:title\" content=\"Exposi\u00e7\u00e3o na Galeria Esta\u00e7\u00e3o da Arte - Secretaria de Cultura\" \/>\n<meta property=\"og:description\" content=\"Termo de Uso para Realiza\u00e7\u00e3o de Exposi\u00e7\u00f5es de Artes Visuais e\/ou Atividades nas Salas de Exposi\u00e7\u00f5es da Galeria Esta\u00e7\u00e3o da Arte (Antiga Via\u00e7\u00e3o F\u00e9rrea) As inscri\u00e7\u00f5es para propostas expositivas devem obedecer o [&hellip;]\" \/>\n<meta property=\"og:url\" content=\"https:\/\/www.pmpf.rs.gov.br\/cultura\/servicos\/galeria-estacao-da-arte\/\" \/>\n<meta property=\"og:site_name\" content=\"Secretaria de Cultura\" \/>\n<meta property=\"article:modified_time\" content=\"2024-05-22T17:58:27+00:00\" \/>\n<meta name=\"twitter:card\" content=\"summary_large_image\" \/>\n<script type=\"application\/ld+json\" class=\"yoast-schema-graph\">{\"@context\":\"https:\/\/schema.org\",\"@graph\":[{\"@type\":\"WebPage\",\"@id\":\"https:\/\/www.pmpf.rs.gov.br\/cultura\/servicos\/galeria-estacao-da-arte\/\",\"url\":\"https:\/\/www.pmpf.rs.gov.br\/cultura\/servicos\/galeria-estacao-da-arte\/\",\"name\":\"Exposi\u00e7\u00e3o na Galeria Esta\u00e7\u00e3o da Arte - Secretaria de Cultura\",\"isPartOf\":{\"@id\":\"https:\/\/www.pmpf.rs.gov.br\/cultura\/#website\"},\"datePublished\":\"2022-02-11T13:33:22+00:00\",\"dateModified\":\"2024-05-22T17:58:27+00:00\",\"breadcrumb\":{\"@id\":\"https:\/\/www.pmpf.rs.gov.br\/cultura\/servicos\/galeria-estacao-da-arte\/#breadcrumb\"},\"inLanguage\":\"pt-BR\",\"potentialAction\":[{\"@type\":\"ReadAction\",\"target\":[\"https:\/\/www.pmpf.rs.gov.br\/cultura\/servicos\/galeria-estacao-da-arte\/\"]}]},{\"@type\":\"BreadcrumbList\",\"@id\":\"https:\/\/www.pmpf.rs.gov.br\/cultura\/servicos\/galeria-estacao-da-arte\/#breadcrumb\",\"itemListElement\":[{\"@type\":\"ListItem\",\"position\":1,\"name\":\"Servi\u00e7os\",\"item\":\"https:\/\/www.pmpf.rs.gov.br\/cultura\/servicos\/\"},{\"@type\":\"ListItem\",\"position\":2,\"name\":\"Exposi\u00e7\u00e3o na Galeria Esta\u00e7\u00e3o da Arte\"}]},{\"@type\":\"WebSite\",\"@id\":\"https:\/\/www.pmpf.rs.gov.br\/cultura\/#website\",\"url\":\"https:\/\/www.pmpf.rs.gov.br\/cultura\/\",\"name\":\"Secretaria de Cultura\",\"description\":\"S\u00f3 mais um site Prefeitura de Passo Fundo\",\"potentialAction\":[{\"@type\":\"SearchAction\",\"target\":{\"@type\":\"EntryPoint\",\"urlTemplate\":\"https:\/\/www.pmpf.rs.gov.br\/cultura\/?s={search_term_string}\"},\"query-input\":{\"@type\":\"PropertyValueSpecification\",\"valueRequired\":true,\"valueName\":\"search_term_string\"}}],\"inLanguage\":\"pt-BR\"}]}<\/script>\n<!-- \/ Yoast SEO plugin. -->","yoast_head_json":{"title":"Exposi\u00e7\u00e3o na Galeria Esta\u00e7\u00e3o da Arte - Secretaria de Cultura","robots":{"index":"index","follow":"follow","max-snippet":"max-snippet:-1","max-image-preview":"max-image-preview:large","max-video-preview":"max-video-preview:-1"},"canonical":"https:\/\/www.pmpf.rs.gov.br\/cultura\/servicos\/galeria-estacao-da-arte\/","og_locale":"pt_BR","og_type":"article","og_title":"Exposi\u00e7\u00e3o na Galeria Esta\u00e7\u00e3o da Arte - Secretaria de Cultura","og_description":"Termo de Uso para Realiza\u00e7\u00e3o de Exposi\u00e7\u00f5es de Artes Visuais e\/ou Atividades nas Salas de Exposi\u00e7\u00f5es da Galeria Esta\u00e7\u00e3o da Arte (Antiga Via\u00e7\u00e3o F\u00e9rrea) As inscri\u00e7\u00f5es para propostas expositivas devem obedecer o [&hellip;]","og_url":"https:\/\/www.pmpf.rs.gov.br\/cultura\/servicos\/galeria-estacao-da-arte\/","og_site_name":"Secretaria de Cultura","article_modified_time":"2024-05-22T17:58:27+00:00","twitter_card":"summary_large_image","schema":{"@context":"https:\/\/schema.org","@graph":[{"@type":"WebPage","@id":"https:\/\/www.pmpf.rs.gov.br\/cultura\/servicos\/galeria-estacao-da-arte\/","url":"https:\/\/www.pmpf.rs.gov.br\/cultura\/servicos\/galeria-estacao-da-arte\/","name":"Exposi\u00e7\u00e3o na Galeria Esta\u00e7\u00e3o da Arte - Secretaria de Cultura","isPartOf":{"@id":"https:\/\/www.pmpf.rs.gov.br\/cultura\/#website"},"datePublished":"2022-02-11T13:33:22+00:00","dateModified":"2024-05-22T17:58:27+00:00","breadcrumb":{"@id":"https:\/\/www.pmpf.rs.gov.br\/cultura\/servicos\/galeria-estacao-da-arte\/#breadcrumb"},"inLanguage":"pt-BR","potentialAction":[{"@type":"ReadAction","target":["https:\/\/www.pmpf.rs.gov.br\/cultura\/servicos\/galeria-estacao-da-arte\/"]}]},{"@type":"BreadcrumbList","@id":"https:\/\/www.pmpf.rs.gov.br\/cultura\/servicos\/galeria-estacao-da-arte\/#breadcrumb","itemListElement":[{"@type":"ListItem","position":1,"name":"Servi\u00e7os","item":"https:\/\/www.pmpf.rs.gov.br\/cultura\/servicos\/"},{"@type":"ListItem","position":2,"name":"Exposi\u00e7\u00e3o na Galeria Esta\u00e7\u00e3o da Arte"}]},{"@type":"WebSite","@id":"https:\/\/www.pmpf.rs.gov.br\/cultura\/#website","url":"https:\/\/www.pmpf.rs.gov.br\/cultura\/","name":"Secretaria de Cultura","description":"S\u00f3 mais um site Prefeitura de Passo Fundo","potentialAction":[{"@type":"SearchAction","target":{"@type":"EntryPoint","urlTemplate":"https:\/\/www.pmpf.rs.gov.br\/cultura\/?s={search_term_string}"},"query-input":{"@type":"PropertyValueSpecification","valueRequired":true,"valueName":"search_term_string"}}],"inLanguage":"pt-BR"}]}},"_links":{"self":[{"href":"https:\/\/www.pmpf.rs.gov.br\/cultura\/wp-json\/wp\/v2\/servicos\/3000"}],"collection":[{"href":"https:\/\/www.pmpf.rs.gov.br\/cultura\/wp-json\/wp\/v2\/servicos"}],"about":[{"href":"https:\/\/www.pmpf.rs.gov.br\/cultura\/wp-json\/wp\/v2\/types\/servicos"}],"wp:attachment":[{"href":"https:\/\/www.pmpf.rs.gov.br\/cultura\/wp-json\/wp\/v2\/media?parent=3000"}],"wp:term":[{"taxonomy":"canal","embeddable":true,"href":"https:\/\/www.pmpf.rs.gov.br\/cultura\/wp-json\/wp\/v2\/canal?post=3000"},{"taxonomy":"quem","embeddable":true,"href":"https:\/\/www.pmpf.rs.gov.br\/cultura\/wp-json\/wp\/v2\/quem?post=3000"},{"taxonomy":"servico_tags","embeddable":true,"href":"https:\/\/www.pmpf.rs.gov.br\/cultura\/wp-json\/wp\/v2\/servico_tags?post=3000"}],"curies":[{"name":"wp","href":"https:\/\/api.w.org\/{rel}","templated":true}]}}

Exposição na Galeria Estação da Arte

<p class="has-grey-background-color has-background">Termo de Uso para Realização de Exposições de Artes Visuais e/ou Atividades nas Salas de Exposições da Galeria Estação da Arte (Antiga Viação Férrea)</p>



<hr class="wp-block-separator"/>



<p>As inscrições para propostas expositivas devem obedecer o <strong>regulamento interno</strong> do espaço e<br>também o preenchimento da <strong>ficha de inscrição</strong>, após devidamente preenchida deverá ser encaminhada<br>para o e-mail galeriaestacaodaarte@pmpf.rs.gov.br, ou impresso e entregue junto a Galeria Estação<br>da Arte. O mesmo vale para atividades de cunho Cultural.</p>



<hr class="wp-block-separator"/>



<p class="has-white-background-color has-background"></p>

<!-- This site is optimized with the Yoast SEO plugin v23.8 - https://yoast.com/wordpress/plugins/seo/ -->
<title>Exposição na Galeria Estação da Arte - Secretaria de Cultura</title>
<meta name="robots" content="index, follow, max-snippet:-1, max-image-preview:large, max-video-preview:-1" />
<link rel="canonical" href="https://www.pmpf.rs.gov.br/cultura/servicos/galeria-estacao-da-arte/" />
<meta property="og:locale" content="pt_BR" />
<meta property="og:type" content="article" />
<meta property="og:title" content="Exposição na Galeria Estação da Arte - Secretaria de Cultura" />
<meta property="og:description" content="Termo de Uso para Realização de Exposições de Artes Visuais e/ou Atividades nas Salas de Exposições da Galeria Estação da Arte (Antiga Viação Férrea) As inscrições para propostas expositivas devem obedecer o [&hellip;]" />
<meta property="og:url" content="https://www.pmpf.rs.gov.br/cultura/servicos/galeria-estacao-da-arte/" />
<meta property="og:site_name" content="Secretaria de Cultura" />
<meta property="article:modified_time" content="2024-05-22T17:58:27+00:00" />
<meta name="twitter:card" content="summary_large_image" />
<script type="application/ld+json" class="yoast-schema-graph">{"@context":"https://schema.org","@graph":[{"@type":"WebPage","@id":"https://www.pmpf.rs.gov.br/cultura/servicos/galeria-estacao-da-arte/","url":"https://www.pmpf.rs.gov.br/cultura/servicos/galeria-estacao-da-arte/","name":"Exposição na Galeria Estação da Arte - Secretaria de Cultura","isPartOf":{"@id":"https://www.pmpf.rs.gov.br/cultura/#website"},"datePublished":"2022-02-11T13:33:22+00:00","dateModified":"2024-05-22T17:58:27+00:00","breadcrumb":{"@id":"https://www.pmpf.rs.gov.br/cultura/servicos/galeria-estacao-da-arte/#breadcrumb"},"inLanguage":"pt-BR","potentialAction":[{"@type":"ReadAction","target":["https://www.pmpf.rs.gov.br/cultura/servicos/galeria-estacao-da-arte/"]}]},{"@type":"BreadcrumbList","@id":"https://www.pmpf.rs.gov.br/cultura/servicos/galeria-estacao-da-arte/#breadcrumb","itemListElement":[{"@type":"ListItem","position":1,"name":"Serviços","item":"https://www.pmpf.rs.gov.br/cultura/servicos/"},{"@type":"ListItem","position":2,"name":"Exposição na Galeria Estação da Arte"}]},{"@type":"WebSite","@id":"https://www.pmpf.rs.gov.br/cultura/#website","url":"https://www.pmpf.rs.gov.br/cultura/","name":"Secretaria de Cultura","description":"Só mais um site Prefeitura de Passo Fundo","potentialAction":[{"@type":"SearchAction","target":{"@type":"EntryPoint","urlTemplate":"https://www.pmpf.rs.gov.br/cultura/?s={search_term_string}"},"query-input":{"@type":"PropertyValueSpecification","valueRequired":true,"valueName":"search_term_string"}}],"inLanguage":"pt-BR"}]}</script>
<!-- / Yoast SEO plugin. -->

Exposição na Galeria Estação da Arte - Secretaria de Cultura

Termo de Uso para Realização de Exposições de Artes Visuais e/ou Atividades nas Salas de Exposições da Galeria Estação da Arte (Antiga Viação Férrea) As inscrições para propostas expositivas devem obedecer o [&hellip;]

Serviços

Só mais um site Prefeitura de Passo Fundo
