{"id":324,"date":"2021-12-21T00:47:16","date_gmt":"2021-12-21T03:47:16","guid":{"rendered":"https:\/\/www.pmpf.rs.gov.br\/secretaria-de-cultura\/?page_id=324"},"modified":"2021-12-21T00:47:17","modified_gmt":"2021-12-21T03:47:17","slug":"semana-de-passo-fundo","status":"publish","type":"page","link":"https:\/\/www.pmpf.rs.gov.br\/cultura\/semana-de-passo-fundo\/","title":{"rendered":"Semana de Passo Fundo"},"content":{"rendered":"\n<h2 class=\"wp-block-heading\">Comemora\u00e7\u00e3o do anivers\u00e1rio do Munic\u00edpio<\/h2>\n\n\n\n<p><strong>Per\u00edodo:<\/strong>&nbsp;1\u00aa Semana do M\u00eas de Agosto<\/p>\n\n\n\n<p><strong>Local:<\/strong>&nbsp;Diversos locais da Cidade<\/p>\n\n\n\n<p>A Prefeitura Municipal de Passo Fundo, atrav\u00e9s da Secretaria de Cultura, em parceria com Associa\u00e7\u00f5es Culturais locais elaboram uma Programa\u00e7\u00e3o de diversos eventos e a\u00e7\u00f5es visando o resgate do valor hist\u00f3rico-cultural da nossa cidade.<\/p>\n","protected":false},"excerpt":{"rendered":"<p>Comemora\u00e7\u00e3o do anivers\u00e1rio do Munic\u00edpio Per\u00edodo:&nbsp;1\u00aa Semana do M\u00eas de Agosto Local:&nbsp;Diversos locais da Cidade A Prefeitura Municipal de Passo Fundo, atrav\u00e9s da Secretaria de Cultura, em parceria com Associa\u00e7\u00f5es Culturais locais [&hellip;]<\/p>\n","protected":false},"author":1,"featured_media":0,"parent":0,"menu_order":0,"comment_status":"closed","ping_status":"closed","template":"","meta":{"footnotes":""},"class_list":["post-324","page","type-page","status-publish","hentry"],"yoast_head":"<!-- This site is optimized with the Yoast SEO plugin v23.8 - https:\/\/yoast.com\/wordpress\/plugins\/seo\/ -->\n<title>Semana de Passo Fundo - Secretaria de Cultura<\/title>\n<meta name=\"robots\" content=\"index, follow, max-snippet:-1, max-image-preview:large, max-video-preview:-1\" \/>\n<link rel=\"canonical\" href=\"https:\/\/www.pmpf.rs.gov.br\/cultura\/semana-de-passo-fundo\/\" \/>\n<meta property=\"og:locale\" content=\"pt_BR\" \/>\n<meta property=\"og:type\" content=\"article\" \/>\n<meta property=\"og:title\" content=\"Semana de Passo Fundo - Secretaria de Cultura\" \/>\n<meta property=\"og:description\" content=\"Comemora\u00e7\u00e3o do anivers\u00e1rio do Munic\u00edpio Per\u00edodo:&nbsp;1\u00aa Semana do M\u00eas de Agosto Local:&nbsp;Diversos locais da Cidade A Prefeitura Municipal de Passo Fundo, atrav\u00e9s da Secretaria de Cultura, em parceria com Associa\u00e7\u00f5es Culturais locais [&hellip;]\" \/>\n<meta property=\"og:url\" content=\"https:\/\/www.pmpf.rs.gov.br\/cultura\/semana-de-passo-fundo\/\" \/>\n<meta property=\"og:site_name\" content=\"Secretaria de Cultura\" \/>\n<meta property=\"article:modified_time\" content=\"2021-12-21T03:47:17+00:00\" \/>\n<meta name=\"twitter:card\" content=\"summary_large_image\" \/>\n<meta name=\"twitter:label1\" content=\"Est. tempo de leitura\" \/>\n\t<meta name=\"twitter:data1\" content=\"1 minuto\" \/>\n<script type=\"application\/ld+json\" class=\"yoast-schema-graph\">{\"@context\":\"https:\/\/schema.org\",\"@graph\":[{\"@type\":\"WebPage\",\"@id\":\"https:\/\/www.pmpf.rs.gov.br\/cultura\/semana-de-passo-fundo\/\",\"url\":\"https:\/\/www.pmpf.rs.gov.br\/cultura\/semana-de-passo-fundo\/\",\"name\":\"Semana de Passo Fundo - Secretaria de Cultura\",\"isPartOf\":{\"@id\":\"https:\/\/www.pmpf.rs.gov.br\/cultura\/#website\"},\"datePublished\":\"2021-12-21T03:47:16+00:00\",\"dateModified\":\"2021-12-21T03:47:17+00:00\",\"inLanguage\":\"pt-BR\",\"potentialAction\":[{\"@type\":\"ReadAction\",\"target\":[\"https:\/\/www.pmpf.rs.gov.br\/cultura\/semana-de-passo-fundo\/\"]}]},{\"@type\":\"WebSite\",\"@id\":\"https:\/\/www.pmpf.rs.gov.br\/cultura\/#website\",\"url\":\"https:\/\/www.pmpf.rs.gov.br\/cultura\/\",\"name\":\"Secretaria de Cultura\",\"description\":\"S\u00f3 mais um site Prefeitura de Passo Fundo\",\"potentialAction\":[{\"@type\":\"SearchAction\",\"target\":{\"@type\":\"EntryPoint\",\"urlTemplate\":\"https:\/\/www.pmpf.rs.gov.br\/cultura\/?s={search_term_string}\"},\"query-input\":{\"@type\":\"PropertyValueSpecification\",\"valueRequired\":true,\"valueName\":\"search_term_string\"}}],\"inLanguage\":\"pt-BR\"}]}<\/script>\n<!-- \/ Yoast SEO plugin. -->","yoast_head_json":{"title":"Semana de Passo Fundo - Secretaria de Cultura","robots":{"index":"index","follow":"follow","max-snippet":"max-snippet:-1","max-image-preview":"max-image-preview:large","max-video-preview":"max-video-preview:-1"},"canonical":"https:\/\/www.pmpf.rs.gov.br\/cultura\/semana-de-passo-fundo\/","og_locale":"pt_BR","og_type":"article","og_title":"Semana de Passo Fundo - Secretaria de Cultura","og_description":"Comemora\u00e7\u00e3o do anivers\u00e1rio do Munic\u00edpio Per\u00edodo:&nbsp;1\u00aa Semana do M\u00eas de Agosto Local:&nbsp;Diversos locais da Cidade A Prefeitura Municipal de Passo Fundo, atrav\u00e9s da Secretaria de Cultura, em parceria com Associa\u00e7\u00f5es Culturais locais [&hellip;]","og_url":"https:\/\/www.pmpf.rs.gov.br\/cultura\/semana-de-passo-fundo\/","og_site_name":"Secretaria de Cultura","article_modified_time":"2021-12-21T03:47:17+00:00","twitter_card":"summary_large_image","twitter_misc":{"Est. tempo de leitura":"1 minuto"},"schema":{"@context":"https:\/\/schema.org","@graph":[{"@type":"WebPage","@id":"https:\/\/www.pmpf.rs.gov.br\/cultura\/semana-de-passo-fundo\/","url":"https:\/\/www.pmpf.rs.gov.br\/cultura\/semana-de-passo-fundo\/","name":"Semana de Passo Fundo - Secretaria de Cultura","isPartOf":{"@id":"https:\/\/www.pmpf.rs.gov.br\/cultura\/#website"},"datePublished":"2021-12-21T03:47:16+00:00","dateModified":"2021-12-21T03:47:17+00:00","inLanguage":"pt-BR","potentialAction":[{"@type":"ReadAction","target":["https:\/\/www.pmpf.rs.gov.br\/cultura\/semana-de-passo-fundo\/"]}]},{"@type":"WebSite","@id":"https:\/\/www.pmpf.rs.gov.br\/cultura\/#website","url":"https:\/\/www.pmpf.rs.gov.br\/cultura\/","name":"Secretaria de Cultura","description":"S\u00f3 mais um site Prefeitura de Passo Fundo","potentialAction":[{"@type":"SearchAction","target":{"@type":"EntryPoint","urlTemplate":"https:\/\/www.pmpf.rs.gov.br\/cultura\/?s={search_term_string}"},"query-input":{"@type":"PropertyValueSpecification","valueRequired":true,"valueName":"search_term_string"}}],"inLanguage":"pt-BR"}]}},"_links":{"self":[{"href":"https:\/\/www.pmpf.rs.gov.br\/cultura\/wp-json\/wp\/v2\/pages\/324"}],"collection":[{"href":"https:\/\/www.pmpf.rs.gov.br\/cultura\/wp-json\/wp\/v2\/pages"}],"about":[{"href":"https:\/\/www.pmpf.rs.gov.br\/cultura\/wp-json\/wp\/v2\/types\/page"}],"author":[{"embeddable":true,"href":"https:\/\/www.pmpf.rs.gov.br\/cultura\/wp-json\/wp\/v2\/users\/1"}],"replies":[{"embeddable":true,"href":"https:\/\/www.pmpf.rs.gov.br\/cultura\/wp-json\/wp\/v2\/comments?post=324"}],"version-history":[{"count":1,"href":"https:\/\/www.pmpf.rs.gov.br\/cultura\/wp-json\/wp\/v2\/pages\/324\/revisions"}],"predecessor-version":[{"id":325,"href":"https:\/\/www.pmpf.rs.gov.br\/cultura\/wp-json\/wp\/v2\/pages\/324\/revisions\/325"}],"wp:attachment":[{"href":"https:\/\/www.pmpf.rs.gov.br\/cultura\/wp-json\/wp\/v2\/media?parent=324"}],"curies":[{"name":"wp","href":"https:\/\/api.w.org\/{rel}","templated":true}]}}

<h2 class="wp-block-heading">Comemoração do aniversário do Município</h2>



<p><strong>Período:</strong>&nbsp;1ª Semana do Mês de Agosto</p>



<p><strong>Local:</strong>&nbsp;Diversos locais da Cidade</p>



<p>A Prefeitura Municipal de Passo Fundo, através da Secretaria de Cultura, em parceria com Associações Culturais locais elaboram uma Programação de diversos eventos e ações visando o resgate do valor histórico-cultural da nossa cidade.</p>

<p>Comemoração do aniversário do Município Período:&nbsp;1ª Semana do Mês de Agosto Local:&nbsp;Diversos locais da Cidade A Prefeitura Municipal de Passo Fundo, através da Secretaria de Cultura, em parceria com Associações Culturais locais [&hellip;]</p>

<!-- This site is optimized with the Yoast SEO plugin v23.8 - https://yoast.com/wordpress/plugins/seo/ -->
<title>Semana de Passo Fundo - Secretaria de Cultura</title>
<meta name="robots" content="index, follow, max-snippet:-1, max-image-preview:large, max-video-preview:-1" />
<link rel="canonical" href="https://www.pmpf.rs.gov.br/cultura/semana-de-passo-fundo/" />
<meta property="og:locale" content="pt_BR" />
<meta property="og:type" content="article" />
<meta property="og:title" content="Semana de Passo Fundo - Secretaria de Cultura" />
<meta property="og:description" content="Comemoração do aniversário do Município Período:&nbsp;1ª Semana do Mês de Agosto Local:&nbsp;Diversos locais da Cidade A Prefeitura Municipal de Passo Fundo, através da Secretaria de Cultura, em parceria com Associações Culturais locais [&hellip;]" />
<meta property="og:url" content="https://www.pmpf.rs.gov.br/cultura/semana-de-passo-fundo/" />
<meta property="og:site_name" content="Secretaria de Cultura" />
<meta property="article:modified_time" content="2021-12-21T03:47:17+00:00" />
<meta name="twitter:card" content="summary_large_image" />
<meta name="twitter:label1" content="Est. tempo de leitura" />
	<meta name="twitter:data1" content="1 minuto" />
<script type="application/ld+json" class="yoast-schema-graph">{"@context":"https://schema.org","@graph":[{"@type":"WebPage","@id":"https://www.pmpf.rs.gov.br/cultura/semana-de-passo-fundo/","url":"https://www.pmpf.rs.gov.br/cultura/semana-de-passo-fundo/","name":"Semana de Passo Fundo - Secretaria de Cultura","isPartOf":{"@id":"https://www.pmpf.rs.gov.br/cultura/#website"},"datePublished":"2021-12-21T03:47:16+00:00","dateModified":"2021-12-21T03:47:17+00:00","inLanguage":"pt-BR","potentialAction":[{"@type":"ReadAction","target":["https://www.pmpf.rs.gov.br/cultura/semana-de-passo-fundo/"]}]},{"@type":"WebSite","@id":"https://www.pmpf.rs.gov.br/cultura/#website","url":"https://www.pmpf.rs.gov.br/cultura/","name":"Secretaria de Cultura","description":"Só mais um site Prefeitura de Passo Fundo","potentialAction":[{"@type":"SearchAction","target":{"@type":"EntryPoint","urlTemplate":"https://www.pmpf.rs.gov.br/cultura/?s={search_term_string}"},"query-input":{"@type":"PropertyValueSpecification","valueRequired":true,"valueName":"search_term_string"}}],"inLanguage":"pt-BR"}]}</script>
<!-- / Yoast SEO plugin. -->

Comemoração do aniversário do Município Período:&nbsp;1ª Semana do Mês de Agosto Local:&nbsp;Diversos locais da Cidade A Prefeitura Municipal de Passo Fundo, através da Secretaria de Cultura, em parceria com Associações Culturais locais [&hellip;]

Só mais um site Prefeitura de Passo Fundo
