{"id":312,"date":"2021-12-21T00:44:00","date_gmt":"2021-12-21T03:44:00","guid":{"rendered":"https:\/\/www.pmpf.rs.gov.br\/secretaria-de-cultura\/?page_id=312"},"modified":"2021-12-21T00:44:01","modified_gmt":"2021-12-21T03:44:01","slug":"mostra-de-teatro-dia-industria-de-arte","status":"publish","type":"page","link":"https:\/\/www.pmpf.rs.gov.br\/cultura\/mostra-de-teatro-dia-industria-de-arte\/","title":{"rendered":"Mostra de Teatro Dia Ind\u00fastria de Arte"},"content":{"rendered":"\n<h2 class=\"wp-block-heading\">Novembro com atividades culturais<\/h2>\n\n\n\n<p>Do primeiro ao \u00faltimo dia, novembro ser\u00e1 um m\u00eas de muitas atividades culturais no Teatro Municipal M\u00facio de Castro. A programa\u00e7\u00e3o cultural come\u00e7a no dia 1\u00ba de novembro com uma noite de improviso da 7\u00aa Mostra Teatro \u00e9 Fazer, promovida pela Escola de Atores Dia Ind\u00fastria da Arte. A s\u00e9rie de eventos segue at\u00e9 o dia 30, quando acontece o show de encerramento da Mostra.<\/p>\n\n\n\n<p>Durante o restante do m\u00eas ainda sobem ao palco pe\u00e7as teatrais, show de talentos, espet\u00e1culos musicais, festival estudantil e o Semin\u00e1rio Livro do M\u00eas. Com toda essa programa\u00e7\u00e3o, ser\u00e1 um m\u00eas repleto de atividades, v\u00e1rias delas com entrada franca.<\/p>\n","protected":false},"excerpt":{"rendered":"<p>Novembro com atividades culturais Do primeiro ao \u00faltimo dia, novembro ser\u00e1 um m\u00eas de muitas atividades culturais no Teatro Municipal M\u00facio de Castro. A programa\u00e7\u00e3o cultural come\u00e7a no dia 1\u00ba de novembro [&hellip;]<\/p>\n","protected":false},"author":1,"featured_media":0,"parent":0,"menu_order":0,"comment_status":"closed","ping_status":"closed","template":"","meta":{"footnotes":""},"class_list":["post-312","page","type-page","status-publish","hentry"],"yoast_head":"<!-- This site is optimized with the Yoast SEO plugin v23.8 - https:\/\/yoast.com\/wordpress\/plugins\/seo\/ -->\n<title>Mostra de Teatro Dia Ind\u00fastria de Arte - Secretaria de Cultura<\/title>\n<meta name=\"robots\" content=\"index, follow, max-snippet:-1, max-image-preview:large, max-video-preview:-1\" \/>\n<link rel=\"canonical\" href=\"https:\/\/www.pmpf.rs.gov.br\/cultura\/mostra-de-teatro-dia-industria-de-arte\/\" \/>\n<meta property=\"og:locale\" content=\"pt_BR\" \/>\n<meta property=\"og:type\" content=\"article\" \/>\n<meta property=\"og:title\" content=\"Mostra de Teatro Dia Ind\u00fastria de Arte - Secretaria de Cultura\" \/>\n<meta property=\"og:description\" content=\"Novembro com atividades culturais Do primeiro ao \u00faltimo dia, novembro ser\u00e1 um m\u00eas de muitas atividades culturais no Teatro Municipal M\u00facio de Castro. A programa\u00e7\u00e3o cultural come\u00e7a no dia 1\u00ba de novembro [&hellip;]\" \/>\n<meta property=\"og:url\" content=\"https:\/\/www.pmpf.rs.gov.br\/cultura\/mostra-de-teatro-dia-industria-de-arte\/\" \/>\n<meta property=\"og:site_name\" content=\"Secretaria de Cultura\" \/>\n<meta property=\"article:modified_time\" content=\"2021-12-21T03:44:01+00:00\" \/>\n<meta name=\"twitter:card\" content=\"summary_large_image\" \/>\n<meta name=\"twitter:label1\" content=\"Est. tempo de leitura\" \/>\n\t<meta name=\"twitter:data1\" content=\"1 minuto\" \/>\n<script type=\"application\/ld+json\" class=\"yoast-schema-graph\">{\"@context\":\"https:\/\/schema.org\",\"@graph\":[{\"@type\":\"WebPage\",\"@id\":\"https:\/\/www.pmpf.rs.gov.br\/cultura\/mostra-de-teatro-dia-industria-de-arte\/\",\"url\":\"https:\/\/www.pmpf.rs.gov.br\/cultura\/mostra-de-teatro-dia-industria-de-arte\/\",\"name\":\"Mostra de Teatro Dia Ind\u00fastria de Arte - Secretaria de Cultura\",\"isPartOf\":{\"@id\":\"https:\/\/www.pmpf.rs.gov.br\/cultura\/#website\"},\"datePublished\":\"2021-12-21T03:44:00+00:00\",\"dateModified\":\"2021-12-21T03:44:01+00:00\",\"inLanguage\":\"pt-BR\",\"potentialAction\":[{\"@type\":\"ReadAction\",\"target\":[\"https:\/\/www.pmpf.rs.gov.br\/cultura\/mostra-de-teatro-dia-industria-de-arte\/\"]}]},{\"@type\":\"WebSite\",\"@id\":\"https:\/\/www.pmpf.rs.gov.br\/cultura\/#website\",\"url\":\"https:\/\/www.pmpf.rs.gov.br\/cultura\/\",\"name\":\"Secretaria de Cultura\",\"description\":\"S\u00f3 mais um site Prefeitura de Passo Fundo\",\"potentialAction\":[{\"@type\":\"SearchAction\",\"target\":{\"@type\":\"EntryPoint\",\"urlTemplate\":\"https:\/\/www.pmpf.rs.gov.br\/cultura\/?s={search_term_string}\"},\"query-input\":{\"@type\":\"PropertyValueSpecification\",\"valueRequired\":true,\"valueName\":\"search_term_string\"}}],\"inLanguage\":\"pt-BR\"}]}<\/script>\n<!-- \/ Yoast SEO plugin. -->","yoast_head_json":{"title":"Mostra de Teatro Dia Ind\u00fastria de Arte - Secretaria de Cultura","robots":{"index":"index","follow":"follow","max-snippet":"max-snippet:-1","max-image-preview":"max-image-preview:large","max-video-preview":"max-video-preview:-1"},"canonical":"https:\/\/www.pmpf.rs.gov.br\/cultura\/mostra-de-teatro-dia-industria-de-arte\/","og_locale":"pt_BR","og_type":"article","og_title":"Mostra de Teatro Dia Ind\u00fastria de Arte - Secretaria de Cultura","og_description":"Novembro com atividades culturais Do primeiro ao \u00faltimo dia, novembro ser\u00e1 um m\u00eas de muitas atividades culturais no Teatro Municipal M\u00facio de Castro. A programa\u00e7\u00e3o cultural come\u00e7a no dia 1\u00ba de novembro [&hellip;]","og_url":"https:\/\/www.pmpf.rs.gov.br\/cultura\/mostra-de-teatro-dia-industria-de-arte\/","og_site_name":"Secretaria de Cultura","article_modified_time":"2021-12-21T03:44:01+00:00","twitter_card":"summary_large_image","twitter_misc":{"Est. tempo de leitura":"1 minuto"},"schema":{"@context":"https:\/\/schema.org","@graph":[{"@type":"WebPage","@id":"https:\/\/www.pmpf.rs.gov.br\/cultura\/mostra-de-teatro-dia-industria-de-arte\/","url":"https:\/\/www.pmpf.rs.gov.br\/cultura\/mostra-de-teatro-dia-industria-de-arte\/","name":"Mostra de Teatro Dia Ind\u00fastria de Arte - Secretaria de Cultura","isPartOf":{"@id":"https:\/\/www.pmpf.rs.gov.br\/cultura\/#website"},"datePublished":"2021-12-21T03:44:00+00:00","dateModified":"2021-12-21T03:44:01+00:00","inLanguage":"pt-BR","potentialAction":[{"@type":"ReadAction","target":["https:\/\/www.pmpf.rs.gov.br\/cultura\/mostra-de-teatro-dia-industria-de-arte\/"]}]},{"@type":"WebSite","@id":"https:\/\/www.pmpf.rs.gov.br\/cultura\/#website","url":"https:\/\/www.pmpf.rs.gov.br\/cultura\/","name":"Secretaria de Cultura","description":"S\u00f3 mais um site Prefeitura de Passo Fundo","potentialAction":[{"@type":"SearchAction","target":{"@type":"EntryPoint","urlTemplate":"https:\/\/www.pmpf.rs.gov.br\/cultura\/?s={search_term_string}"},"query-input":{"@type":"PropertyValueSpecification","valueRequired":true,"valueName":"search_term_string"}}],"inLanguage":"pt-BR"}]}},"_links":{"self":[{"href":"https:\/\/www.pmpf.rs.gov.br\/cultura\/wp-json\/wp\/v2\/pages\/312"}],"collection":[{"href":"https:\/\/www.pmpf.rs.gov.br\/cultura\/wp-json\/wp\/v2\/pages"}],"about":[{"href":"https:\/\/www.pmpf.rs.gov.br\/cultura\/wp-json\/wp\/v2\/types\/page"}],"author":[{"embeddable":true,"href":"https:\/\/www.pmpf.rs.gov.br\/cultura\/wp-json\/wp\/v2\/users\/1"}],"replies":[{"embeddable":true,"href":"https:\/\/www.pmpf.rs.gov.br\/cultura\/wp-json\/wp\/v2\/comments?post=312"}],"version-history":[{"count":1,"href":"https:\/\/www.pmpf.rs.gov.br\/cultura\/wp-json\/wp\/v2\/pages\/312\/revisions"}],"predecessor-version":[{"id":313,"href":"https:\/\/www.pmpf.rs.gov.br\/cultura\/wp-json\/wp\/v2\/pages\/312\/revisions\/313"}],"wp:attachment":[{"href":"https:\/\/www.pmpf.rs.gov.br\/cultura\/wp-json\/wp\/v2\/media?parent=312"}],"curies":[{"name":"wp","href":"https:\/\/api.w.org\/{rel}","templated":true}]}}

Mostra de Teatro Dia Indústria de Arte

<h2 class="wp-block-heading">Novembro com atividades culturais</h2>



<p>Do primeiro ao último dia, novembro será um mês de muitas atividades culturais no Teatro Municipal Múcio de Castro. A programação cultural começa no dia 1º de novembro com uma noite de improviso da 7ª Mostra Teatro é Fazer, promovida pela Escola de Atores Dia Indústria da Arte. A série de eventos segue até o dia 30, quando acontece o show de encerramento da Mostra.</p>



<p>Durante o restante do mês ainda sobem ao palco peças teatrais, show de talentos, espetáculos musicais, festival estudantil e o Seminário Livro do Mês. Com toda essa programação, será um mês repleto de atividades, várias delas com entrada franca.</p>

<p>Novembro com atividades culturais Do primeiro ao último dia, novembro será um mês de muitas atividades culturais no Teatro Municipal Múcio de Castro. A programação cultural começa no dia 1º de novembro [&hellip;]</p>

<!-- This site is optimized with the Yoast SEO plugin v23.8 - https://yoast.com/wordpress/plugins/seo/ -->
<title>Mostra de Teatro Dia Indústria de Arte - Secretaria de Cultura</title>
<meta name="robots" content="index, follow, max-snippet:-1, max-image-preview:large, max-video-preview:-1" />
<link rel="canonical" href="https://www.pmpf.rs.gov.br/cultura/mostra-de-teatro-dia-industria-de-arte/" />
<meta property="og:locale" content="pt_BR" />
<meta property="og:type" content="article" />
<meta property="og:title" content="Mostra de Teatro Dia Indústria de Arte - Secretaria de Cultura" />
<meta property="og:description" content="Novembro com atividades culturais Do primeiro ao último dia, novembro será um mês de muitas atividades culturais no Teatro Municipal Múcio de Castro. A programação cultural começa no dia 1º de novembro [&hellip;]" />
<meta property="og:url" content="https://www.pmpf.rs.gov.br/cultura/mostra-de-teatro-dia-industria-de-arte/" />
<meta property="og:site_name" content="Secretaria de Cultura" />
<meta property="article:modified_time" content="2021-12-21T03:44:01+00:00" />
<meta name="twitter:card" content="summary_large_image" />
<meta name="twitter:label1" content="Est. tempo de leitura" />
	<meta name="twitter:data1" content="1 minuto" />
<script type="application/ld+json" class="yoast-schema-graph">{"@context":"https://schema.org","@graph":[{"@type":"WebPage","@id":"https://www.pmpf.rs.gov.br/cultura/mostra-de-teatro-dia-industria-de-arte/","url":"https://www.pmpf.rs.gov.br/cultura/mostra-de-teatro-dia-industria-de-arte/","name":"Mostra de Teatro Dia Indústria de Arte - Secretaria de Cultura","isPartOf":{"@id":"https://www.pmpf.rs.gov.br/cultura/#website"},"datePublished":"2021-12-21T03:44:00+00:00","dateModified":"2021-12-21T03:44:01+00:00","inLanguage":"pt-BR","potentialAction":[{"@type":"ReadAction","target":["https://www.pmpf.rs.gov.br/cultura/mostra-de-teatro-dia-industria-de-arte/"]}]},{"@type":"WebSite","@id":"https://www.pmpf.rs.gov.br/cultura/#website","url":"https://www.pmpf.rs.gov.br/cultura/","name":"Secretaria de Cultura","description":"Só mais um site Prefeitura de Passo Fundo","potentialAction":[{"@type":"SearchAction","target":{"@type":"EntryPoint","urlTemplate":"https://www.pmpf.rs.gov.br/cultura/?s={search_term_string}"},"query-input":{"@type":"PropertyValueSpecification","valueRequired":true,"valueName":"search_term_string"}}],"inLanguage":"pt-BR"}]}</script>
<!-- / Yoast SEO plugin. -->

Mostra de Teatro Dia Indústria de Arte - Secretaria de Cultura

Novembro com atividades culturais Do primeiro ao último dia, novembro será um mês de muitas atividades culturais no Teatro Municipal Múcio de Castro. A programação cultural começa no dia 1º de novembro [&hellip;]

Só mais um site Prefeitura de Passo Fundo
