{"id":308,"date":"2021-12-21T00:43:04","date_gmt":"2021-12-21T03:43:04","guid":{"rendered":"https:\/\/www.pmpf.rs.gov.br\/secretaria-de-cultura\/?page_id=308"},"modified":"2024-05-22T16:27:11","modified_gmt":"2024-05-22T19:27:11","slug":"mostra-de-boia-campeira","status":"publish","type":"page","link":"https:\/\/www.pmpf.rs.gov.br\/cultura\/mostra-de-boia-campeira\/","title":{"rendered":"Mostra de Boia Campeira"},"content":{"rendered":"\n<h2 class=\"wp-block-heading\">Valoriza\u00e7\u00e3o  da culin\u00e1ria ga\u00facha<\/h2>\n\n\n\n<p>O evento tem como objetivo divulgar e valorizar a culin\u00e1ria  campeira e a autenticidade cultural com a degusta\u00e7\u00e3o de v\u00e1rios pratos t\u00edpicos do Rio Grande do Sul, que s\u00e3o oferecidos na Ronda Crioula que acontece no m\u00eas de setembro durante as comemora\u00e7\u00f5es farroupilhas no Departamento Tradicionalista da Simpasso.<\/p>\n\n\n\n<p>Dentre os pratos t\u00edpicos servidos, destacamos: o costel\u00e3o, o churrasco, o porco a pururuca<strong>,<\/strong>o  carreteiro de charque, a feijoada, a ovelha assada e a  vaca atolada.<\/p>\n\n\n\n<hr class=\"wp-block-separator has-alpha-channel-opacity\"\/>\n","protected":false},"excerpt":{"rendered":"<p>Valoriza\u00e7\u00e3o da culin\u00e1ria ga\u00facha O evento tem como objetivo divulgar e valorizar a culin\u00e1ria campeira e a autenticidade cultural com a degusta\u00e7\u00e3o de v\u00e1rios pratos t\u00edpicos do Rio Grande do Sul, que [&hellip;]<\/p>\n","protected":false},"author":1,"featured_media":0,"parent":0,"menu_order":0,"comment_status":"closed","ping_status":"closed","template":"","meta":{"footnotes":""},"class_list":["post-308","page","type-page","status-publish","hentry"],"yoast_head":"<!-- This site is optimized with the Yoast SEO plugin v23.8 - https:\/\/yoast.com\/wordpress\/plugins\/seo\/ -->\n<title>Mostra de Boia Campeira - Secretaria de Cultura<\/title>\n<meta name=\"robots\" content=\"index, follow, max-snippet:-1, max-image-preview:large, max-video-preview:-1\" \/>\n<link rel=\"canonical\" href=\"https:\/\/www.pmpf.rs.gov.br\/cultura\/mostra-de-boia-campeira\/\" \/>\n<meta property=\"og:locale\" content=\"pt_BR\" \/>\n<meta property=\"og:type\" content=\"article\" \/>\n<meta property=\"og:title\" content=\"Mostra de Boia Campeira - Secretaria de Cultura\" \/>\n<meta property=\"og:description\" content=\"Valoriza\u00e7\u00e3o da culin\u00e1ria ga\u00facha O evento tem como objetivo divulgar e valorizar a culin\u00e1ria campeira e a autenticidade cultural com a degusta\u00e7\u00e3o de v\u00e1rios pratos t\u00edpicos do Rio Grande do Sul, que [&hellip;]\" \/>\n<meta property=\"og:url\" content=\"https:\/\/www.pmpf.rs.gov.br\/cultura\/mostra-de-boia-campeira\/\" \/>\n<meta property=\"og:site_name\" content=\"Secretaria de Cultura\" \/>\n<meta property=\"article:modified_time\" content=\"2024-05-22T19:27:11+00:00\" \/>\n<meta name=\"twitter:card\" content=\"summary_large_image\" \/>\n<meta name=\"twitter:label1\" content=\"Est. tempo de leitura\" \/>\n\t<meta name=\"twitter:data1\" content=\"1 minuto\" \/>\n<script type=\"application\/ld+json\" class=\"yoast-schema-graph\">{\"@context\":\"https:\/\/schema.org\",\"@graph\":[{\"@type\":\"WebPage\",\"@id\":\"https:\/\/www.pmpf.rs.gov.br\/cultura\/mostra-de-boia-campeira\/\",\"url\":\"https:\/\/www.pmpf.rs.gov.br\/cultura\/mostra-de-boia-campeira\/\",\"name\":\"Mostra de Boia Campeira - Secretaria de Cultura\",\"isPartOf\":{\"@id\":\"https:\/\/www.pmpf.rs.gov.br\/cultura\/#website\"},\"datePublished\":\"2021-12-21T03:43:04+00:00\",\"dateModified\":\"2024-05-22T19:27:11+00:00\",\"inLanguage\":\"pt-BR\",\"potentialAction\":[{\"@type\":\"ReadAction\",\"target\":[\"https:\/\/www.pmpf.rs.gov.br\/cultura\/mostra-de-boia-campeira\/\"]}]},{\"@type\":\"WebSite\",\"@id\":\"https:\/\/www.pmpf.rs.gov.br\/cultura\/#website\",\"url\":\"https:\/\/www.pmpf.rs.gov.br\/cultura\/\",\"name\":\"Secretaria de Cultura\",\"description\":\"S\u00f3 mais um site Prefeitura de Passo Fundo\",\"potentialAction\":[{\"@type\":\"SearchAction\",\"target\":{\"@type\":\"EntryPoint\",\"urlTemplate\":\"https:\/\/www.pmpf.rs.gov.br\/cultura\/?s={search_term_string}\"},\"query-input\":{\"@type\":\"PropertyValueSpecification\",\"valueRequired\":true,\"valueName\":\"search_term_string\"}}],\"inLanguage\":\"pt-BR\"}]}<\/script>\n<!-- \/ Yoast SEO plugin. -->","yoast_head_json":{"title":"Mostra de Boia Campeira - Secretaria de Cultura","robots":{"index":"index","follow":"follow","max-snippet":"max-snippet:-1","max-image-preview":"max-image-preview:large","max-video-preview":"max-video-preview:-1"},"canonical":"https:\/\/www.pmpf.rs.gov.br\/cultura\/mostra-de-boia-campeira\/","og_locale":"pt_BR","og_type":"article","og_title":"Mostra de Boia Campeira - Secretaria de Cultura","og_description":"Valoriza\u00e7\u00e3o da culin\u00e1ria ga\u00facha O evento tem como objetivo divulgar e valorizar a culin\u00e1ria campeira e a autenticidade cultural com a degusta\u00e7\u00e3o de v\u00e1rios pratos t\u00edpicos do Rio Grande do Sul, que [&hellip;]","og_url":"https:\/\/www.pmpf.rs.gov.br\/cultura\/mostra-de-boia-campeira\/","og_site_name":"Secretaria de Cultura","article_modified_time":"2024-05-22T19:27:11+00:00","twitter_card":"summary_large_image","twitter_misc":{"Est. tempo de leitura":"1 minuto"},"schema":{"@context":"https:\/\/schema.org","@graph":[{"@type":"WebPage","@id":"https:\/\/www.pmpf.rs.gov.br\/cultura\/mostra-de-boia-campeira\/","url":"https:\/\/www.pmpf.rs.gov.br\/cultura\/mostra-de-boia-campeira\/","name":"Mostra de Boia Campeira - Secretaria de Cultura","isPartOf":{"@id":"https:\/\/www.pmpf.rs.gov.br\/cultura\/#website"},"datePublished":"2021-12-21T03:43:04+00:00","dateModified":"2024-05-22T19:27:11+00:00","inLanguage":"pt-BR","potentialAction":[{"@type":"ReadAction","target":["https:\/\/www.pmpf.rs.gov.br\/cultura\/mostra-de-boia-campeira\/"]}]},{"@type":"WebSite","@id":"https:\/\/www.pmpf.rs.gov.br\/cultura\/#website","url":"https:\/\/www.pmpf.rs.gov.br\/cultura\/","name":"Secretaria de Cultura","description":"S\u00f3 mais um site Prefeitura de Passo Fundo","potentialAction":[{"@type":"SearchAction","target":{"@type":"EntryPoint","urlTemplate":"https:\/\/www.pmpf.rs.gov.br\/cultura\/?s={search_term_string}"},"query-input":{"@type":"PropertyValueSpecification","valueRequired":true,"valueName":"search_term_string"}}],"inLanguage":"pt-BR"}]}},"_links":{"self":[{"href":"https:\/\/www.pmpf.rs.gov.br\/cultura\/wp-json\/wp\/v2\/pages\/308"}],"collection":[{"href":"https:\/\/www.pmpf.rs.gov.br\/cultura\/wp-json\/wp\/v2\/pages"}],"about":[{"href":"https:\/\/www.pmpf.rs.gov.br\/cultura\/wp-json\/wp\/v2\/types\/page"}],"author":[{"embeddable":true,"href":"https:\/\/www.pmpf.rs.gov.br\/cultura\/wp-json\/wp\/v2\/users\/1"}],"replies":[{"embeddable":true,"href":"https:\/\/www.pmpf.rs.gov.br\/cultura\/wp-json\/wp\/v2\/comments?post=308"}],"version-history":[{"count":3,"href":"https:\/\/www.pmpf.rs.gov.br\/cultura\/wp-json\/wp\/v2\/pages\/308\/revisions"}],"predecessor-version":[{"id":3933,"href":"https:\/\/www.pmpf.rs.gov.br\/cultura\/wp-json\/wp\/v2\/pages\/308\/revisions\/3933"}],"wp:attachment":[{"href":"https:\/\/www.pmpf.rs.gov.br\/cultura\/wp-json\/wp\/v2\/media?parent=308"}],"curies":[{"name":"wp","href":"https:\/\/api.w.org\/{rel}","templated":true}]}}