{"id":303,"date":"2021-12-21T00:41:24","date_gmt":"2021-12-21T03:41:24","guid":{"rendered":"https:\/\/www.pmpf.rs.gov.br\/secretaria-de-cultura\/?page_id=303"},"modified":"2024-05-22T15:41:27","modified_gmt":"2024-05-22T18:41:27","slug":"mostra-da-cultura-gaucha","status":"publish","type":"page","link":"https:\/\/www.pmpf.rs.gov.br\/cultura\/mostra-da-cultura-gaucha\/","title":{"rendered":"Mostra da Cultura Ga\u00facha"},"content":{"rendered":"\n<h2 class=\"wp-block-heading\">Programa\u00e7\u00e3o da Semana Farroupilha<\/h2>\n\n\n\n<p><strong>Evento:<\/strong>&nbsp;Setembro<\/p>\n\n\n\n<p><strong>Local:<\/strong>&nbsp;Avenida Sete de Setembro<\/p>\n\n\n\n<p>A Mostra da Cultura Ga\u00facha \u00e9 um evento anual promovido pela Prefeitura Municipal de Passo Fundo, com a participa\u00e7\u00e3o das Entidades Tradicionalistas do nosso munic\u00edpio e apoio do MTG atrav\u00e9s da 7\u00aa Regi\u00e3o Tradicionalista. Esse evento acontece atrav\u00e9s de um desfile tem\u00e1tico realizado\u00a0 no primeiro domingo que antecede o dia 20 de setembro ou previamente estabelecido pela organiza\u00e7\u00e3o. Para\u00a0 o desfile \u00e9 escolhido pesquisar um tema e o representar na avenida atrav\u00e9s de\u00a0 carros aleg\u00f3ricos, trajes, m\u00fasicas, dan\u00e7as, objetos, usos e costumes de \u00e9poca. Nas \u00faltimas edi\u00e7\u00f5es\u00a0 os temas\u00a0 adotados s\u00e3o os\u00a0 do MTG no estado.<\/p>\n\n\n\n<div style=\"height:8px\" aria-hidden=\"true\" class=\"wp-block-spacer\"><\/div>\n\n\n\n<figure class=\"wp-block-gallery has-nested-images columns-1 is-cropped wp-block-gallery-1 is-layout-flex wp-block-gallery-is-layout-flex\">\n<figure class=\"wp-block-image size-large is-style-default\"><img loading=\"lazy\" decoding=\"async\" width=\"920\" height=\"200\" data-id=\"304\" src=\"https:\/\/www.pmpf.rs.gov.br\/cultura\/wp-content\/uploads\/sites\/25\/2021\/12\/I2015-07-22_02_31_11_106220.jpg\" alt=\"\" class=\"wp-image-304\" srcset=\"https:\/\/www.pmpf.rs.gov.br\/cultura\/wp-content\/uploads\/sites\/25\/2021\/12\/I2015-07-22_02_31_11_106220.jpg 920w, https:\/\/www.pmpf.rs.gov.br\/cultura\/wp-content\/uploads\/sites\/25\/2021\/12\/I2015-07-22_02_31_11_106220-300x65.jpg 300w, https:\/\/www.pmpf.rs.gov.br\/cultura\/wp-content\/uploads\/sites\/25\/2021\/12\/I2015-07-22_02_31_11_106220-768x167.jpg 768w\" sizes=\"(max-width: 920px) 100vw, 920px\" \/><\/figure>\n\n\n\n<figure class=\"wp-block-image size-large is-style-default\"><img loading=\"lazy\" decoding=\"async\" width=\"920\" height=\"200\" data-id=\"305\" src=\"https:\/\/www.pmpf.rs.gov.br\/cultura\/wp-content\/uploads\/sites\/25\/2021\/12\/I2015-07-22_02_32_53_106220.jpg\" alt=\"\" class=\"wp-image-305\" srcset=\"https:\/\/www.pmpf.rs.gov.br\/cultura\/wp-content\/uploads\/sites\/25\/2021\/12\/I2015-07-22_02_32_53_106220.jpg 920w, https:\/\/www.pmpf.rs.gov.br\/cultura\/wp-content\/uploads\/sites\/25\/2021\/12\/I2015-07-22_02_32_53_106220-300x65.jpg 300w, https:\/\/www.pmpf.rs.gov.br\/cultura\/wp-content\/uploads\/sites\/25\/2021\/12\/I2015-07-22_02_32_53_106220-768x167.jpg 768w\" sizes=\"(max-width: 920px) 100vw, 920px\" \/><\/figure>\n<\/figure>\n\n\n\n<hr class=\"wp-block-separator has-alpha-channel-opacity\"\/>\n","protected":false},"excerpt":{"rendered":"<p>Programa\u00e7\u00e3o da Semana Farroupilha Evento:&nbsp;Setembro Local:&nbsp;Avenida Sete de Setembro A Mostra da Cultura Ga\u00facha \u00e9 um evento anual promovido pela Prefeitura Municipal de Passo Fundo, com a participa\u00e7\u00e3o das Entidades Tradicionalistas do [&hellip;]<\/p>\n","protected":false},"author":1,"featured_media":0,"parent":0,"menu_order":0,"comment_status":"closed","ping_status":"closed","template":"","meta":{"footnotes":""},"class_list":["post-303","page","type-page","status-publish","hentry"],"yoast_head":"<!-- This site is optimized with the Yoast SEO plugin v23.8 - https:\/\/yoast.com\/wordpress\/plugins\/seo\/ -->\n<title>Mostra da Cultura Ga\u00facha - Secretaria de Cultura<\/title>\n<meta name=\"robots\" content=\"index, follow, max-snippet:-1, max-image-preview:large, max-video-preview:-1\" \/>\n<link rel=\"canonical\" href=\"https:\/\/www.pmpf.rs.gov.br\/cultura\/mostra-da-cultura-gaucha\/\" \/>\n<meta property=\"og:locale\" content=\"pt_BR\" \/>\n<meta property=\"og:type\" content=\"article\" \/>\n<meta property=\"og:title\" content=\"Mostra da Cultura Ga\u00facha - Secretaria de Cultura\" \/>\n<meta property=\"og:description\" content=\"Programa\u00e7\u00e3o da Semana Farroupilha Evento:&nbsp;Setembro Local:&nbsp;Avenida Sete de Setembro A Mostra da Cultura Ga\u00facha \u00e9 um evento anual promovido pela Prefeitura Municipal de Passo Fundo, com a participa\u00e7\u00e3o das Entidades Tradicionalistas do [&hellip;]\" \/>\n<meta property=\"og:url\" content=\"https:\/\/www.pmpf.rs.gov.br\/cultura\/mostra-da-cultura-gaucha\/\" \/>\n<meta property=\"og:site_name\" content=\"Secretaria de Cultura\" \/>\n<meta property=\"article:modified_time\" content=\"2024-05-22T18:41:27+00:00\" \/>\n<meta property=\"og:image\" content=\"https:\/\/www.pmpf.rs.gov.br\/cultura\/wp-content\/uploads\/sites\/25\/2021\/12\/I2015-07-22_02_31_11_106220.jpg\" \/>\n<meta name=\"twitter:card\" content=\"summary_large_image\" \/>\n<meta name=\"twitter:label1\" content=\"Est. tempo de leitura\" \/>\n\t<meta name=\"twitter:data1\" content=\"2 minutos\" \/>\n<script type=\"application\/ld+json\" class=\"yoast-schema-graph\">{\"@context\":\"https:\/\/schema.org\",\"@graph\":[{\"@type\":\"WebPage\",\"@id\":\"https:\/\/www.pmpf.rs.gov.br\/cultura\/mostra-da-cultura-gaucha\/\",\"url\":\"https:\/\/www.pmpf.rs.gov.br\/cultura\/mostra-da-cultura-gaucha\/\",\"name\":\"Mostra da Cultura Ga\u00facha - Secretaria de Cultura\",\"isPartOf\":{\"@id\":\"https:\/\/www.pmpf.rs.gov.br\/cultura\/#website\"},\"primaryImageOfPage\":{\"@id\":\"https:\/\/www.pmpf.rs.gov.br\/cultura\/mostra-da-cultura-gaucha\/#primaryimage\"},\"image\":{\"@id\":\"https:\/\/www.pmpf.rs.gov.br\/cultura\/mostra-da-cultura-gaucha\/#primaryimage\"},\"thumbnailUrl\":\"https:\/\/www.pmpf.rs.gov.br\/cultura\/wp-content\/uploads\/sites\/25\/2021\/12\/I2015-07-22_02_31_11_106220.jpg\",\"datePublished\":\"2021-12-21T03:41:24+00:00\",\"dateModified\":\"2024-05-22T18:41:27+00:00\",\"inLanguage\":\"pt-BR\",\"potentialAction\":[{\"@type\":\"ReadAction\",\"target\":[\"https:\/\/www.pmpf.rs.gov.br\/cultura\/mostra-da-cultura-gaucha\/\"]}]},{\"@type\":\"ImageObject\",\"inLanguage\":\"pt-BR\",\"@id\":\"https:\/\/www.pmpf.rs.gov.br\/cultura\/mostra-da-cultura-gaucha\/#primaryimage\",\"url\":\"https:\/\/www.pmpf.rs.gov.br\/cultura\/wp-content\/uploads\/sites\/25\/2021\/12\/I2015-07-22_02_31_11_106220.jpg\",\"contentUrl\":\"https:\/\/www.pmpf.rs.gov.br\/cultura\/wp-content\/uploads\/sites\/25\/2021\/12\/I2015-07-22_02_31_11_106220.jpg\",\"width\":920,\"height\":200},{\"@type\":\"WebSite\",\"@id\":\"https:\/\/www.pmpf.rs.gov.br\/cultura\/#website\",\"url\":\"https:\/\/www.pmpf.rs.gov.br\/cultura\/\",\"name\":\"Secretaria de Cultura\",\"description\":\"S\u00f3 mais um site Prefeitura de Passo Fundo\",\"potentialAction\":[{\"@type\":\"SearchAction\",\"target\":{\"@type\":\"EntryPoint\",\"urlTemplate\":\"https:\/\/www.pmpf.rs.gov.br\/cultura\/?s={search_term_string}\"},\"query-input\":{\"@type\":\"PropertyValueSpecification\",\"valueRequired\":true,\"valueName\":\"search_term_string\"}}],\"inLanguage\":\"pt-BR\"}]}<\/script>\n<!-- \/ Yoast SEO plugin. -->","yoast_head_json":{"title":"Mostra da Cultura Ga\u00facha - Secretaria de Cultura","robots":{"index":"index","follow":"follow","max-snippet":"max-snippet:-1","max-image-preview":"max-image-preview:large","max-video-preview":"max-video-preview:-1"},"canonical":"https:\/\/www.pmpf.rs.gov.br\/cultura\/mostra-da-cultura-gaucha\/","og_locale":"pt_BR","og_type":"article","og_title":"Mostra da Cultura Ga\u00facha - Secretaria de Cultura","og_description":"Programa\u00e7\u00e3o da Semana Farroupilha Evento:&nbsp;Setembro Local:&nbsp;Avenida Sete de Setembro A Mostra da Cultura Ga\u00facha \u00e9 um evento anual promovido pela Prefeitura Municipal de Passo Fundo, com a participa\u00e7\u00e3o das Entidades Tradicionalistas do [&hellip;]","og_url":"https:\/\/www.pmpf.rs.gov.br\/cultura\/mostra-da-cultura-gaucha\/","og_site_name":"Secretaria de Cultura","article_modified_time":"2024-05-22T18:41:27+00:00","og_image":[{"url":"https:\/\/www.pmpf.rs.gov.br\/cultura\/wp-content\/uploads\/sites\/25\/2021\/12\/I2015-07-22_02_31_11_106220.jpg"}],"twitter_card":"summary_large_image","twitter_misc":{"Est. tempo de leitura":"2 minutos"},"schema":{"@context":"https:\/\/schema.org","@graph":[{"@type":"WebPage","@id":"https:\/\/www.pmpf.rs.gov.br\/cultura\/mostra-da-cultura-gaucha\/","url":"https:\/\/www.pmpf.rs.gov.br\/cultura\/mostra-da-cultura-gaucha\/","name":"Mostra da Cultura Ga\u00facha - Secretaria de Cultura","isPartOf":{"@id":"https:\/\/www.pmpf.rs.gov.br\/cultura\/#website"},"primaryImageOfPage":{"@id":"https:\/\/www.pmpf.rs.gov.br\/cultura\/mostra-da-cultura-gaucha\/#primaryimage"},"image":{"@id":"https:\/\/www.pmpf.rs.gov.br\/cultura\/mostra-da-cultura-gaucha\/#primaryimage"},"thumbnailUrl":"https:\/\/www.pmpf.rs.gov.br\/cultura\/wp-content\/uploads\/sites\/25\/2021\/12\/I2015-07-22_02_31_11_106220.jpg","datePublished":"2021-12-21T03:41:24+00:00","dateModified":"2024-05-22T18:41:27+00:00","inLanguage":"pt-BR","potentialAction":[{"@type":"ReadAction","target":["https:\/\/www.pmpf.rs.gov.br\/cultura\/mostra-da-cultura-gaucha\/"]}]},{"@type":"ImageObject","inLanguage":"pt-BR","@id":"https:\/\/www.pmpf.rs.gov.br\/cultura\/mostra-da-cultura-gaucha\/#primaryimage","url":"https:\/\/www.pmpf.rs.gov.br\/cultura\/wp-content\/uploads\/sites\/25\/2021\/12\/I2015-07-22_02_31_11_106220.jpg","contentUrl":"https:\/\/www.pmpf.rs.gov.br\/cultura\/wp-content\/uploads\/sites\/25\/2021\/12\/I2015-07-22_02_31_11_106220.jpg","width":920,"height":200},{"@type":"WebSite","@id":"https:\/\/www.pmpf.rs.gov.br\/cultura\/#website","url":"https:\/\/www.pmpf.rs.gov.br\/cultura\/","name":"Secretaria de Cultura","description":"S\u00f3 mais um site Prefeitura de Passo Fundo","potentialAction":[{"@type":"SearchAction","target":{"@type":"EntryPoint","urlTemplate":"https:\/\/www.pmpf.rs.gov.br\/cultura\/?s={search_term_string}"},"query-input":{"@type":"PropertyValueSpecification","valueRequired":true,"valueName":"search_term_string"}}],"inLanguage":"pt-BR"}]}},"_links":{"self":[{"href":"https:\/\/www.pmpf.rs.gov.br\/cultura\/wp-json\/wp\/v2\/pages\/303"}],"collection":[{"href":"https:\/\/www.pmpf.rs.gov.br\/cultura\/wp-json\/wp\/v2\/pages"}],"about":[{"href":"https:\/\/www.pmpf.rs.gov.br\/cultura\/wp-json\/wp\/v2\/types\/page"}],"author":[{"embeddable":true,"href":"https:\/\/www.pmpf.rs.gov.br\/cultura\/wp-json\/wp\/v2\/users\/1"}],"replies":[{"embeddable":true,"href":"https:\/\/www.pmpf.rs.gov.br\/cultura\/wp-json\/wp\/v2\/comments?post=303"}],"version-history":[{"count":4,"href":"https:\/\/www.pmpf.rs.gov.br\/cultura\/wp-json\/wp\/v2\/pages\/303\/revisions"}],"predecessor-version":[{"id":3930,"href":"https:\/\/www.pmpf.rs.gov.br\/cultura\/wp-json\/wp\/v2\/pages\/303\/revisions\/3930"}],"wp:attachment":[{"href":"https:\/\/www.pmpf.rs.gov.br\/cultura\/wp-json\/wp\/v2\/media?parent=303"}],"curies":[{"name":"wp","href":"https:\/\/api.w.org\/{rel}","templated":true}]}}

Mostra da Cultura Gaúcha

<h2 class="wp-block-heading">Programação da Semana Farroupilha</h2>



<p><strong>Evento:</strong>&nbsp;Setembro</p>



<p><strong>Local:</strong>&nbsp;Avenida Sete de Setembro</p>



<p>A Mostra da Cultura Gaúcha é um evento anual promovido pela Prefeitura Municipal de Passo Fundo, com a participação das Entidades Tradicionalistas do nosso município e apoio do MTG através da 7ª Região Tradicionalista. Esse evento acontece através de um desfile temático realizado  no primeiro domingo que antecede o dia 20 de setembro ou previamente estabelecido pela organização. Para  o desfile é escolhido pesquisar um tema e o representar na avenida através de  carros alegóricos, trajes, músicas, danças, objetos, usos e costumes de época. Nas últimas edições  os temas  adotados são os  do MTG no estado.</p>



<div style="height:8px" aria-hidden="true" class="wp-block-spacer"></div>



<figure class="wp-block-gallery has-nested-images columns-1 is-cropped wp-block-gallery-1 is-layout-flex wp-block-gallery-is-layout-flex">
<figure class="wp-block-image size-large is-style-default"><img loading="lazy" decoding="async" width="920" height="200" data-id="304" src="https://www.pmpf.rs.gov.br/cultura/wp-content/uploads/sites/25/2021/12/I2015-07-22_02_31_11_106220.jpg" alt="" class="wp-image-304" srcset="https://www.pmpf.rs.gov.br/cultura/wp-content/uploads/sites/25/2021/12/I2015-07-22_02_31_11_106220.jpg 920w, https://www.pmpf.rs.gov.br/cultura/wp-content/uploads/sites/25/2021/12/I2015-07-22_02_31_11_106220-300x65.jpg 300w, https://www.pmpf.rs.gov.br/cultura/wp-content/uploads/sites/25/2021/12/I2015-07-22_02_31_11_106220-768x167.jpg 768w" sizes="(max-width: 920px) 100vw, 920px" /></figure>



<figure class="wp-block-image size-large is-style-default"><img loading="lazy" decoding="async" width="920" height="200" data-id="305" src="https://www.pmpf.rs.gov.br/cultura/wp-content/uploads/sites/25/2021/12/I2015-07-22_02_32_53_106220.jpg" alt="" class="wp-image-305" srcset="https://www.pmpf.rs.gov.br/cultura/wp-content/uploads/sites/25/2021/12/I2015-07-22_02_32_53_106220.jpg 920w, https://www.pmpf.rs.gov.br/cultura/wp-content/uploads/sites/25/2021/12/I2015-07-22_02_32_53_106220-300x65.jpg 300w, https://www.pmpf.rs.gov.br/cultura/wp-content/uploads/sites/25/2021/12/I2015-07-22_02_32_53_106220-768x167.jpg 768w" sizes="(max-width: 920px) 100vw, 920px" /></figure>
</figure>



<hr class="wp-block-separator has-alpha-channel-opacity"/>

<p>Programação da Semana Farroupilha Evento:&nbsp;Setembro Local:&nbsp;Avenida Sete de Setembro A Mostra da Cultura Gaúcha é um evento anual promovido pela Prefeitura Municipal de Passo Fundo, com a participação das Entidades Tradicionalistas do [&hellip;]</p>

<!-- This site is optimized with the Yoast SEO plugin v23.8 - https://yoast.com/wordpress/plugins/seo/ -->
<title>Mostra da Cultura Gaúcha - Secretaria de Cultura</title>
<meta name="robots" content="index, follow, max-snippet:-1, max-image-preview:large, max-video-preview:-1" />
<link rel="canonical" href="https://www.pmpf.rs.gov.br/cultura/mostra-da-cultura-gaucha/" />
<meta property="og:locale" content="pt_BR" />
<meta property="og:type" content="article" />
<meta property="og:title" content="Mostra da Cultura Gaúcha - Secretaria de Cultura" />
<meta property="og:description" content="Programação da Semana Farroupilha Evento:&nbsp;Setembro Local:&nbsp;Avenida Sete de Setembro A Mostra da Cultura Gaúcha é um evento anual promovido pela Prefeitura Municipal de Passo Fundo, com a participação das Entidades Tradicionalistas do [&hellip;]" />
<meta property="og:url" content="https://www.pmpf.rs.gov.br/cultura/mostra-da-cultura-gaucha/" />
<meta property="og:site_name" content="Secretaria de Cultura" />
<meta property="article:modified_time" content="2024-05-22T18:41:27+00:00" />
<meta property="og:image" content="https://www.pmpf.rs.gov.br/cultura/wp-content/uploads/sites/25/2021/12/I2015-07-22_02_31_11_106220.jpg" />
<meta name="twitter:card" content="summary_large_image" />
<meta name="twitter:label1" content="Est. tempo de leitura" />
	<meta name="twitter:data1" content="2 minutos" />
<script type="application/ld+json" class="yoast-schema-graph">{"@context":"https://schema.org","@graph":[{"@type":"WebPage","@id":"https://www.pmpf.rs.gov.br/cultura/mostra-da-cultura-gaucha/","url":"https://www.pmpf.rs.gov.br/cultura/mostra-da-cultura-gaucha/","name":"Mostra da Cultura Gaúcha - Secretaria de Cultura","isPartOf":{"@id":"https://www.pmpf.rs.gov.br/cultura/#website"},"primaryImageOfPage":{"@id":"https://www.pmpf.rs.gov.br/cultura/mostra-da-cultura-gaucha/#primaryimage"},"image":{"@id":"https://www.pmpf.rs.gov.br/cultura/mostra-da-cultura-gaucha/#primaryimage"},"thumbnailUrl":"https://www.pmpf.rs.gov.br/cultura/wp-content/uploads/sites/25/2021/12/I2015-07-22_02_31_11_106220.jpg","datePublished":"2021-12-21T03:41:24+00:00","dateModified":"2024-05-22T18:41:27+00:00","inLanguage":"pt-BR","potentialAction":[{"@type":"ReadAction","target":["https://www.pmpf.rs.gov.br/cultura/mostra-da-cultura-gaucha/"]}]},{"@type":"ImageObject","inLanguage":"pt-BR","@id":"https://www.pmpf.rs.gov.br/cultura/mostra-da-cultura-gaucha/#primaryimage","url":"https://www.pmpf.rs.gov.br/cultura/wp-content/uploads/sites/25/2021/12/I2015-07-22_02_31_11_106220.jpg","contentUrl":"https://www.pmpf.rs.gov.br/cultura/wp-content/uploads/sites/25/2021/12/I2015-07-22_02_31_11_106220.jpg","width":920,"height":200},{"@type":"WebSite","@id":"https://www.pmpf.rs.gov.br/cultura/#website","url":"https://www.pmpf.rs.gov.br/cultura/","name":"Secretaria de Cultura","description":"Só mais um site Prefeitura de Passo Fundo","potentialAction":[{"@type":"SearchAction","target":{"@type":"EntryPoint","urlTemplate":"https://www.pmpf.rs.gov.br/cultura/?s={search_term_string}"},"query-input":{"@type":"PropertyValueSpecification","valueRequired":true,"valueName":"search_term_string"}}],"inLanguage":"pt-BR"}]}</script>
<!-- / Yoast SEO plugin. -->

Mostra da Cultura Gaúcha - Secretaria de Cultura

Programação da Semana Farroupilha Evento:&nbsp;Setembro Local:&nbsp;Avenida Sete de Setembro A Mostra da Cultura Gaúcha é um evento anual promovido pela Prefeitura Municipal de Passo Fundo, com a participação das Entidades Tradicionalistas do [&hellip;]

Só mais um site Prefeitura de Passo Fundo
