{"id":300,"date":"2021-12-21T00:38:45","date_gmt":"2021-12-21T03:38:45","guid":{"rendered":"https:\/\/www.pmpf.rs.gov.br\/secretaria-de-cultura\/?page_id=300"},"modified":"2024-05-22T15:38:30","modified_gmt":"2024-05-22T18:38:30","slug":"marcha-para-jesus","status":"publish","type":"page","link":"https:\/\/www.pmpf.rs.gov.br\/cultura\/marcha-para-jesus\/","title":{"rendered":"Marcha para Jesus"},"content":{"rendered":"\n<h2 class=\"wp-block-heading\">Encontro evang\u00e9lico<\/h2>\n\n\n\n<p><strong>Evento:<\/strong>&nbsp;Julho<\/p>\n\n\n\n<p><strong>Local:<\/strong>&nbsp;Parque da Gare<\/p>\n\n\n\n<p>Os evang\u00e9licos de Passo Fundo realizam no m\u00eas de julho a Marcha para Jesus. Milhares de evang\u00e9licos percorrem as ruas de Passo Fundo mostrando o seu amor a Jesus. O grande momento de encontro e alegria que culmina em festa no parque da Gare.&nbsp;<\/p>\n\n\n\n<hr class=\"wp-block-separator has-alpha-channel-opacity\"\/>\n","protected":false},"excerpt":{"rendered":"<p>Encontro evang\u00e9lico Evento:&nbsp;Julho Local:&nbsp;Parque da Gare Os evang\u00e9licos de Passo Fundo realizam no m\u00eas de julho a Marcha para Jesus. Milhares de evang\u00e9licos percorrem as ruas de Passo Fundo mostrando o seu [&hellip;]<\/p>\n","protected":false},"author":1,"featured_media":0,"parent":0,"menu_order":0,"comment_status":"closed","ping_status":"closed","template":"","meta":{"footnotes":""},"class_list":["post-300","page","type-page","status-publish","hentry"],"yoast_head":"<!-- This site is optimized with the Yoast SEO plugin v23.8 - https:\/\/yoast.com\/wordpress\/plugins\/seo\/ -->\n<title>Marcha para Jesus - Secretaria de Cultura<\/title>\n<meta name=\"robots\" content=\"index, follow, max-snippet:-1, max-image-preview:large, max-video-preview:-1\" \/>\n<link rel=\"canonical\" href=\"https:\/\/www.pmpf.rs.gov.br\/cultura\/marcha-para-jesus\/\" \/>\n<meta property=\"og:locale\" content=\"pt_BR\" \/>\n<meta property=\"og:type\" content=\"article\" \/>\n<meta property=\"og:title\" content=\"Marcha para Jesus - Secretaria de Cultura\" \/>\n<meta property=\"og:description\" content=\"Encontro evang\u00e9lico Evento:&nbsp;Julho Local:&nbsp;Parque da Gare Os evang\u00e9licos de Passo Fundo realizam no m\u00eas de julho a Marcha para Jesus. Milhares de evang\u00e9licos percorrem as ruas de Passo Fundo mostrando o seu [&hellip;]\" \/>\n<meta property=\"og:url\" content=\"https:\/\/www.pmpf.rs.gov.br\/cultura\/marcha-para-jesus\/\" \/>\n<meta property=\"og:site_name\" content=\"Secretaria de Cultura\" \/>\n<meta property=\"article:modified_time\" content=\"2024-05-22T18:38:30+00:00\" \/>\n<meta name=\"twitter:card\" content=\"summary_large_image\" \/>\n<meta name=\"twitter:label1\" content=\"Est. tempo de leitura\" \/>\n\t<meta name=\"twitter:data1\" content=\"1 minuto\" \/>\n<script type=\"application\/ld+json\" class=\"yoast-schema-graph\">{\"@context\":\"https:\/\/schema.org\",\"@graph\":[{\"@type\":\"WebPage\",\"@id\":\"https:\/\/www.pmpf.rs.gov.br\/cultura\/marcha-para-jesus\/\",\"url\":\"https:\/\/www.pmpf.rs.gov.br\/cultura\/marcha-para-jesus\/\",\"name\":\"Marcha para Jesus - Secretaria de Cultura\",\"isPartOf\":{\"@id\":\"https:\/\/www.pmpf.rs.gov.br\/cultura\/#website\"},\"datePublished\":\"2021-12-21T03:38:45+00:00\",\"dateModified\":\"2024-05-22T18:38:30+00:00\",\"inLanguage\":\"pt-BR\",\"potentialAction\":[{\"@type\":\"ReadAction\",\"target\":[\"https:\/\/www.pmpf.rs.gov.br\/cultura\/marcha-para-jesus\/\"]}]},{\"@type\":\"WebSite\",\"@id\":\"https:\/\/www.pmpf.rs.gov.br\/cultura\/#website\",\"url\":\"https:\/\/www.pmpf.rs.gov.br\/cultura\/\",\"name\":\"Secretaria de Cultura\",\"description\":\"S\u00f3 mais um site Prefeitura de Passo Fundo\",\"potentialAction\":[{\"@type\":\"SearchAction\",\"target\":{\"@type\":\"EntryPoint\",\"urlTemplate\":\"https:\/\/www.pmpf.rs.gov.br\/cultura\/?s={search_term_string}\"},\"query-input\":{\"@type\":\"PropertyValueSpecification\",\"valueRequired\":true,\"valueName\":\"search_term_string\"}}],\"inLanguage\":\"pt-BR\"}]}<\/script>\n<!-- \/ Yoast SEO plugin. -->","yoast_head_json":{"title":"Marcha para Jesus - Secretaria de Cultura","robots":{"index":"index","follow":"follow","max-snippet":"max-snippet:-1","max-image-preview":"max-image-preview:large","max-video-preview":"max-video-preview:-1"},"canonical":"https:\/\/www.pmpf.rs.gov.br\/cultura\/marcha-para-jesus\/","og_locale":"pt_BR","og_type":"article","og_title":"Marcha para Jesus - Secretaria de Cultura","og_description":"Encontro evang\u00e9lico Evento:&nbsp;Julho Local:&nbsp;Parque da Gare Os evang\u00e9licos de Passo Fundo realizam no m\u00eas de julho a Marcha para Jesus. Milhares de evang\u00e9licos percorrem as ruas de Passo Fundo mostrando o seu [&hellip;]","og_url":"https:\/\/www.pmpf.rs.gov.br\/cultura\/marcha-para-jesus\/","og_site_name":"Secretaria de Cultura","article_modified_time":"2024-05-22T18:38:30+00:00","twitter_card":"summary_large_image","twitter_misc":{"Est. tempo de leitura":"1 minuto"},"schema":{"@context":"https:\/\/schema.org","@graph":[{"@type":"WebPage","@id":"https:\/\/www.pmpf.rs.gov.br\/cultura\/marcha-para-jesus\/","url":"https:\/\/www.pmpf.rs.gov.br\/cultura\/marcha-para-jesus\/","name":"Marcha para Jesus - Secretaria de Cultura","isPartOf":{"@id":"https:\/\/www.pmpf.rs.gov.br\/cultura\/#website"},"datePublished":"2021-12-21T03:38:45+00:00","dateModified":"2024-05-22T18:38:30+00:00","inLanguage":"pt-BR","potentialAction":[{"@type":"ReadAction","target":["https:\/\/www.pmpf.rs.gov.br\/cultura\/marcha-para-jesus\/"]}]},{"@type":"WebSite","@id":"https:\/\/www.pmpf.rs.gov.br\/cultura\/#website","url":"https:\/\/www.pmpf.rs.gov.br\/cultura\/","name":"Secretaria de Cultura","description":"S\u00f3 mais um site Prefeitura de Passo Fundo","potentialAction":[{"@type":"SearchAction","target":{"@type":"EntryPoint","urlTemplate":"https:\/\/www.pmpf.rs.gov.br\/cultura\/?s={search_term_string}"},"query-input":{"@type":"PropertyValueSpecification","valueRequired":true,"valueName":"search_term_string"}}],"inLanguage":"pt-BR"}]}},"_links":{"self":[{"href":"https:\/\/www.pmpf.rs.gov.br\/cultura\/wp-json\/wp\/v2\/pages\/300"}],"collection":[{"href":"https:\/\/www.pmpf.rs.gov.br\/cultura\/wp-json\/wp\/v2\/pages"}],"about":[{"href":"https:\/\/www.pmpf.rs.gov.br\/cultura\/wp-json\/wp\/v2\/types\/page"}],"author":[{"embeddable":true,"href":"https:\/\/www.pmpf.rs.gov.br\/cultura\/wp-json\/wp\/v2\/users\/1"}],"replies":[{"embeddable":true,"href":"https:\/\/www.pmpf.rs.gov.br\/cultura\/wp-json\/wp\/v2\/comments?post=300"}],"version-history":[{"count":2,"href":"https:\/\/www.pmpf.rs.gov.br\/cultura\/wp-json\/wp\/v2\/pages\/300\/revisions"}],"predecessor-version":[{"id":3928,"href":"https:\/\/www.pmpf.rs.gov.br\/cultura\/wp-json\/wp\/v2\/pages\/300\/revisions\/3928"}],"wp:attachment":[{"href":"https:\/\/www.pmpf.rs.gov.br\/cultura\/wp-json\/wp\/v2\/media?parent=300"}],"curies":[{"name":"wp","href":"https:\/\/api.w.org\/{rel}","templated":true}]}}