{"id":292,"date":"2021-12-21T00:34:14","date_gmt":"2021-12-21T03:34:14","guid":{"rendered":"https:\/\/www.pmpf.rs.gov.br\/secretaria-de-cultura\/?page_id=292"},"modified":"2022-05-20T15:39:32","modified_gmt":"2022-05-20T18:39:32","slug":"festival-internacional-de-folclore","status":"publish","type":"page","link":"https:\/\/www.pmpf.rs.gov.br\/cultura\/festival-internacional-de-folclore\/","title":{"rendered":"Festival Internacional de Folclore"},"content":{"rendered":"\n<h2 class=\"wp-block-heading\">Prefeitura confirma para agosto de 2022 o XV Festival Internacional de Folclore<\/h2>\n\n\n\n<div class=\"wp-block-image\"><figure class=\"alignleft size-large is-resized\"><img loading=\"lazy\" decoding=\"async\" src=\"https:\/\/www.pmpf.rs.gov.br\/secretaria-de-cultura\/wp-content\/uploads\/sites\/25\/2021\/12\/I2021-11-26_19_39_23_106220-1024x684.jpg\" alt=\"\" class=\"wp-image-293\" width=\"300\" height=\"200\" srcset=\"https:\/\/www.pmpf.rs.gov.br\/cultura\/wp-content\/uploads\/sites\/25\/2021\/12\/I2021-11-26_19_39_23_106220-1024x684.jpg 1024w, https:\/\/www.pmpf.rs.gov.br\/cultura\/wp-content\/uploads\/sites\/25\/2021\/12\/I2021-11-26_19_39_23_106220-300x200.jpg 300w, https:\/\/www.pmpf.rs.gov.br\/cultura\/wp-content\/uploads\/sites\/25\/2021\/12\/I2021-11-26_19_39_23_106220-768x513.jpg 768w, https:\/\/www.pmpf.rs.gov.br\/cultura\/wp-content\/uploads\/sites\/25\/2021\/12\/I2021-11-26_19_39_23_106220-1536x1025.jpg 1536w, https:\/\/www.pmpf.rs.gov.br\/cultura\/wp-content\/uploads\/sites\/25\/2021\/12\/I2021-11-26_19_39_23_106220-2048x1367.jpg 2048w\" sizes=\"(max-width: 300px) 100vw, 300px\" \/><\/figure><\/div>\n\n\n\n<p>Diferentes maneiras de conectar a cultura com as pessoas v\u00e3o se somar ao entusiasmo, a alegria e a motiva\u00e7\u00e3o de uma cidade que tornou-se palco para grandes festivais. A Prefeitura de Passo Fundo confirmou para agosto de 2022 a retomada do Festival Internacional de Folclore, um dos principais eventos de valoriza\u00e7\u00e3o das m\u00faltiplas express\u00f5es art\u00edsticas sediados no munic\u00edpio.<\/p>\n\n\n\n<p>Em 2022, o Festival vai celebrar sua 15\u00aa edi\u00e7\u00e3o resgatando a liga\u00e7\u00e3o da comunidade com a arte, a cultura e o folclore diante de um momento bastante significativo: o mundo todo est\u00e1 buscando a retomada da normalidade em um contexto de supera\u00e7\u00e3o da pandemia com o que h\u00e1 de mais expressivo e simb\u00f3lico em suas tradi\u00e7\u00f5es. E Passo Fundo, a Cidade dos Festivais, ir\u00e1, novamente, respirar o folclore!<\/p>\n\n\n\n<p>Surgido em 1992, o evento \u00e9 uma grande confraterniza\u00e7\u00e3o e congrega\u00e7\u00e3o entre grupos art\u00edsticos locais, do Estado do Rio Grande do Sul, de outras regi\u00f5es do Brasil e tamb\u00e9m de diversos pa\u00edses da Europa, \u00c1sia, Am\u00e9rica Central, Am\u00e9rica do Norte e Am\u00e9rica do Sul. Ao longo do tempo, o Festival ganhou cada vez mais relev\u00e2ncia, tornando-se uma iniciativa consolidada e desejada pela popula\u00e7\u00e3o que aguarda, com muita expectativa, o retorno desta festividade para conhecer e compartilhar formas de falar, vestir, dan\u00e7ar e cantar de lugares distantes e diferentes.<\/p>\n\n\n\n<p>H\u00e1 30 anos, Passo Fundo acolhe e se apropria desta ci\u00eancia das tradi\u00e7\u00f5es, dos costumes, dos usos e da arte popular de um pa\u00eds ou povo. E se orgulha de despertar nas pessoas o respeito e a valoriza\u00e7\u00e3o das manifesta\u00e7\u00f5es culturais de cada pa\u00eds.<\/p>\n\n\n\n<p>E nesta retomada, a Prefeitura de Passo Fundo e a comunidade buscam novos formatos para popularizar ainda mais o que j\u00e1 \u00e9 popular numa constru\u00e7\u00e3o coletiva de 14 edi\u00e7\u00f5es j\u00e1 realizadas.<\/p>\n\n\n\n<p><br><strong>Mais intera\u00e7\u00e3o e proximidade<\/strong><\/p>\n\n\n\n<p>A proposta do XV Festival Internacional de Folclore \u00e9 descentralizar o evento para as diferentes regi\u00f5es de Passo Fundo, envolvendo os bairros: os espet\u00e1culos ser\u00e3o realizados em gin\u00e1sios, transportando a cultura universal para espa\u00e7os representativos. Al\u00e9m disso, o Festival ser\u00e1 incorporado a vida da cidade: as apresenta\u00e7\u00f5es tamb\u00e9m ser\u00e3o feitas na Esta\u00e7\u00e3o Gastron\u00f4mica e Cultural da Gare.<\/p>\n\n\n\n<p><br><strong>Festival nas ruas<\/strong><\/p>\n\n\n\n<p>Outra a\u00e7\u00e3o que ser\u00e1 retomada no Festival s\u00e3o os desfiles di\u00e1rios pela rua Morom. O formato se notabilizou desde a sua primeira edi\u00e7\u00e3o e foi abra\u00e7ado pela comunidade. Cores, alegria, entusiasmo e celebra\u00e7\u00e3o: o folclore ganhar\u00e1 as ruas em 2022.<\/p>\n\n\n\n<p><strong>Passo Fundo dos Festivais<\/strong><\/p>\n\n\n\n<p>A trajet\u00f3ria e os v\u00ednculos afetivos estabelecidos pelo Festival Internacional de Folclore com a cidade estimularam a cria\u00e7\u00e3o de outras iniciativas art\u00edsticas e culturais em Passo Fundo. O folclore, as manifesta\u00e7\u00f5es da arte e da cultura s\u00e3o patrim\u00f4nios simb\u00f3licos que agitam o munic\u00edpio e a regi\u00e3o. Em 2022, tamb\u00e9m ser\u00e3o retomados o Congresso Internacional de Folclore e o Festival Internacional de Dan\u00e7a Patrimonial em Pares \u2013 Danzpare Brasil.<\/p>\n","protected":false},"excerpt":{"rendered":"<p>Prefeitura confirma para agosto de 2022 o XV Festival Internacional de Folclore Diferentes maneiras de conectar a cultura com as pessoas v\u00e3o se somar ao entusiasmo, a alegria e a motiva\u00e7\u00e3o de [&hellip;]<\/p>\n","protected":false},"author":1,"featured_media":0,"parent":0,"menu_order":0,"comment_status":"closed","ping_status":"closed","template":"","meta":{"footnotes":""},"class_list":["post-292","page","type-page","status-publish","hentry"],"yoast_head":"<!-- This site is optimized with the Yoast SEO plugin v23.8 - https:\/\/yoast.com\/wordpress\/plugins\/seo\/ -->\n<title>Festival Internacional de Folclore - Secretaria de Cultura<\/title>\n<meta name=\"robots\" content=\"index, follow, max-snippet:-1, max-image-preview:large, max-video-preview:-1\" \/>\n<link rel=\"canonical\" href=\"https:\/\/www.pmpf.rs.gov.br\/cultura\/festival-internacional-de-folclore\/\" \/>\n<meta property=\"og:locale\" content=\"pt_BR\" \/>\n<meta property=\"og:type\" content=\"article\" \/>\n<meta property=\"og:title\" content=\"Festival Internacional de Folclore - Secretaria de Cultura\" \/>\n<meta property=\"og:description\" content=\"Prefeitura confirma para agosto de 2022 o XV Festival Internacional de Folclore Diferentes maneiras de conectar a cultura com as pessoas v\u00e3o se somar ao entusiasmo, a alegria e a motiva\u00e7\u00e3o de [&hellip;]\" \/>\n<meta property=\"og:url\" content=\"https:\/\/www.pmpf.rs.gov.br\/cultura\/festival-internacional-de-folclore\/\" \/>\n<meta property=\"og:site_name\" content=\"Secretaria de Cultura\" \/>\n<meta property=\"article:modified_time\" content=\"2022-05-20T18:39:32+00:00\" \/>\n<meta property=\"og:image\" content=\"https:\/\/www.pmpf.rs.gov.br\/secretaria-de-cultura\/wp-content\/uploads\/sites\/25\/2021\/12\/I2021-11-26_19_39_23_106220-1024x684.jpg\" \/>\n<meta name=\"twitter:card\" content=\"summary_large_image\" \/>\n<meta name=\"twitter:label1\" content=\"Est. tempo de leitura\" \/>\n\t<meta name=\"twitter:data1\" content=\"3 minutos\" \/>\n<script type=\"application\/ld+json\" class=\"yoast-schema-graph\">{\"@context\":\"https:\/\/schema.org\",\"@graph\":[{\"@type\":\"WebPage\",\"@id\":\"https:\/\/www.pmpf.rs.gov.br\/cultura\/festival-internacional-de-folclore\/\",\"url\":\"https:\/\/www.pmpf.rs.gov.br\/cultura\/festival-internacional-de-folclore\/\",\"name\":\"Festival Internacional de Folclore - Secretaria de Cultura\",\"isPartOf\":{\"@id\":\"https:\/\/www.pmpf.rs.gov.br\/cultura\/#website\"},\"primaryImageOfPage\":{\"@id\":\"https:\/\/www.pmpf.rs.gov.br\/cultura\/festival-internacional-de-folclore\/#primaryimage\"},\"image\":{\"@id\":\"https:\/\/www.pmpf.rs.gov.br\/cultura\/festival-internacional-de-folclore\/#primaryimage\"},\"thumbnailUrl\":\"https:\/\/www.pmpf.rs.gov.br\/secretaria-de-cultura\/wp-content\/uploads\/sites\/25\/2021\/12\/I2021-11-26_19_39_23_106220-1024x684.jpg\",\"datePublished\":\"2021-12-21T03:34:14+00:00\",\"dateModified\":\"2022-05-20T18:39:32+00:00\",\"inLanguage\":\"pt-BR\",\"potentialAction\":[{\"@type\":\"ReadAction\",\"target\":[\"https:\/\/www.pmpf.rs.gov.br\/cultura\/festival-internacional-de-folclore\/\"]}]},{\"@type\":\"ImageObject\",\"inLanguage\":\"pt-BR\",\"@id\":\"https:\/\/www.pmpf.rs.gov.br\/cultura\/festival-internacional-de-folclore\/#primaryimage\",\"url\":\"https:\/\/www.pmpf.rs.gov.br\/secretaria-de-cultura\/wp-content\/uploads\/sites\/25\/2021\/12\/I2021-11-26_19_39_23_106220-1024x684.jpg\",\"contentUrl\":\"https:\/\/www.pmpf.rs.gov.br\/secretaria-de-cultura\/wp-content\/uploads\/sites\/25\/2021\/12\/I2021-11-26_19_39_23_106220-1024x684.jpg\"},{\"@type\":\"WebSite\",\"@id\":\"https:\/\/www.pmpf.rs.gov.br\/cultura\/#website\",\"url\":\"https:\/\/www.pmpf.rs.gov.br\/cultura\/\",\"name\":\"Secretaria de Cultura\",\"description\":\"S\u00f3 mais um site Prefeitura de Passo Fundo\",\"potentialAction\":[{\"@type\":\"SearchAction\",\"target\":{\"@type\":\"EntryPoint\",\"urlTemplate\":\"https:\/\/www.pmpf.rs.gov.br\/cultura\/?s={search_term_string}\"},\"query-input\":{\"@type\":\"PropertyValueSpecification\",\"valueRequired\":true,\"valueName\":\"search_term_string\"}}],\"inLanguage\":\"pt-BR\"}]}<\/script>\n<!-- \/ Yoast SEO plugin. -->","yoast_head_json":{"title":"Festival Internacional de Folclore - Secretaria de Cultura","robots":{"index":"index","follow":"follow","max-snippet":"max-snippet:-1","max-image-preview":"max-image-preview:large","max-video-preview":"max-video-preview:-1"},"canonical":"https:\/\/www.pmpf.rs.gov.br\/cultura\/festival-internacional-de-folclore\/","og_locale":"pt_BR","og_type":"article","og_title":"Festival Internacional de Folclore - Secretaria de Cultura","og_description":"Prefeitura confirma para agosto de 2022 o XV Festival Internacional de Folclore Diferentes maneiras de conectar a cultura com as pessoas v\u00e3o se somar ao entusiasmo, a alegria e a motiva\u00e7\u00e3o de [&hellip;]","og_url":"https:\/\/www.pmpf.rs.gov.br\/cultura\/festival-internacional-de-folclore\/","og_site_name":"Secretaria de Cultura","article_modified_time":"2022-05-20T18:39:32+00:00","og_image":[{"url":"https:\/\/www.pmpf.rs.gov.br\/secretaria-de-cultura\/wp-content\/uploads\/sites\/25\/2021\/12\/I2021-11-26_19_39_23_106220-1024x684.jpg"}],"twitter_card":"summary_large_image","twitter_misc":{"Est. tempo de leitura":"3 minutos"},"schema":{"@context":"https:\/\/schema.org","@graph":[{"@type":"WebPage","@id":"https:\/\/www.pmpf.rs.gov.br\/cultura\/festival-internacional-de-folclore\/","url":"https:\/\/www.pmpf.rs.gov.br\/cultura\/festival-internacional-de-folclore\/","name":"Festival Internacional de Folclore - Secretaria de Cultura","isPartOf":{"@id":"https:\/\/www.pmpf.rs.gov.br\/cultura\/#website"},"primaryImageOfPage":{"@id":"https:\/\/www.pmpf.rs.gov.br\/cultura\/festival-internacional-de-folclore\/#primaryimage"},"image":{"@id":"https:\/\/www.pmpf.rs.gov.br\/cultura\/festival-internacional-de-folclore\/#primaryimage"},"thumbnailUrl":"https:\/\/www.pmpf.rs.gov.br\/secretaria-de-cultura\/wp-content\/uploads\/sites\/25\/2021\/12\/I2021-11-26_19_39_23_106220-1024x684.jpg","datePublished":"2021-12-21T03:34:14+00:00","dateModified":"2022-05-20T18:39:32+00:00","inLanguage":"pt-BR","potentialAction":[{"@type":"ReadAction","target":["https:\/\/www.pmpf.rs.gov.br\/cultura\/festival-internacional-de-folclore\/"]}]},{"@type":"ImageObject","inLanguage":"pt-BR","@id":"https:\/\/www.pmpf.rs.gov.br\/cultura\/festival-internacional-de-folclore\/#primaryimage","url":"https:\/\/www.pmpf.rs.gov.br\/secretaria-de-cultura\/wp-content\/uploads\/sites\/25\/2021\/12\/I2021-11-26_19_39_23_106220-1024x684.jpg","contentUrl":"https:\/\/www.pmpf.rs.gov.br\/secretaria-de-cultura\/wp-content\/uploads\/sites\/25\/2021\/12\/I2021-11-26_19_39_23_106220-1024x684.jpg"},{"@type":"WebSite","@id":"https:\/\/www.pmpf.rs.gov.br\/cultura\/#website","url":"https:\/\/www.pmpf.rs.gov.br\/cultura\/","name":"Secretaria de Cultura","description":"S\u00f3 mais um site Prefeitura de Passo Fundo","potentialAction":[{"@type":"SearchAction","target":{"@type":"EntryPoint","urlTemplate":"https:\/\/www.pmpf.rs.gov.br\/cultura\/?s={search_term_string}"},"query-input":{"@type":"PropertyValueSpecification","valueRequired":true,"valueName":"search_term_string"}}],"inLanguage":"pt-BR"}]}},"_links":{"self":[{"href":"https:\/\/www.pmpf.rs.gov.br\/cultura\/wp-json\/wp\/v2\/pages\/292"}],"collection":[{"href":"https:\/\/www.pmpf.rs.gov.br\/cultura\/wp-json\/wp\/v2\/pages"}],"about":[{"href":"https:\/\/www.pmpf.rs.gov.br\/cultura\/wp-json\/wp\/v2\/types\/page"}],"author":[{"embeddable":true,"href":"https:\/\/www.pmpf.rs.gov.br\/cultura\/wp-json\/wp\/v2\/users\/1"}],"replies":[{"embeddable":true,"href":"https:\/\/www.pmpf.rs.gov.br\/cultura\/wp-json\/wp\/v2\/comments?post=292"}],"version-history":[{"count":1,"href":"https:\/\/www.pmpf.rs.gov.br\/cultura\/wp-json\/wp\/v2\/pages\/292\/revisions"}],"predecessor-version":[{"id":294,"href":"https:\/\/www.pmpf.rs.gov.br\/cultura\/wp-json\/wp\/v2\/pages\/292\/revisions\/294"}],"wp:attachment":[{"href":"https:\/\/www.pmpf.rs.gov.br\/cultura\/wp-json\/wp\/v2\/media?parent=292"}],"curies":[{"name":"wp","href":"https:\/\/api.w.org\/{rel}","templated":true}]}}