{"id":279,"date":"2021-12-21T00:28:10","date_gmt":"2021-12-21T03:28:10","guid":{"rendered":"https:\/\/www.pmpf.rs.gov.br\/secretaria-de-cultura\/?page_id=279"},"modified":"2021-12-21T00:28:10","modified_gmt":"2021-12-21T03:28:10","slug":"feira-de-artesanato","status":"publish","type":"page","link":"https:\/\/www.pmpf.rs.gov.br\/cultura\/feira-de-artesanato\/","title":{"rendered":"Feira de Artesanato"},"content":{"rendered":"\n<h2 class=\"wp-block-heading\">Trabalhos dos artes\u00e3os locais<\/h2>\n\n\n\n<div class=\"wp-block-image\"><figure class=\"alignleft size-large is-resized\"><img loading=\"lazy\" decoding=\"async\" src=\"https:\/\/www.pmpf.rs.gov.br\/secretaria-de-cultura\/wp-content\/uploads\/sites\/25\/2021\/12\/I2018-09-06_09_35_46_106220-1-768x1024.jpg\" alt=\"\" class=\"wp-image-281\" width=\"215\" height=\"287\" srcset=\"https:\/\/www.pmpf.rs.gov.br\/cultura\/wp-content\/uploads\/sites\/25\/2021\/12\/I2018-09-06_09_35_46_106220-1-768x1024.jpg 768w, https:\/\/www.pmpf.rs.gov.br\/cultura\/wp-content\/uploads\/sites\/25\/2021\/12\/I2018-09-06_09_35_46_106220-1-225x300.jpg 225w, https:\/\/www.pmpf.rs.gov.br\/cultura\/wp-content\/uploads\/sites\/25\/2021\/12\/I2018-09-06_09_35_46_106220-1-1152x1536.jpg 1152w, https:\/\/www.pmpf.rs.gov.br\/cultura\/wp-content\/uploads\/sites\/25\/2021\/12\/I2018-09-06_09_35_46_106220-1.jpg 1200w\" sizes=\"(max-width: 215px) 100vw, 215px\" \/><\/figure><\/div>\n\n\n\n<p>Trabalhos manuais viram arte nas m\u00e3os de artes\u00e3os. Para mostrar o que \u00e9 produzido em Passo Fundo e oferecer uma forma de comercializa\u00e7\u00e3o desses produtos, a Associa\u00e7\u00e3o Ga\u00facha de Artes\u00e3os e Artistas Pl\u00e1sticos de Passo Fundo promovem a Feira de Artesanato. A Feira tem como objetivo apresentar os trabalhos desenvolvidos pelos artes\u00e3os locais, agregar novos membros e comercializar produtos produzidos manualmente.<\/p>\n","protected":false},"excerpt":{"rendered":"<p>Trabalhos dos artes\u00e3os locais Trabalhos manuais viram arte nas m\u00e3os de artes\u00e3os. Para mostrar o que \u00e9 produzido em Passo Fundo e oferecer uma forma de comercializa\u00e7\u00e3o desses produtos, a Associa\u00e7\u00e3o Ga\u00facha [&hellip;]<\/p>\n","protected":false},"author":1,"featured_media":0,"parent":0,"menu_order":0,"comment_status":"closed","ping_status":"closed","template":"","meta":{"footnotes":""},"class_list":["post-279","page","type-page","status-publish","hentry"],"yoast_head":"<!-- This site is optimized with the Yoast SEO plugin v23.8 - https:\/\/yoast.com\/wordpress\/plugins\/seo\/ -->\n<title>Feira de Artesanato - Secretaria de Cultura<\/title>\n<meta name=\"robots\" content=\"index, follow, max-snippet:-1, max-image-preview:large, max-video-preview:-1\" \/>\n<link rel=\"canonical\" href=\"https:\/\/www.pmpf.rs.gov.br\/cultura\/feira-de-artesanato\/\" \/>\n<meta property=\"og:locale\" content=\"pt_BR\" \/>\n<meta property=\"og:type\" content=\"article\" \/>\n<meta property=\"og:title\" content=\"Feira de Artesanato - Secretaria de Cultura\" \/>\n<meta property=\"og:description\" content=\"Trabalhos dos artes\u00e3os locais Trabalhos manuais viram arte nas m\u00e3os de artes\u00e3os. Para mostrar o que \u00e9 produzido em Passo Fundo e oferecer uma forma de comercializa\u00e7\u00e3o desses produtos, a Associa\u00e7\u00e3o Ga\u00facha [&hellip;]\" \/>\n<meta property=\"og:url\" content=\"https:\/\/www.pmpf.rs.gov.br\/cultura\/feira-de-artesanato\/\" \/>\n<meta property=\"og:site_name\" content=\"Secretaria de Cultura\" \/>\n<meta property=\"og:image\" content=\"https:\/\/www.pmpf.rs.gov.br\/secretaria-de-cultura\/wp-content\/uploads\/sites\/25\/2021\/12\/I2018-09-06_09_35_46_106220-1-768x1024.jpg\" \/>\n<meta name=\"twitter:card\" content=\"summary_large_image\" \/>\n<meta name=\"twitter:label1\" content=\"Est. tempo de leitura\" \/>\n\t<meta name=\"twitter:data1\" content=\"1 minuto\" \/>\n<script type=\"application\/ld+json\" class=\"yoast-schema-graph\">{\"@context\":\"https:\/\/schema.org\",\"@graph\":[{\"@type\":\"WebPage\",\"@id\":\"https:\/\/www.pmpf.rs.gov.br\/cultura\/feira-de-artesanato\/\",\"url\":\"https:\/\/www.pmpf.rs.gov.br\/cultura\/feira-de-artesanato\/\",\"name\":\"Feira de Artesanato - Secretaria de Cultura\",\"isPartOf\":{\"@id\":\"https:\/\/www.pmpf.rs.gov.br\/cultura\/#website\"},\"primaryImageOfPage\":{\"@id\":\"https:\/\/www.pmpf.rs.gov.br\/cultura\/feira-de-artesanato\/#primaryimage\"},\"image\":{\"@id\":\"https:\/\/www.pmpf.rs.gov.br\/cultura\/feira-de-artesanato\/#primaryimage\"},\"thumbnailUrl\":\"https:\/\/www.pmpf.rs.gov.br\/secretaria-de-cultura\/wp-content\/uploads\/sites\/25\/2021\/12\/I2018-09-06_09_35_46_106220-1-768x1024.jpg\",\"datePublished\":\"2021-12-21T03:28:10+00:00\",\"dateModified\":\"2021-12-21T03:28:10+00:00\",\"inLanguage\":\"pt-BR\",\"potentialAction\":[{\"@type\":\"ReadAction\",\"target\":[\"https:\/\/www.pmpf.rs.gov.br\/cultura\/feira-de-artesanato\/\"]}]},{\"@type\":\"ImageObject\",\"inLanguage\":\"pt-BR\",\"@id\":\"https:\/\/www.pmpf.rs.gov.br\/cultura\/feira-de-artesanato\/#primaryimage\",\"url\":\"https:\/\/www.pmpf.rs.gov.br\/secretaria-de-cultura\/wp-content\/uploads\/sites\/25\/2021\/12\/I2018-09-06_09_35_46_106220-1-768x1024.jpg\",\"contentUrl\":\"https:\/\/www.pmpf.rs.gov.br\/secretaria-de-cultura\/wp-content\/uploads\/sites\/25\/2021\/12\/I2018-09-06_09_35_46_106220-1-768x1024.jpg\"},{\"@type\":\"WebSite\",\"@id\":\"https:\/\/www.pmpf.rs.gov.br\/cultura\/#website\",\"url\":\"https:\/\/www.pmpf.rs.gov.br\/cultura\/\",\"name\":\"Secretaria de Cultura\",\"description\":\"S\u00f3 mais um site Prefeitura de Passo Fundo\",\"potentialAction\":[{\"@type\":\"SearchAction\",\"target\":{\"@type\":\"EntryPoint\",\"urlTemplate\":\"https:\/\/www.pmpf.rs.gov.br\/cultura\/?s={search_term_string}\"},\"query-input\":{\"@type\":\"PropertyValueSpecification\",\"valueRequired\":true,\"valueName\":\"search_term_string\"}}],\"inLanguage\":\"pt-BR\"}]}<\/script>\n<!-- \/ Yoast SEO plugin. -->","yoast_head_json":{"title":"Feira de Artesanato - Secretaria de Cultura","robots":{"index":"index","follow":"follow","max-snippet":"max-snippet:-1","max-image-preview":"max-image-preview:large","max-video-preview":"max-video-preview:-1"},"canonical":"https:\/\/www.pmpf.rs.gov.br\/cultura\/feira-de-artesanato\/","og_locale":"pt_BR","og_type":"article","og_title":"Feira de Artesanato - Secretaria de Cultura","og_description":"Trabalhos dos artes\u00e3os locais Trabalhos manuais viram arte nas m\u00e3os de artes\u00e3os. Para mostrar o que \u00e9 produzido em Passo Fundo e oferecer uma forma de comercializa\u00e7\u00e3o desses produtos, a Associa\u00e7\u00e3o Ga\u00facha [&hellip;]","og_url":"https:\/\/www.pmpf.rs.gov.br\/cultura\/feira-de-artesanato\/","og_site_name":"Secretaria de Cultura","og_image":[{"url":"https:\/\/www.pmpf.rs.gov.br\/secretaria-de-cultura\/wp-content\/uploads\/sites\/25\/2021\/12\/I2018-09-06_09_35_46_106220-1-768x1024.jpg"}],"twitter_card":"summary_large_image","twitter_misc":{"Est. tempo de leitura":"1 minuto"},"schema":{"@context":"https:\/\/schema.org","@graph":[{"@type":"WebPage","@id":"https:\/\/www.pmpf.rs.gov.br\/cultura\/feira-de-artesanato\/","url":"https:\/\/www.pmpf.rs.gov.br\/cultura\/feira-de-artesanato\/","name":"Feira de Artesanato - Secretaria de Cultura","isPartOf":{"@id":"https:\/\/www.pmpf.rs.gov.br\/cultura\/#website"},"primaryImageOfPage":{"@id":"https:\/\/www.pmpf.rs.gov.br\/cultura\/feira-de-artesanato\/#primaryimage"},"image":{"@id":"https:\/\/www.pmpf.rs.gov.br\/cultura\/feira-de-artesanato\/#primaryimage"},"thumbnailUrl":"https:\/\/www.pmpf.rs.gov.br\/secretaria-de-cultura\/wp-content\/uploads\/sites\/25\/2021\/12\/I2018-09-06_09_35_46_106220-1-768x1024.jpg","datePublished":"2021-12-21T03:28:10+00:00","dateModified":"2021-12-21T03:28:10+00:00","inLanguage":"pt-BR","potentialAction":[{"@type":"ReadAction","target":["https:\/\/www.pmpf.rs.gov.br\/cultura\/feira-de-artesanato\/"]}]},{"@type":"ImageObject","inLanguage":"pt-BR","@id":"https:\/\/www.pmpf.rs.gov.br\/cultura\/feira-de-artesanato\/#primaryimage","url":"https:\/\/www.pmpf.rs.gov.br\/secretaria-de-cultura\/wp-content\/uploads\/sites\/25\/2021\/12\/I2018-09-06_09_35_46_106220-1-768x1024.jpg","contentUrl":"https:\/\/www.pmpf.rs.gov.br\/secretaria-de-cultura\/wp-content\/uploads\/sites\/25\/2021\/12\/I2018-09-06_09_35_46_106220-1-768x1024.jpg"},{"@type":"WebSite","@id":"https:\/\/www.pmpf.rs.gov.br\/cultura\/#website","url":"https:\/\/www.pmpf.rs.gov.br\/cultura\/","name":"Secretaria de Cultura","description":"S\u00f3 mais um site Prefeitura de Passo Fundo","potentialAction":[{"@type":"SearchAction","target":{"@type":"EntryPoint","urlTemplate":"https:\/\/www.pmpf.rs.gov.br\/cultura\/?s={search_term_string}"},"query-input":{"@type":"PropertyValueSpecification","valueRequired":true,"valueName":"search_term_string"}}],"inLanguage":"pt-BR"}]}},"_links":{"self":[{"href":"https:\/\/www.pmpf.rs.gov.br\/cultura\/wp-json\/wp\/v2\/pages\/279"}],"collection":[{"href":"https:\/\/www.pmpf.rs.gov.br\/cultura\/wp-json\/wp\/v2\/pages"}],"about":[{"href":"https:\/\/www.pmpf.rs.gov.br\/cultura\/wp-json\/wp\/v2\/types\/page"}],"author":[{"embeddable":true,"href":"https:\/\/www.pmpf.rs.gov.br\/cultura\/wp-json\/wp\/v2\/users\/1"}],"replies":[{"embeddable":true,"href":"https:\/\/www.pmpf.rs.gov.br\/cultura\/wp-json\/wp\/v2\/comments?post=279"}],"version-history":[{"count":1,"href":"https:\/\/www.pmpf.rs.gov.br\/cultura\/wp-json\/wp\/v2\/pages\/279\/revisions"}],"predecessor-version":[{"id":282,"href":"https:\/\/www.pmpf.rs.gov.br\/cultura\/wp-json\/wp\/v2\/pages\/279\/revisions\/282"}],"wp:attachment":[{"href":"https:\/\/www.pmpf.rs.gov.br\/cultura\/wp-json\/wp\/v2\/media?parent=279"}],"curies":[{"name":"wp","href":"https:\/\/api.w.org\/{rel}","templated":true}]}}

<h2 class="wp-block-heading">Trabalhos dos artesãos locais</h2>



<div class="wp-block-image"><figure class="alignleft size-large is-resized"><img loading="lazy" decoding="async" src="https://www.pmpf.rs.gov.br/secretaria-de-cultura/wp-content/uploads/sites/25/2021/12/I2018-09-06_09_35_46_106220-1-768x1024.jpg" alt="" class="wp-image-281" width="215" height="287" srcset="https://www.pmpf.rs.gov.br/cultura/wp-content/uploads/sites/25/2021/12/I2018-09-06_09_35_46_106220-1-768x1024.jpg 768w, https://www.pmpf.rs.gov.br/cultura/wp-content/uploads/sites/25/2021/12/I2018-09-06_09_35_46_106220-1-225x300.jpg 225w, https://www.pmpf.rs.gov.br/cultura/wp-content/uploads/sites/25/2021/12/I2018-09-06_09_35_46_106220-1-1152x1536.jpg 1152w, https://www.pmpf.rs.gov.br/cultura/wp-content/uploads/sites/25/2021/12/I2018-09-06_09_35_46_106220-1.jpg 1200w" sizes="(max-width: 215px) 100vw, 215px" /></figure></div>



<p>Trabalhos manuais viram arte nas mãos de artesãos. Para mostrar o que é produzido em Passo Fundo e oferecer uma forma de comercialização desses produtos, a Associação Gaúcha de Artesãos e Artistas Plásticos de Passo Fundo promovem a Feira de Artesanato. A Feira tem como objetivo apresentar os trabalhos desenvolvidos pelos artesãos locais, agregar novos membros e comercializar produtos produzidos manualmente.</p>

<p>Trabalhos dos artesãos locais Trabalhos manuais viram arte nas mãos de artesãos. Para mostrar o que é produzido em Passo Fundo e oferecer uma forma de comercialização desses produtos, a Associação Gaúcha [&hellip;]</p>

<!-- This site is optimized with the Yoast SEO plugin v23.8 - https://yoast.com/wordpress/plugins/seo/ -->
<title>Feira de Artesanato - Secretaria de Cultura</title>
<meta name="robots" content="index, follow, max-snippet:-1, max-image-preview:large, max-video-preview:-1" />
<link rel="canonical" href="https://www.pmpf.rs.gov.br/cultura/feira-de-artesanato/" />
<meta property="og:locale" content="pt_BR" />
<meta property="og:type" content="article" />
<meta property="og:title" content="Feira de Artesanato - Secretaria de Cultura" />
<meta property="og:description" content="Trabalhos dos artesãos locais Trabalhos manuais viram arte nas mãos de artesãos. Para mostrar o que é produzido em Passo Fundo e oferecer uma forma de comercialização desses produtos, a Associação Gaúcha [&hellip;]" />
<meta property="og:url" content="https://www.pmpf.rs.gov.br/cultura/feira-de-artesanato/" />
<meta property="og:site_name" content="Secretaria de Cultura" />
<meta property="og:image" content="https://www.pmpf.rs.gov.br/secretaria-de-cultura/wp-content/uploads/sites/25/2021/12/I2018-09-06_09_35_46_106220-1-768x1024.jpg" />
<meta name="twitter:card" content="summary_large_image" />
<meta name="twitter:label1" content="Est. tempo de leitura" />
	<meta name="twitter:data1" content="1 minuto" />
<script type="application/ld+json" class="yoast-schema-graph">{"@context":"https://schema.org","@graph":[{"@type":"WebPage","@id":"https://www.pmpf.rs.gov.br/cultura/feira-de-artesanato/","url":"https://www.pmpf.rs.gov.br/cultura/feira-de-artesanato/","name":"Feira de Artesanato - Secretaria de Cultura","isPartOf":{"@id":"https://www.pmpf.rs.gov.br/cultura/#website"},"primaryImageOfPage":{"@id":"https://www.pmpf.rs.gov.br/cultura/feira-de-artesanato/#primaryimage"},"image":{"@id":"https://www.pmpf.rs.gov.br/cultura/feira-de-artesanato/#primaryimage"},"thumbnailUrl":"https://www.pmpf.rs.gov.br/secretaria-de-cultura/wp-content/uploads/sites/25/2021/12/I2018-09-06_09_35_46_106220-1-768x1024.jpg","datePublished":"2021-12-21T03:28:10+00:00","dateModified":"2021-12-21T03:28:10+00:00","inLanguage":"pt-BR","potentialAction":[{"@type":"ReadAction","target":["https://www.pmpf.rs.gov.br/cultura/feira-de-artesanato/"]}]},{"@type":"ImageObject","inLanguage":"pt-BR","@id":"https://www.pmpf.rs.gov.br/cultura/feira-de-artesanato/#primaryimage","url":"https://www.pmpf.rs.gov.br/secretaria-de-cultura/wp-content/uploads/sites/25/2021/12/I2018-09-06_09_35_46_106220-1-768x1024.jpg","contentUrl":"https://www.pmpf.rs.gov.br/secretaria-de-cultura/wp-content/uploads/sites/25/2021/12/I2018-09-06_09_35_46_106220-1-768x1024.jpg"},{"@type":"WebSite","@id":"https://www.pmpf.rs.gov.br/cultura/#website","url":"https://www.pmpf.rs.gov.br/cultura/","name":"Secretaria de Cultura","description":"Só mais um site Prefeitura de Passo Fundo","potentialAction":[{"@type":"SearchAction","target":{"@type":"EntryPoint","urlTemplate":"https://www.pmpf.rs.gov.br/cultura/?s={search_term_string}"},"query-input":{"@type":"PropertyValueSpecification","valueRequired":true,"valueName":"search_term_string"}}],"inLanguage":"pt-BR"}]}</script>
<!-- / Yoast SEO plugin. -->

Trabalhos dos artesãos locais Trabalhos manuais viram arte nas mãos de artesãos. Para mostrar o que é produzido em Passo Fundo e oferecer uma forma de comercialização desses produtos, a Associação Gaúcha [&hellip;]

Só mais um site Prefeitura de Passo Fundo
