{"id":276,"date":"2021-12-21T00:25:17","date_gmt":"2021-12-21T03:25:17","guid":{"rendered":"https:\/\/www.pmpf.rs.gov.br\/secretaria-de-cultura\/?page_id=276"},"modified":"2021-12-21T00:25:18","modified_gmt":"2021-12-21T03:25:18","slug":"escolha-da-corte-da-diversidade","status":"publish","type":"page","link":"https:\/\/www.pmpf.rs.gov.br\/cultura\/escolha-da-corte-da-diversidade\/","title":{"rendered":"Escolha da Corte da Diversidade"},"content":{"rendered":"\n<h2 class=\"wp-block-heading\">Concurso LGBTI<\/h2>\n\n\n\n<p>Hoje vivemos em um mundo ainda complicado, onde aos poucos as pessoas est\u00e3o come\u00e7ando a entender o mundo LGBTI, pois h\u00e1 um p\u00fablico um pouco diferenciado por\u00e9m igual a todos os outros, buscamos o respeito das pessoas e respeit\u00e1-las tamb\u00e9m.<\/p>\n\n\n\n<p>Querem apenas o direito de amar e ser felizes com aquilo que acreditam, sem r\u00f3tulos, todos temos direitos de construir uma fam\u00edlia com base no amor ao pr\u00f3ximo.<\/p>\n\n\n\n<p>O concurso da Escolha da Corte da diversidade \u00e9 uma forma de luta, uma forma de mostrar as pessoas que devem sim lutar por tudo que diz respeito e os torna realizados como ser humano.<\/p>\n\n\n\n<p>A ideia de promover o concurso surgiu a partir do sonho de poder representar a comunidade LGBTI (Lesbicas, Gays, Bissexuais, Transexuais e Intersexos) em sua beleza simpatia e cultura.<\/p>\n","protected":false},"excerpt":{"rendered":"<p>Concurso LGBTI Hoje vivemos em um mundo ainda complicado, onde aos poucos as pessoas est\u00e3o come\u00e7ando a entender o mundo LGBTI, pois h\u00e1 um p\u00fablico um pouco diferenciado por\u00e9m igual a todos [&hellip;]<\/p>\n","protected":false},"author":1,"featured_media":0,"parent":0,"menu_order":0,"comment_status":"closed","ping_status":"closed","template":"","meta":{"footnotes":""},"class_list":["post-276","page","type-page","status-publish","hentry"],"yoast_head":"<!-- This site is optimized with the Yoast SEO plugin v23.8 - https:\/\/yoast.com\/wordpress\/plugins\/seo\/ -->\n<title>Escolha da Corte da Diversidade - Secretaria de Cultura<\/title>\n<meta name=\"robots\" content=\"index, follow, max-snippet:-1, max-image-preview:large, max-video-preview:-1\" \/>\n<link rel=\"canonical\" href=\"https:\/\/www.pmpf.rs.gov.br\/cultura\/escolha-da-corte-da-diversidade\/\" \/>\n<meta property=\"og:locale\" content=\"pt_BR\" \/>\n<meta property=\"og:type\" content=\"article\" \/>\n<meta property=\"og:title\" content=\"Escolha da Corte da Diversidade - Secretaria de Cultura\" \/>\n<meta property=\"og:description\" content=\"Concurso LGBTI Hoje vivemos em um mundo ainda complicado, onde aos poucos as pessoas est\u00e3o come\u00e7ando a entender o mundo LGBTI, pois h\u00e1 um p\u00fablico um pouco diferenciado por\u00e9m igual a todos [&hellip;]\" \/>\n<meta property=\"og:url\" content=\"https:\/\/www.pmpf.rs.gov.br\/cultura\/escolha-da-corte-da-diversidade\/\" \/>\n<meta property=\"og:site_name\" content=\"Secretaria de Cultura\" \/>\n<meta property=\"article:modified_time\" content=\"2021-12-21T03:25:18+00:00\" \/>\n<meta name=\"twitter:card\" content=\"summary_large_image\" \/>\n<meta name=\"twitter:label1\" content=\"Est. tempo de leitura\" \/>\n\t<meta name=\"twitter:data1\" content=\"1 minuto\" \/>\n<script type=\"application\/ld+json\" class=\"yoast-schema-graph\">{\"@context\":\"https:\/\/schema.org\",\"@graph\":[{\"@type\":\"WebPage\",\"@id\":\"https:\/\/www.pmpf.rs.gov.br\/cultura\/escolha-da-corte-da-diversidade\/\",\"url\":\"https:\/\/www.pmpf.rs.gov.br\/cultura\/escolha-da-corte-da-diversidade\/\",\"name\":\"Escolha da Corte da Diversidade - Secretaria de Cultura\",\"isPartOf\":{\"@id\":\"https:\/\/www.pmpf.rs.gov.br\/cultura\/#website\"},\"datePublished\":\"2021-12-21T03:25:17+00:00\",\"dateModified\":\"2021-12-21T03:25:18+00:00\",\"inLanguage\":\"pt-BR\",\"potentialAction\":[{\"@type\":\"ReadAction\",\"target\":[\"https:\/\/www.pmpf.rs.gov.br\/cultura\/escolha-da-corte-da-diversidade\/\"]}]},{\"@type\":\"WebSite\",\"@id\":\"https:\/\/www.pmpf.rs.gov.br\/cultura\/#website\",\"url\":\"https:\/\/www.pmpf.rs.gov.br\/cultura\/\",\"name\":\"Secretaria de Cultura\",\"description\":\"S\u00f3 mais um site Prefeitura de Passo Fundo\",\"potentialAction\":[{\"@type\":\"SearchAction\",\"target\":{\"@type\":\"EntryPoint\",\"urlTemplate\":\"https:\/\/www.pmpf.rs.gov.br\/cultura\/?s={search_term_string}\"},\"query-input\":{\"@type\":\"PropertyValueSpecification\",\"valueRequired\":true,\"valueName\":\"search_term_string\"}}],\"inLanguage\":\"pt-BR\"}]}<\/script>\n<!-- \/ Yoast SEO plugin. -->","yoast_head_json":{"title":"Escolha da Corte da Diversidade - Secretaria de Cultura","robots":{"index":"index","follow":"follow","max-snippet":"max-snippet:-1","max-image-preview":"max-image-preview:large","max-video-preview":"max-video-preview:-1"},"canonical":"https:\/\/www.pmpf.rs.gov.br\/cultura\/escolha-da-corte-da-diversidade\/","og_locale":"pt_BR","og_type":"article","og_title":"Escolha da Corte da Diversidade - Secretaria de Cultura","og_description":"Concurso LGBTI Hoje vivemos em um mundo ainda complicado, onde aos poucos as pessoas est\u00e3o come\u00e7ando a entender o mundo LGBTI, pois h\u00e1 um p\u00fablico um pouco diferenciado por\u00e9m igual a todos [&hellip;]","og_url":"https:\/\/www.pmpf.rs.gov.br\/cultura\/escolha-da-corte-da-diversidade\/","og_site_name":"Secretaria de Cultura","article_modified_time":"2021-12-21T03:25:18+00:00","twitter_card":"summary_large_image","twitter_misc":{"Est. tempo de leitura":"1 minuto"},"schema":{"@context":"https:\/\/schema.org","@graph":[{"@type":"WebPage","@id":"https:\/\/www.pmpf.rs.gov.br\/cultura\/escolha-da-corte-da-diversidade\/","url":"https:\/\/www.pmpf.rs.gov.br\/cultura\/escolha-da-corte-da-diversidade\/","name":"Escolha da Corte da Diversidade - Secretaria de Cultura","isPartOf":{"@id":"https:\/\/www.pmpf.rs.gov.br\/cultura\/#website"},"datePublished":"2021-12-21T03:25:17+00:00","dateModified":"2021-12-21T03:25:18+00:00","inLanguage":"pt-BR","potentialAction":[{"@type":"ReadAction","target":["https:\/\/www.pmpf.rs.gov.br\/cultura\/escolha-da-corte-da-diversidade\/"]}]},{"@type":"WebSite","@id":"https:\/\/www.pmpf.rs.gov.br\/cultura\/#website","url":"https:\/\/www.pmpf.rs.gov.br\/cultura\/","name":"Secretaria de Cultura","description":"S\u00f3 mais um site Prefeitura de Passo Fundo","potentialAction":[{"@type":"SearchAction","target":{"@type":"EntryPoint","urlTemplate":"https:\/\/www.pmpf.rs.gov.br\/cultura\/?s={search_term_string}"},"query-input":{"@type":"PropertyValueSpecification","valueRequired":true,"valueName":"search_term_string"}}],"inLanguage":"pt-BR"}]}},"_links":{"self":[{"href":"https:\/\/www.pmpf.rs.gov.br\/cultura\/wp-json\/wp\/v2\/pages\/276"}],"collection":[{"href":"https:\/\/www.pmpf.rs.gov.br\/cultura\/wp-json\/wp\/v2\/pages"}],"about":[{"href":"https:\/\/www.pmpf.rs.gov.br\/cultura\/wp-json\/wp\/v2\/types\/page"}],"author":[{"embeddable":true,"href":"https:\/\/www.pmpf.rs.gov.br\/cultura\/wp-json\/wp\/v2\/users\/1"}],"replies":[{"embeddable":true,"href":"https:\/\/www.pmpf.rs.gov.br\/cultura\/wp-json\/wp\/v2\/comments?post=276"}],"version-history":[{"count":1,"href":"https:\/\/www.pmpf.rs.gov.br\/cultura\/wp-json\/wp\/v2\/pages\/276\/revisions"}],"predecessor-version":[{"id":277,"href":"https:\/\/www.pmpf.rs.gov.br\/cultura\/wp-json\/wp\/v2\/pages\/276\/revisions\/277"}],"wp:attachment":[{"href":"https:\/\/www.pmpf.rs.gov.br\/cultura\/wp-json\/wp\/v2\/media?parent=276"}],"curies":[{"name":"wp","href":"https:\/\/api.w.org\/{rel}","templated":true}]}}

<h2 class="wp-block-heading">Concurso LGBTI</h2>



<p>Hoje vivemos em um mundo ainda complicado, onde aos poucos as pessoas estão começando a entender o mundo LGBTI, pois há um público um pouco diferenciado porém igual a todos os outros, buscamos o respeito das pessoas e respeitá-las também.</p>



<p>Querem apenas o direito de amar e ser felizes com aquilo que acreditam, sem rótulos, todos temos direitos de construir uma família com base no amor ao próximo.</p>



<p>O concurso da Escolha da Corte da diversidade é uma forma de luta, uma forma de mostrar as pessoas que devem sim lutar por tudo que diz respeito e os torna realizados como ser humano.</p>



<p>A ideia de promover o concurso surgiu a partir do sonho de poder representar a comunidade LGBTI (Lesbicas, Gays, Bissexuais, Transexuais e Intersexos) em sua beleza simpatia e cultura.</p>

<p>Concurso LGBTI Hoje vivemos em um mundo ainda complicado, onde aos poucos as pessoas estão começando a entender o mundo LGBTI, pois há um público um pouco diferenciado porém igual a todos [&hellip;]</p>

<!-- This site is optimized with the Yoast SEO plugin v23.8 - https://yoast.com/wordpress/plugins/seo/ -->
<title>Escolha da Corte da Diversidade - Secretaria de Cultura</title>
<meta name="robots" content="index, follow, max-snippet:-1, max-image-preview:large, max-video-preview:-1" />
<link rel="canonical" href="https://www.pmpf.rs.gov.br/cultura/escolha-da-corte-da-diversidade/" />
<meta property="og:locale" content="pt_BR" />
<meta property="og:type" content="article" />
<meta property="og:title" content="Escolha da Corte da Diversidade - Secretaria de Cultura" />
<meta property="og:description" content="Concurso LGBTI Hoje vivemos em um mundo ainda complicado, onde aos poucos as pessoas estão começando a entender o mundo LGBTI, pois há um público um pouco diferenciado porém igual a todos [&hellip;]" />
<meta property="og:url" content="https://www.pmpf.rs.gov.br/cultura/escolha-da-corte-da-diversidade/" />
<meta property="og:site_name" content="Secretaria de Cultura" />
<meta property="article:modified_time" content="2021-12-21T03:25:18+00:00" />
<meta name="twitter:card" content="summary_large_image" />
<meta name="twitter:label1" content="Est. tempo de leitura" />
	<meta name="twitter:data1" content="1 minuto" />
<script type="application/ld+json" class="yoast-schema-graph">{"@context":"https://schema.org","@graph":[{"@type":"WebPage","@id":"https://www.pmpf.rs.gov.br/cultura/escolha-da-corte-da-diversidade/","url":"https://www.pmpf.rs.gov.br/cultura/escolha-da-corte-da-diversidade/","name":"Escolha da Corte da Diversidade - Secretaria de Cultura","isPartOf":{"@id":"https://www.pmpf.rs.gov.br/cultura/#website"},"datePublished":"2021-12-21T03:25:17+00:00","dateModified":"2021-12-21T03:25:18+00:00","inLanguage":"pt-BR","potentialAction":[{"@type":"ReadAction","target":["https://www.pmpf.rs.gov.br/cultura/escolha-da-corte-da-diversidade/"]}]},{"@type":"WebSite","@id":"https://www.pmpf.rs.gov.br/cultura/#website","url":"https://www.pmpf.rs.gov.br/cultura/","name":"Secretaria de Cultura","description":"Só mais um site Prefeitura de Passo Fundo","potentialAction":[{"@type":"SearchAction","target":{"@type":"EntryPoint","urlTemplate":"https://www.pmpf.rs.gov.br/cultura/?s={search_term_string}"},"query-input":{"@type":"PropertyValueSpecification","valueRequired":true,"valueName":"search_term_string"}}],"inLanguage":"pt-BR"}]}</script>
<!-- / Yoast SEO plugin. -->

Concurso LGBTI Hoje vivemos em um mundo ainda complicado, onde aos poucos as pessoas estão começando a entender o mundo LGBTI, pois há um público um pouco diferenciado porém igual a todos [&hellip;]

Só mais um site Prefeitura de Passo Fundo
