{"id":261,"date":"2021-12-21T00:18:35","date_gmt":"2021-12-21T03:18:35","guid":{"rendered":"https:\/\/www.pmpf.rs.gov.br\/secretaria-de-cultura\/?page_id=261"},"modified":"2021-12-21T00:18:36","modified_gmt":"2021-12-21T03:18:36","slug":"dia-de-finados","status":"publish","type":"page","link":"https:\/\/www.pmpf.rs.gov.br\/cultura\/dia-de-finados\/","title":{"rendered":"Dia de Finados"},"content":{"rendered":"\n<h2 class=\"wp-block-heading\">02 de Novembro<\/h2>\n\n\n\n<p><strong>A forma como cada religi\u00e3o encara a concep\u00e7\u00e3o da vida tem estreita liga\u00e7\u00e3o com a maneira que encaram a morte e os rituais de vel\u00f3rio e enterro.<\/strong><\/p>\n\n\n\n<p>A maioria das pessoas, pela tradi\u00e7\u00e3o cat\u00f3lica brasileira, pensa o ritual de passamento (morte) de algum parente ou amigo com os elementos do vel\u00f3rio por cerca de 24 horas, celebra\u00e7\u00e3o de missa de encomenda\u00e7\u00e3o do corpo, e o enterro, finalizando as homenagens no cemit\u00e9rio. Mas nem todas as religi\u00f5es e cren\u00e7as agem dessa forma. Algumas optam pela crema\u00e7\u00e3o imediata. Outras, por enterro em caix\u00f5es simples. O que \u00e9 igual em todas \u00e9 a realiza\u00e7\u00e3o de algum ritual.<\/p>\n\n\n\n<p>Com a chegada do Dia de Finados, feriado nacional, os adeptos das mais diversas religi\u00f5es encaram o dia de acordo com o que prega a religi\u00e3o na qual acreditam. Para os cat\u00f3licos, por exemplo, o dia normalmente \u00e9 dedicado \u00e0 visita\u00e7\u00e3o dos t\u00famulos, quando tamb\u00e9m aproveitam para levar flores e orar. J\u00e1 os judeus, n\u00e3o celebram o Dia de Finados. Isso ocorre porque a data come\u00e7ou especificamente dentro da religi\u00e3o cat\u00f3lica, conforme explica Gizele Zanotto, professora do programa de p\u00f3s-gradua\u00e7\u00e3o em Hist\u00f3ria da Universidade de Passo Fundo (UPF), pesquisadora e p\u00f3s-doutoranda na Universidad de Buenos Aires (UBA). \u201cA celebra\u00e7\u00e3o de um dia especial para os mortos deriva do calend\u00e1rio lit\u00fargico que determinou o dia 2 de novembro como Dia de Finados em 1311, oficializando uma pr\u00e1tica muito mais antiga que mobilizava os fi\u00e9is a cultuarem sobretudo os m\u00e1rtires e familiares falecidos\u201d.<\/p>\n\n\n\n<p>A tradi\u00e7\u00e3o foi trazida para o Brasil junto com a coloniza\u00e7\u00e3o portuguesa, que mantinha as festas cat\u00f3licas pelo calend\u00e1rio oficial. Por\u00e9m, mesmo ap\u00f3s a instaura\u00e7\u00e3o da Rep\u00fablica em 1889, a for\u00e7a do catolicismo permaneceu, mantendo a celebra\u00e7\u00e3o. Nos tempos atuais, os governos mantiveram o 2 de novembro como feriado civil, atrav\u00e9s da Lei No. 10.607, de 19 de dezembro de 2002. \u201cEmbora seu car\u00e1ter extrapole o catolicismo, pois se trata de um dia dedicado \u00e0 mem\u00f3ria dos mortos, em geral s\u00e3o os ritos desta religi\u00e3o que preponderam no feriado\u201d, completa a pesquisadora.<\/p>\n\n\n\n<p><strong>Significado da morte tem rela\u00e7\u00e3o em como se v\u00ea a vida<\/strong><\/p>\n\n\n\n<p>Para entender como se cultua ou que tipo de ritual cada religi\u00e3o dedica \u00e0 morte \u00e9 preciso entender como cada uma encara tamb\u00e9m a vida. \u201dNas v\u00e1rias culturas religiosas a considera\u00e7\u00e3o da morte e da p\u00f3s-morte s\u00e3o variadas, mas significativas em rela\u00e7\u00e3o \u00e0 pr\u00f3pria concep\u00e7\u00e3o de vida que se t\u00eam. Crer na vida eterna, espiritual ou no fim absoluto incide em como encaramos o nosso cotidiano\u201d, avalia Gizele.<\/p>\n\n\n\n<p>Isso acontece porque, \u201das religi\u00f5es, como discursos que nos inserem neste mundo e nos situam em rela\u00e7\u00e3o a eles, dedicam-se a dar um sentido \u00e0 vida e tamb\u00e9m \u00e0 morte. Se a morte \u00e9 considerada um fim absoluto, o valor dado \u00e0 vida ganha destaque e mesmo um sentido de urg\u00eancia pela felicidade, pela experimenta\u00e7\u00e3o, pela realiza\u00e7\u00e3o. Se for considerada uma passagem, a vida \u00e9 articulada a um estado, espa\u00e7o, dimens\u00e3o, etc. exterior e vinculada a uma realiza\u00e7\u00e3o moral e \u00e9tica pela eleva\u00e7\u00e3o espiritual\u201d.<\/p>\n\n\n\n<p>Os rituais de morte e sepultamento se articulam a esses discursos sobre a vida e a morte de cada tradi\u00e7\u00e3o religiosa. Em Passo Fundo, dada a diversidade religiosa que se t\u00eam no munic\u00edpio, pode-se observar v\u00e1rias formas de condu\u00e7\u00e3o dos ritos f\u00fanebres e v\u00e1rios sentidos legados a morte. \u201cO interessante \u00e9 que em todas as religi\u00f5es h\u00e1 varia\u00e7\u00f5es nas formas de realizar os rituais f\u00fanebres em fun\u00e7\u00e3o de incorpora\u00e7\u00e3o e\/ou elimina\u00e7\u00e3o de pr\u00e1ticas em cada grupo sociocultural espec\u00edfico\u201d, completa.<\/p>\n\n\n\n<p>Cr\u00e9dito: Arquivo\/ON<\/p>\n","protected":false},"excerpt":{"rendered":"<p>02 de Novembro A forma como cada religi\u00e3o encara a concep\u00e7\u00e3o da vida tem estreita liga\u00e7\u00e3o com a maneira que encaram a morte e os rituais de vel\u00f3rio e enterro. A maioria [&hellip;]<\/p>\n","protected":false},"author":1,"featured_media":0,"parent":0,"menu_order":0,"comment_status":"closed","ping_status":"closed","template":"","meta":{"footnotes":""},"class_list":["post-261","page","type-page","status-publish","hentry"],"yoast_head":"<!-- This site is optimized with the Yoast SEO plugin v23.8 - https:\/\/yoast.com\/wordpress\/plugins\/seo\/ -->\n<title>Dia de Finados - Secretaria de Cultura<\/title>\n<meta name=\"robots\" content=\"index, follow, max-snippet:-1, max-image-preview:large, max-video-preview:-1\" \/>\n<link rel=\"canonical\" href=\"https:\/\/www.pmpf.rs.gov.br\/cultura\/dia-de-finados\/\" \/>\n<meta property=\"og:locale\" content=\"pt_BR\" \/>\n<meta property=\"og:type\" content=\"article\" \/>\n<meta property=\"og:title\" content=\"Dia de Finados - Secretaria de Cultura\" \/>\n<meta property=\"og:description\" content=\"02 de Novembro A forma como cada religi\u00e3o encara a concep\u00e7\u00e3o da vida tem estreita liga\u00e7\u00e3o com a maneira que encaram a morte e os rituais de vel\u00f3rio e enterro. A maioria [&hellip;]\" \/>\n<meta property=\"og:url\" content=\"https:\/\/www.pmpf.rs.gov.br\/cultura\/dia-de-finados\/\" \/>\n<meta property=\"og:site_name\" content=\"Secretaria de Cultura\" \/>\n<meta property=\"article:modified_time\" content=\"2021-12-21T03:18:36+00:00\" \/>\n<meta name=\"twitter:card\" content=\"summary_large_image\" \/>\n<meta name=\"twitter:label1\" content=\"Est. tempo de leitura\" \/>\n\t<meta name=\"twitter:data1\" content=\"4 minutos\" \/>\n<script type=\"application\/ld+json\" class=\"yoast-schema-graph\">{\"@context\":\"https:\/\/schema.org\",\"@graph\":[{\"@type\":\"WebPage\",\"@id\":\"https:\/\/www.pmpf.rs.gov.br\/cultura\/dia-de-finados\/\",\"url\":\"https:\/\/www.pmpf.rs.gov.br\/cultura\/dia-de-finados\/\",\"name\":\"Dia de Finados - Secretaria de Cultura\",\"isPartOf\":{\"@id\":\"https:\/\/www.pmpf.rs.gov.br\/cultura\/#website\"},\"datePublished\":\"2021-12-21T03:18:35+00:00\",\"dateModified\":\"2021-12-21T03:18:36+00:00\",\"inLanguage\":\"pt-BR\",\"potentialAction\":[{\"@type\":\"ReadAction\",\"target\":[\"https:\/\/www.pmpf.rs.gov.br\/cultura\/dia-de-finados\/\"]}]},{\"@type\":\"WebSite\",\"@id\":\"https:\/\/www.pmpf.rs.gov.br\/cultura\/#website\",\"url\":\"https:\/\/www.pmpf.rs.gov.br\/cultura\/\",\"name\":\"Secretaria de Cultura\",\"description\":\"S\u00f3 mais um site Prefeitura de Passo Fundo\",\"potentialAction\":[{\"@type\":\"SearchAction\",\"target\":{\"@type\":\"EntryPoint\",\"urlTemplate\":\"https:\/\/www.pmpf.rs.gov.br\/cultura\/?s={search_term_string}\"},\"query-input\":{\"@type\":\"PropertyValueSpecification\",\"valueRequired\":true,\"valueName\":\"search_term_string\"}}],\"inLanguage\":\"pt-BR\"}]}<\/script>\n<!-- \/ Yoast SEO plugin. -->","yoast_head_json":{"title":"Dia de Finados - Secretaria de Cultura","robots":{"index":"index","follow":"follow","max-snippet":"max-snippet:-1","max-image-preview":"max-image-preview:large","max-video-preview":"max-video-preview:-1"},"canonical":"https:\/\/www.pmpf.rs.gov.br\/cultura\/dia-de-finados\/","og_locale":"pt_BR","og_type":"article","og_title":"Dia de Finados - Secretaria de Cultura","og_description":"02 de Novembro A forma como cada religi\u00e3o encara a concep\u00e7\u00e3o da vida tem estreita liga\u00e7\u00e3o com a maneira que encaram a morte e os rituais de vel\u00f3rio e enterro. A maioria [&hellip;]","og_url":"https:\/\/www.pmpf.rs.gov.br\/cultura\/dia-de-finados\/","og_site_name":"Secretaria de Cultura","article_modified_time":"2021-12-21T03:18:36+00:00","twitter_card":"summary_large_image","twitter_misc":{"Est. tempo de leitura":"4 minutos"},"schema":{"@context":"https:\/\/schema.org","@graph":[{"@type":"WebPage","@id":"https:\/\/www.pmpf.rs.gov.br\/cultura\/dia-de-finados\/","url":"https:\/\/www.pmpf.rs.gov.br\/cultura\/dia-de-finados\/","name":"Dia de Finados - Secretaria de Cultura","isPartOf":{"@id":"https:\/\/www.pmpf.rs.gov.br\/cultura\/#website"},"datePublished":"2021-12-21T03:18:35+00:00","dateModified":"2021-12-21T03:18:36+00:00","inLanguage":"pt-BR","potentialAction":[{"@type":"ReadAction","target":["https:\/\/www.pmpf.rs.gov.br\/cultura\/dia-de-finados\/"]}]},{"@type":"WebSite","@id":"https:\/\/www.pmpf.rs.gov.br\/cultura\/#website","url":"https:\/\/www.pmpf.rs.gov.br\/cultura\/","name":"Secretaria de Cultura","description":"S\u00f3 mais um site Prefeitura de Passo Fundo","potentialAction":[{"@type":"SearchAction","target":{"@type":"EntryPoint","urlTemplate":"https:\/\/www.pmpf.rs.gov.br\/cultura\/?s={search_term_string}"},"query-input":{"@type":"PropertyValueSpecification","valueRequired":true,"valueName":"search_term_string"}}],"inLanguage":"pt-BR"}]}},"_links":{"self":[{"href":"https:\/\/www.pmpf.rs.gov.br\/cultura\/wp-json\/wp\/v2\/pages\/261"}],"collection":[{"href":"https:\/\/www.pmpf.rs.gov.br\/cultura\/wp-json\/wp\/v2\/pages"}],"about":[{"href":"https:\/\/www.pmpf.rs.gov.br\/cultura\/wp-json\/wp\/v2\/types\/page"}],"author":[{"embeddable":true,"href":"https:\/\/www.pmpf.rs.gov.br\/cultura\/wp-json\/wp\/v2\/users\/1"}],"replies":[{"embeddable":true,"href":"https:\/\/www.pmpf.rs.gov.br\/cultura\/wp-json\/wp\/v2\/comments?post=261"}],"version-history":[{"count":1,"href":"https:\/\/www.pmpf.rs.gov.br\/cultura\/wp-json\/wp\/v2\/pages\/261\/revisions"}],"predecessor-version":[{"id":262,"href":"https:\/\/www.pmpf.rs.gov.br\/cultura\/wp-json\/wp\/v2\/pages\/261\/revisions\/262"}],"wp:attachment":[{"href":"https:\/\/www.pmpf.rs.gov.br\/cultura\/wp-json\/wp\/v2\/media?parent=261"}],"curies":[{"name":"wp","href":"https:\/\/api.w.org\/{rel}","templated":true}]}}

<h2 class="wp-block-heading">02 de Novembro</h2>



<p><strong>A forma como cada religião encara a concepção da vida tem estreita ligação com a maneira que encaram a morte e os rituais de velório e enterro.</strong></p>



<p>A maioria das pessoas, pela tradição católica brasileira, pensa o ritual de passamento (morte) de algum parente ou amigo com os elementos do velório por cerca de 24 horas, celebração de missa de encomendação do corpo, e o enterro, finalizando as homenagens no cemitério. Mas nem todas as religiões e crenças agem dessa forma. Algumas optam pela cremação imediata. Outras, por enterro em caixões simples. O que é igual em todas é a realização de algum ritual.</p>



<p>Com a chegada do Dia de Finados, feriado nacional, os adeptos das mais diversas religiões encaram o dia de acordo com o que prega a religião na qual acreditam. Para os católicos, por exemplo, o dia normalmente é dedicado à visitação dos túmulos, quando também aproveitam para levar flores e orar. Já os judeus, não celebram o Dia de Finados. Isso ocorre porque a data começou especificamente dentro da religião católica, conforme explica Gizele Zanotto, professora do programa de pós-graduação em História da Universidade de Passo Fundo (UPF), pesquisadora e pós-doutoranda na Universidad de Buenos Aires (UBA). “A celebração de um dia especial para os mortos deriva do calendário litúrgico que determinou o dia 2 de novembro como Dia de Finados em 1311, oficializando uma prática muito mais antiga que mobilizava os fiéis a cultuarem sobretudo os mártires e familiares falecidos”.</p>



<p>A tradição foi trazida para o Brasil junto com a colonização portuguesa, que mantinha as festas católicas pelo calendário oficial. Porém, mesmo após a instauração da República em 1889, a força do catolicismo permaneceu, mantendo a celebração. Nos tempos atuais, os governos mantiveram o 2 de novembro como feriado civil, através da Lei No. 10.607, de 19 de dezembro de 2002. “Embora seu caráter extrapole o catolicismo, pois se trata de um dia dedicado à memória dos mortos, em geral são os ritos desta religião que preponderam no feriado”, completa a pesquisadora.</p>



<p><strong>Significado da morte tem relação em como se vê a vida</strong></p>



<p>Para entender como se cultua ou que tipo de ritual cada religião dedica à morte é preciso entender como cada uma encara também a vida. ”Nas várias culturas religiosas a consideração da morte e da pós-morte são variadas, mas significativas em relação à própria concepção de vida que se têm. Crer na vida eterna, espiritual ou no fim absoluto incide em como encaramos o nosso cotidiano”, avalia Gizele.</p>



<p>Isso acontece porque, ”as religiões, como discursos que nos inserem neste mundo e nos situam em relação a eles, dedicam-se a dar um sentido à vida e também à morte. Se a morte é considerada um fim absoluto, o valor dado à vida ganha destaque e mesmo um sentido de urgência pela felicidade, pela experimentação, pela realização. Se for considerada uma passagem, a vida é articulada a um estado, espaço, dimensão, etc. exterior e vinculada a uma realização moral e ética pela elevação espiritual”.</p>



<p>Os rituais de morte e sepultamento se articulam a esses discursos sobre a vida e a morte de cada tradição religiosa. Em Passo Fundo, dada a diversidade religiosa que se têm no município, pode-se observar várias formas de condução dos ritos fúnebres e vários sentidos legados a morte. “O interessante é que em todas as religiões há variações nas formas de realizar os rituais fúnebres em função de incorporação e/ou eliminação de práticas em cada grupo sociocultural específico”, completa.</p>



<p>Crédito: Arquivo/ON</p>

<p>02 de Novembro A forma como cada religião encara a concepção da vida tem estreita ligação com a maneira que encaram a morte e os rituais de velório e enterro. A maioria [&hellip;]</p>

<!-- This site is optimized with the Yoast SEO plugin v23.8 - https://yoast.com/wordpress/plugins/seo/ -->
<title>Dia de Finados - Secretaria de Cultura</title>
<meta name="robots" content="index, follow, max-snippet:-1, max-image-preview:large, max-video-preview:-1" />
<link rel="canonical" href="https://www.pmpf.rs.gov.br/cultura/dia-de-finados/" />
<meta property="og:locale" content="pt_BR" />
<meta property="og:type" content="article" />
<meta property="og:title" content="Dia de Finados - Secretaria de Cultura" />
<meta property="og:description" content="02 de Novembro A forma como cada religião encara a concepção da vida tem estreita ligação com a maneira que encaram a morte e os rituais de velório e enterro. A maioria [&hellip;]" />
<meta property="og:url" content="https://www.pmpf.rs.gov.br/cultura/dia-de-finados/" />
<meta property="og:site_name" content="Secretaria de Cultura" />
<meta property="article:modified_time" content="2021-12-21T03:18:36+00:00" />
<meta name="twitter:card" content="summary_large_image" />
<meta name="twitter:label1" content="Est. tempo de leitura" />
	<meta name="twitter:data1" content="4 minutos" />
<script type="application/ld+json" class="yoast-schema-graph">{"@context":"https://schema.org","@graph":[{"@type":"WebPage","@id":"https://www.pmpf.rs.gov.br/cultura/dia-de-finados/","url":"https://www.pmpf.rs.gov.br/cultura/dia-de-finados/","name":"Dia de Finados - Secretaria de Cultura","isPartOf":{"@id":"https://www.pmpf.rs.gov.br/cultura/#website"},"datePublished":"2021-12-21T03:18:35+00:00","dateModified":"2021-12-21T03:18:36+00:00","inLanguage":"pt-BR","potentialAction":[{"@type":"ReadAction","target":["https://www.pmpf.rs.gov.br/cultura/dia-de-finados/"]}]},{"@type":"WebSite","@id":"https://www.pmpf.rs.gov.br/cultura/#website","url":"https://www.pmpf.rs.gov.br/cultura/","name":"Secretaria de Cultura","description":"Só mais um site Prefeitura de Passo Fundo","potentialAction":[{"@type":"SearchAction","target":{"@type":"EntryPoint","urlTemplate":"https://www.pmpf.rs.gov.br/cultura/?s={search_term_string}"},"query-input":{"@type":"PropertyValueSpecification","valueRequired":true,"valueName":"search_term_string"}}],"inLanguage":"pt-BR"}]}</script>
<!-- / Yoast SEO plugin. -->

02 de Novembro A forma como cada religião encara a concepção da vida tem estreita ligação com a maneira que encaram a morte e os rituais de velório e enterro. A maioria [&hellip;]

Só mais um site Prefeitura de Passo Fundo
