{"id":257,"date":"2021-12-21T00:17:18","date_gmt":"2021-12-21T03:17:18","guid":{"rendered":"https:\/\/www.pmpf.rs.gov.br\/secretaria-de-cultura\/?page_id=257"},"modified":"2021-12-21T00:17:18","modified_gmt":"2021-12-21T03:17:18","slug":"capoeira-em-acao","status":"publish","type":"page","link":"https:\/\/www.pmpf.rs.gov.br\/cultura\/capoeira-em-acao\/","title":{"rendered":"Capoeira em A\u00e7\u00e3o"},"content":{"rendered":"\n<h2 class=\"wp-block-heading\">Destaques de nossa cidade<\/h2>\n\n\n\n<div class=\"wp-block-image\"><figure class=\"alignleft size-full is-resized\"><img loading=\"lazy\" decoding=\"async\" src=\"https:\/\/www.pmpf.rs.gov.br\/secretaria-de-cultura\/wp-content\/uploads\/sites\/25\/2021\/12\/I2018-09-04_14_08_06_106220.jpg\" alt=\"\" class=\"wp-image-258\" width=\"271\" height=\"210\" srcset=\"https:\/\/www.pmpf.rs.gov.br\/cultura\/wp-content\/uploads\/sites\/25\/2021\/12\/I2018-09-04_14_08_06_106220.jpg 310w, https:\/\/www.pmpf.rs.gov.br\/cultura\/wp-content\/uploads\/sites\/25\/2021\/12\/I2018-09-04_14_08_06_106220-300x232.jpg 300w\" sizes=\"(max-width: 271px) 100vw, 271px\" \/><\/figure><\/div>\n\n\n\n<p>Atrav\u00e9s da Abad\u00e1 Capoeira &#8211; Associa\u00e7\u00e3o Brasileira de Apoio e Desenvolvimento da Arte Capoeira \u2013 Passo Fundo \u00e9 refer\u00eancia no sul do pa\u00eds. O campe\u00e3o ga\u00facho, o campe\u00e3o dos jogos do interior, e os destaques femininos s\u00e3o atletas de Passo Fundo. Nos jogos realizados em Veran\u00f3polis, no \u00faltimo final de semana, a equipe de passo-fundense obteve classifica\u00e7\u00e3o para os Jogos Brasileiros, em agostos deste ano no Rio de janeiro.<\/p>\n\n\n\n<p><strong>Os destaques<\/strong><br>Na equipe de Passo Fundo, atletas obtiveram o t\u00edtulo de campe\u00e3o, vice e outras coloca\u00e7\u00f5es destacadas, em diversas categorias e disputando os melhores jogos. O grupo, orientado pelo professor Reinaldo Velasquez, totalizou 25 conquistas. Os destaques foram Reinaldo Velasques, Eduardo Mattos, Matheus Silva, Paulo.<\/p>\n\n\n\n<p>Fonte: O Nacional<\/p>\n","protected":false},"excerpt":{"rendered":"<p>Destaques de nossa cidade Atrav\u00e9s da Abad\u00e1 Capoeira &#8211; Associa\u00e7\u00e3o Brasileira de Apoio e Desenvolvimento da Arte Capoeira \u2013 Passo Fundo \u00e9 refer\u00eancia no sul do pa\u00eds. O campe\u00e3o ga\u00facho, o campe\u00e3o [&hellip;]<\/p>\n","protected":false},"author":1,"featured_media":0,"parent":0,"menu_order":0,"comment_status":"closed","ping_status":"closed","template":"","meta":{"footnotes":""},"class_list":["post-257","page","type-page","status-publish","hentry"],"yoast_head":"<!-- This site is optimized with the Yoast SEO plugin v23.8 - https:\/\/yoast.com\/wordpress\/plugins\/seo\/ -->\n<title>Capoeira em A\u00e7\u00e3o - Secretaria de Cultura<\/title>\n<meta name=\"robots\" content=\"index, follow, max-snippet:-1, max-image-preview:large, max-video-preview:-1\" \/>\n<link rel=\"canonical\" href=\"https:\/\/www.pmpf.rs.gov.br\/cultura\/capoeira-em-acao\/\" \/>\n<meta property=\"og:locale\" content=\"pt_BR\" \/>\n<meta property=\"og:type\" content=\"article\" \/>\n<meta property=\"og:title\" content=\"Capoeira em A\u00e7\u00e3o - Secretaria de Cultura\" \/>\n<meta property=\"og:description\" content=\"Destaques de nossa cidade Atrav\u00e9s da Abad\u00e1 Capoeira &#8211; Associa\u00e7\u00e3o Brasileira de Apoio e Desenvolvimento da Arte Capoeira \u2013 Passo Fundo \u00e9 refer\u00eancia no sul do pa\u00eds. O campe\u00e3o ga\u00facho, o campe\u00e3o [&hellip;]\" \/>\n<meta property=\"og:url\" content=\"https:\/\/www.pmpf.rs.gov.br\/cultura\/capoeira-em-acao\/\" \/>\n<meta property=\"og:site_name\" content=\"Secretaria de Cultura\" \/>\n<meta property=\"og:image\" content=\"https:\/\/www.pmpf.rs.gov.br\/secretaria-de-cultura\/wp-content\/uploads\/sites\/25\/2021\/12\/I2018-09-04_14_08_06_106220.jpg\" \/>\n<meta name=\"twitter:card\" content=\"summary_large_image\" \/>\n<meta name=\"twitter:label1\" content=\"Est. tempo de leitura\" \/>\n\t<meta name=\"twitter:data1\" content=\"1 minuto\" \/>\n<script type=\"application\/ld+json\" class=\"yoast-schema-graph\">{\"@context\":\"https:\/\/schema.org\",\"@graph\":[{\"@type\":\"WebPage\",\"@id\":\"https:\/\/www.pmpf.rs.gov.br\/cultura\/capoeira-em-acao\/\",\"url\":\"https:\/\/www.pmpf.rs.gov.br\/cultura\/capoeira-em-acao\/\",\"name\":\"Capoeira em A\u00e7\u00e3o - Secretaria de Cultura\",\"isPartOf\":{\"@id\":\"https:\/\/www.pmpf.rs.gov.br\/cultura\/#website\"},\"primaryImageOfPage\":{\"@id\":\"https:\/\/www.pmpf.rs.gov.br\/cultura\/capoeira-em-acao\/#primaryimage\"},\"image\":{\"@id\":\"https:\/\/www.pmpf.rs.gov.br\/cultura\/capoeira-em-acao\/#primaryimage\"},\"thumbnailUrl\":\"https:\/\/www.pmpf.rs.gov.br\/secretaria-de-cultura\/wp-content\/uploads\/sites\/25\/2021\/12\/I2018-09-04_14_08_06_106220.jpg\",\"datePublished\":\"2021-12-21T03:17:18+00:00\",\"dateModified\":\"2021-12-21T03:17:18+00:00\",\"inLanguage\":\"pt-BR\",\"potentialAction\":[{\"@type\":\"ReadAction\",\"target\":[\"https:\/\/www.pmpf.rs.gov.br\/cultura\/capoeira-em-acao\/\"]}]},{\"@type\":\"ImageObject\",\"inLanguage\":\"pt-BR\",\"@id\":\"https:\/\/www.pmpf.rs.gov.br\/cultura\/capoeira-em-acao\/#primaryimage\",\"url\":\"https:\/\/www.pmpf.rs.gov.br\/secretaria-de-cultura\/wp-content\/uploads\/sites\/25\/2021\/12\/I2018-09-04_14_08_06_106220.jpg\",\"contentUrl\":\"https:\/\/www.pmpf.rs.gov.br\/secretaria-de-cultura\/wp-content\/uploads\/sites\/25\/2021\/12\/I2018-09-04_14_08_06_106220.jpg\"},{\"@type\":\"WebSite\",\"@id\":\"https:\/\/www.pmpf.rs.gov.br\/cultura\/#website\",\"url\":\"https:\/\/www.pmpf.rs.gov.br\/cultura\/\",\"name\":\"Secretaria de Cultura\",\"description\":\"S\u00f3 mais um site Prefeitura de Passo Fundo\",\"potentialAction\":[{\"@type\":\"SearchAction\",\"target\":{\"@type\":\"EntryPoint\",\"urlTemplate\":\"https:\/\/www.pmpf.rs.gov.br\/cultura\/?s={search_term_string}\"},\"query-input\":{\"@type\":\"PropertyValueSpecification\",\"valueRequired\":true,\"valueName\":\"search_term_string\"}}],\"inLanguage\":\"pt-BR\"}]}<\/script>\n<!-- \/ Yoast SEO plugin. -->","yoast_head_json":{"title":"Capoeira em A\u00e7\u00e3o - Secretaria de Cultura","robots":{"index":"index","follow":"follow","max-snippet":"max-snippet:-1","max-image-preview":"max-image-preview:large","max-video-preview":"max-video-preview:-1"},"canonical":"https:\/\/www.pmpf.rs.gov.br\/cultura\/capoeira-em-acao\/","og_locale":"pt_BR","og_type":"article","og_title":"Capoeira em A\u00e7\u00e3o - Secretaria de Cultura","og_description":"Destaques de nossa cidade Atrav\u00e9s da Abad\u00e1 Capoeira &#8211; Associa\u00e7\u00e3o Brasileira de Apoio e Desenvolvimento da Arte Capoeira \u2013 Passo Fundo \u00e9 refer\u00eancia no sul do pa\u00eds. O campe\u00e3o ga\u00facho, o campe\u00e3o [&hellip;]","og_url":"https:\/\/www.pmpf.rs.gov.br\/cultura\/capoeira-em-acao\/","og_site_name":"Secretaria de Cultura","og_image":[{"url":"https:\/\/www.pmpf.rs.gov.br\/secretaria-de-cultura\/wp-content\/uploads\/sites\/25\/2021\/12\/I2018-09-04_14_08_06_106220.jpg"}],"twitter_card":"summary_large_image","twitter_misc":{"Est. tempo de leitura":"1 minuto"},"schema":{"@context":"https:\/\/schema.org","@graph":[{"@type":"WebPage","@id":"https:\/\/www.pmpf.rs.gov.br\/cultura\/capoeira-em-acao\/","url":"https:\/\/www.pmpf.rs.gov.br\/cultura\/capoeira-em-acao\/","name":"Capoeira em A\u00e7\u00e3o - Secretaria de Cultura","isPartOf":{"@id":"https:\/\/www.pmpf.rs.gov.br\/cultura\/#website"},"primaryImageOfPage":{"@id":"https:\/\/www.pmpf.rs.gov.br\/cultura\/capoeira-em-acao\/#primaryimage"},"image":{"@id":"https:\/\/www.pmpf.rs.gov.br\/cultura\/capoeira-em-acao\/#primaryimage"},"thumbnailUrl":"https:\/\/www.pmpf.rs.gov.br\/secretaria-de-cultura\/wp-content\/uploads\/sites\/25\/2021\/12\/I2018-09-04_14_08_06_106220.jpg","datePublished":"2021-12-21T03:17:18+00:00","dateModified":"2021-12-21T03:17:18+00:00","inLanguage":"pt-BR","potentialAction":[{"@type":"ReadAction","target":["https:\/\/www.pmpf.rs.gov.br\/cultura\/capoeira-em-acao\/"]}]},{"@type":"ImageObject","inLanguage":"pt-BR","@id":"https:\/\/www.pmpf.rs.gov.br\/cultura\/capoeira-em-acao\/#primaryimage","url":"https:\/\/www.pmpf.rs.gov.br\/secretaria-de-cultura\/wp-content\/uploads\/sites\/25\/2021\/12\/I2018-09-04_14_08_06_106220.jpg","contentUrl":"https:\/\/www.pmpf.rs.gov.br\/secretaria-de-cultura\/wp-content\/uploads\/sites\/25\/2021\/12\/I2018-09-04_14_08_06_106220.jpg"},{"@type":"WebSite","@id":"https:\/\/www.pmpf.rs.gov.br\/cultura\/#website","url":"https:\/\/www.pmpf.rs.gov.br\/cultura\/","name":"Secretaria de Cultura","description":"S\u00f3 mais um site Prefeitura de Passo Fundo","potentialAction":[{"@type":"SearchAction","target":{"@type":"EntryPoint","urlTemplate":"https:\/\/www.pmpf.rs.gov.br\/cultura\/?s={search_term_string}"},"query-input":{"@type":"PropertyValueSpecification","valueRequired":true,"valueName":"search_term_string"}}],"inLanguage":"pt-BR"}]}},"_links":{"self":[{"href":"https:\/\/www.pmpf.rs.gov.br\/cultura\/wp-json\/wp\/v2\/pages\/257"}],"collection":[{"href":"https:\/\/www.pmpf.rs.gov.br\/cultura\/wp-json\/wp\/v2\/pages"}],"about":[{"href":"https:\/\/www.pmpf.rs.gov.br\/cultura\/wp-json\/wp\/v2\/types\/page"}],"author":[{"embeddable":true,"href":"https:\/\/www.pmpf.rs.gov.br\/cultura\/wp-json\/wp\/v2\/users\/1"}],"replies":[{"embeddable":true,"href":"https:\/\/www.pmpf.rs.gov.br\/cultura\/wp-json\/wp\/v2\/comments?post=257"}],"version-history":[{"count":1,"href":"https:\/\/www.pmpf.rs.gov.br\/cultura\/wp-json\/wp\/v2\/pages\/257\/revisions"}],"predecessor-version":[{"id":259,"href":"https:\/\/www.pmpf.rs.gov.br\/cultura\/wp-json\/wp\/v2\/pages\/257\/revisions\/259"}],"wp:attachment":[{"href":"https:\/\/www.pmpf.rs.gov.br\/cultura\/wp-json\/wp\/v2\/media?parent=257"}],"curies":[{"name":"wp","href":"https:\/\/api.w.org\/{rel}","templated":true}]}}

Capoeira em Ação

<h2 class="wp-block-heading">Destaques de nossa cidade</h2>



<div class="wp-block-image"><figure class="alignleft size-full is-resized"><img loading="lazy" decoding="async" src="https://www.pmpf.rs.gov.br/secretaria-de-cultura/wp-content/uploads/sites/25/2021/12/I2018-09-04_14_08_06_106220.jpg" alt="" class="wp-image-258" width="271" height="210" srcset="https://www.pmpf.rs.gov.br/cultura/wp-content/uploads/sites/25/2021/12/I2018-09-04_14_08_06_106220.jpg 310w, https://www.pmpf.rs.gov.br/cultura/wp-content/uploads/sites/25/2021/12/I2018-09-04_14_08_06_106220-300x232.jpg 300w" sizes="(max-width: 271px) 100vw, 271px" /></figure></div>



<p>Através da Abadá Capoeira &#8211; Associação Brasileira de Apoio e Desenvolvimento da Arte Capoeira – Passo Fundo é referência no sul do país. O campeão gaúcho, o campeão dos jogos do interior, e os destaques femininos são atletas de Passo Fundo. Nos jogos realizados em Veranópolis, no último final de semana, a equipe de passo-fundense obteve classificação para os Jogos Brasileiros, em agostos deste ano no Rio de janeiro.</p>



<p><strong>Os destaques</strong><br>Na equipe de Passo Fundo, atletas obtiveram o título de campeão, vice e outras colocações destacadas, em diversas categorias e disputando os melhores jogos. O grupo, orientado pelo professor Reinaldo Velasquez, totalizou 25 conquistas. Os destaques foram Reinaldo Velasques, Eduardo Mattos, Matheus Silva, Paulo.</p>



<p>Fonte: O Nacional</p>

<p>Destaques de nossa cidade Através da Abadá Capoeira &#8211; Associação Brasileira de Apoio e Desenvolvimento da Arte Capoeira – Passo Fundo é referência no sul do país. O campeão gaúcho, o campeão [&hellip;]</p>

<!-- This site is optimized with the Yoast SEO plugin v23.8 - https://yoast.com/wordpress/plugins/seo/ -->
<title>Capoeira em Ação - Secretaria de Cultura</title>
<meta name="robots" content="index, follow, max-snippet:-1, max-image-preview:large, max-video-preview:-1" />
<link rel="canonical" href="https://www.pmpf.rs.gov.br/cultura/capoeira-em-acao/" />
<meta property="og:locale" content="pt_BR" />
<meta property="og:type" content="article" />
<meta property="og:title" content="Capoeira em Ação - Secretaria de Cultura" />
<meta property="og:description" content="Destaques de nossa cidade Através da Abadá Capoeira &#8211; Associação Brasileira de Apoio e Desenvolvimento da Arte Capoeira – Passo Fundo é referência no sul do país. O campeão gaúcho, o campeão [&hellip;]" />
<meta property="og:url" content="https://www.pmpf.rs.gov.br/cultura/capoeira-em-acao/" />
<meta property="og:site_name" content="Secretaria de Cultura" />
<meta property="og:image" content="https://www.pmpf.rs.gov.br/secretaria-de-cultura/wp-content/uploads/sites/25/2021/12/I2018-09-04_14_08_06_106220.jpg" />
<meta name="twitter:card" content="summary_large_image" />
<meta name="twitter:label1" content="Est. tempo de leitura" />
	<meta name="twitter:data1" content="1 minuto" />
<script type="application/ld+json" class="yoast-schema-graph">{"@context":"https://schema.org","@graph":[{"@type":"WebPage","@id":"https://www.pmpf.rs.gov.br/cultura/capoeira-em-acao/","url":"https://www.pmpf.rs.gov.br/cultura/capoeira-em-acao/","name":"Capoeira em Ação - Secretaria de Cultura","isPartOf":{"@id":"https://www.pmpf.rs.gov.br/cultura/#website"},"primaryImageOfPage":{"@id":"https://www.pmpf.rs.gov.br/cultura/capoeira-em-acao/#primaryimage"},"image":{"@id":"https://www.pmpf.rs.gov.br/cultura/capoeira-em-acao/#primaryimage"},"thumbnailUrl":"https://www.pmpf.rs.gov.br/secretaria-de-cultura/wp-content/uploads/sites/25/2021/12/I2018-09-04_14_08_06_106220.jpg","datePublished":"2021-12-21T03:17:18+00:00","dateModified":"2021-12-21T03:17:18+00:00","inLanguage":"pt-BR","potentialAction":[{"@type":"ReadAction","target":["https://www.pmpf.rs.gov.br/cultura/capoeira-em-acao/"]}]},{"@type":"ImageObject","inLanguage":"pt-BR","@id":"https://www.pmpf.rs.gov.br/cultura/capoeira-em-acao/#primaryimage","url":"https://www.pmpf.rs.gov.br/secretaria-de-cultura/wp-content/uploads/sites/25/2021/12/I2018-09-04_14_08_06_106220.jpg","contentUrl":"https://www.pmpf.rs.gov.br/secretaria-de-cultura/wp-content/uploads/sites/25/2021/12/I2018-09-04_14_08_06_106220.jpg"},{"@type":"WebSite","@id":"https://www.pmpf.rs.gov.br/cultura/#website","url":"https://www.pmpf.rs.gov.br/cultura/","name":"Secretaria de Cultura","description":"Só mais um site Prefeitura de Passo Fundo","potentialAction":[{"@type":"SearchAction","target":{"@type":"EntryPoint","urlTemplate":"https://www.pmpf.rs.gov.br/cultura/?s={search_term_string}"},"query-input":{"@type":"PropertyValueSpecification","valueRequired":true,"valueName":"search_term_string"}}],"inLanguage":"pt-BR"}]}</script>
<!-- / Yoast SEO plugin. -->

Capoeira em Ação - Secretaria de Cultura

Destaques de nossa cidade Através da Abadá Capoeira &#8211; Associação Brasileira de Apoio e Desenvolvimento da Arte Capoeira – Passo Fundo é referência no sul do país. O campeão gaúcho, o campeão [&hellip;]

Só mais um site Prefeitura de Passo Fundo
