{"id":239,"date":"2021-12-21T00:11:22","date_gmt":"2021-12-21T03:11:22","guid":{"rendered":"https:\/\/www.pmpf.rs.gov.br\/secretaria-de-cultura\/?page_id=239"},"modified":"2021-12-21T00:11:22","modified_gmt":"2021-12-21T03:11:22","slug":"canto-galponeiro","status":"publish","type":"page","link":"https:\/\/www.pmpf.rs.gov.br\/cultura\/canto-galponeiro\/","title":{"rendered":"Canto Galponeiro"},"content":{"rendered":"\n<h2 class=\"wp-block-heading\">Festival de m\u00fasica galponeira<\/h2>\n\n\n\n<figure class=\"wp-block-gallery columns-3 is-cropped wp-block-gallery-1 is-layout-flex wp-block-gallery-is-layout-flex\"><ul class=\"blocks-gallery-grid\"><li class=\"blocks-gallery-item\"><figure><img loading=\"lazy\" decoding=\"async\" width=\"300\" height=\"164\" src=\"https:\/\/www.pmpf.rs.gov.br\/secretaria-de-cultura\/wp-content\/uploads\/sites\/25\/2021\/12\/I2018-04-12_16_29_55_106220.jpeg\" alt=\"\" data-id=\"240\" data-full-url=\"https:\/\/www.pmpf.rs.gov.br\/secretaria-de-cultura\/wp-content\/uploads\/sites\/25\/2021\/12\/I2018-04-12_16_29_55_106220.jpeg\" data-link=\"https:\/\/www.pmpf.rs.gov.br\/secretaria-de-cultura\/?attachment_id=240\" class=\"wp-image-240\"\/><\/figure><\/li><li class=\"blocks-gallery-item\"><figure><img loading=\"lazy\" decoding=\"async\" width=\"276\" height=\"160\" src=\"https:\/\/www.pmpf.rs.gov.br\/secretaria-de-cultura\/wp-content\/uploads\/sites\/25\/2021\/12\/I2018-04-12_16_31_42_106220.jpeg\" alt=\"\" data-id=\"241\" data-full-url=\"https:\/\/www.pmpf.rs.gov.br\/secretaria-de-cultura\/wp-content\/uploads\/sites\/25\/2021\/12\/I2018-04-12_16_31_42_106220.jpeg\" data-link=\"https:\/\/www.pmpf.rs.gov.br\/secretaria-de-cultura\/?attachment_id=241\" class=\"wp-image-241\"\/><\/figure><\/li><li class=\"blocks-gallery-item\"><figure><img loading=\"lazy\" decoding=\"async\" width=\"276\" height=\"160\" src=\"https:\/\/www.pmpf.rs.gov.br\/secretaria-de-cultura\/wp-content\/uploads\/sites\/25\/2021\/12\/I2018-04-12_16_32_18_106220.jpeg\" alt=\"\" data-id=\"242\" data-full-url=\"https:\/\/www.pmpf.rs.gov.br\/secretaria-de-cultura\/wp-content\/uploads\/sites\/25\/2021\/12\/I2018-04-12_16_32_18_106220.jpeg\" data-link=\"https:\/\/www.pmpf.rs.gov.br\/secretaria-de-cultura\/?attachment_id=242\" class=\"wp-image-242\"\/><\/figure><\/li><li class=\"blocks-gallery-item\"><figure><img loading=\"lazy\" decoding=\"async\" width=\"287\" height=\"161\" src=\"https:\/\/www.pmpf.rs.gov.br\/secretaria-de-cultura\/wp-content\/uploads\/sites\/25\/2021\/12\/I2018-04-12_16_33_02_106220.jpeg\" alt=\"\" data-id=\"243\" data-full-url=\"https:\/\/www.pmpf.rs.gov.br\/secretaria-de-cultura\/wp-content\/uploads\/sites\/25\/2021\/12\/I2018-04-12_16_33_02_106220.jpeg\" data-link=\"https:\/\/www.pmpf.rs.gov.br\/secretaria-de-cultura\/?attachment_id=243\" class=\"wp-image-243\"\/><\/figure><\/li><\/ul><\/figure>\n\n\n\n<p>O Festival Galponeiro tem por finalidade o regresso \u00e0s origens que significa uma redescoberta das fontes dos mais genu\u00ednos valores culturais do nosso estado, os quais devem ser aprimorados e mantidos.<\/p>\n\n\n\n<p>Faz-se isso atrav\u00e9s do cultivo \u00e0 tem\u00e1tica regional com a apresenta\u00e7\u00e3o de m\u00fasicas galponeiras, buscando a preserva\u00e7\u00e3o da cultura musical, liter\u00e1ria e hist\u00f3rica do Estado do Rio Grande do Sul. Pretende-se com isso contribuir para o resgate de uma consci\u00eancia ga\u00facha.<\/p>\n\n\n\n<p>Tendo em vista a falta de um evento como esse em Passo Fundo \u00e9 que se justifica a realiza\u00e7\u00e3o desse Festival que busca, al\u00e9m de acender o gosto pelo nativismo ga\u00facho, demonstrar emo\u00e7\u00f5es que traduzam, em versos, o amor pela nossa cultura, pela nossa terra.<\/p>\n\n\n\n<p><a href=\"http:\/\/www.cantogalponeiro.com.br\/\" target=\"_blank\" rel=\"noreferrer noopener\">Saiba mais.<\/a><\/p>\n","protected":false},"excerpt":{"rendered":"<p>Festival de m\u00fasica galponeira O Festival Galponeiro tem por finalidade o regresso \u00e0s origens que significa uma redescoberta das fontes dos mais genu\u00ednos valores culturais do nosso estado, os quais devem ser [&hellip;]<\/p>\n","protected":false},"author":1,"featured_media":0,"parent":0,"menu_order":0,"comment_status":"closed","ping_status":"closed","template":"","meta":{"footnotes":""},"class_list":["post-239","page","type-page","status-publish","hentry"],"yoast_head":"<!-- This site is optimized with the Yoast SEO plugin v23.8 - https:\/\/yoast.com\/wordpress\/plugins\/seo\/ -->\n<title>Canto Galponeiro - Secretaria de Cultura<\/title>\n<meta name=\"robots\" content=\"index, follow, max-snippet:-1, max-image-preview:large, max-video-preview:-1\" \/>\n<link rel=\"canonical\" href=\"https:\/\/www.pmpf.rs.gov.br\/cultura\/canto-galponeiro\/\" \/>\n<meta property=\"og:locale\" content=\"pt_BR\" \/>\n<meta property=\"og:type\" content=\"article\" \/>\n<meta property=\"og:title\" content=\"Canto Galponeiro - Secretaria de Cultura\" \/>\n<meta property=\"og:description\" content=\"Festival de m\u00fasica galponeira O Festival Galponeiro tem por finalidade o regresso \u00e0s origens que significa uma redescoberta das fontes dos mais genu\u00ednos valores culturais do nosso estado, os quais devem ser [&hellip;]\" \/>\n<meta property=\"og:url\" content=\"https:\/\/www.pmpf.rs.gov.br\/cultura\/canto-galponeiro\/\" \/>\n<meta property=\"og:site_name\" content=\"Secretaria de Cultura\" \/>\n<meta property=\"og:image\" content=\"https:\/\/www.pmpf.rs.gov.br\/secretaria-de-cultura\/wp-content\/uploads\/sites\/25\/2021\/12\/I2018-04-12_16_29_55_106220.jpeg\" \/>\n<meta name=\"twitter:card\" content=\"summary_large_image\" \/>\n<meta name=\"twitter:label1\" content=\"Est. tempo de leitura\" \/>\n\t<meta name=\"twitter:data1\" content=\"2 minutos\" \/>\n<script type=\"application\/ld+json\" class=\"yoast-schema-graph\">{\"@context\":\"https:\/\/schema.org\",\"@graph\":[{\"@type\":\"WebPage\",\"@id\":\"https:\/\/www.pmpf.rs.gov.br\/cultura\/canto-galponeiro\/\",\"url\":\"https:\/\/www.pmpf.rs.gov.br\/cultura\/canto-galponeiro\/\",\"name\":\"Canto Galponeiro - Secretaria de Cultura\",\"isPartOf\":{\"@id\":\"https:\/\/www.pmpf.rs.gov.br\/cultura\/#website\"},\"primaryImageOfPage\":{\"@id\":\"https:\/\/www.pmpf.rs.gov.br\/cultura\/canto-galponeiro\/#primaryimage\"},\"image\":{\"@id\":\"https:\/\/www.pmpf.rs.gov.br\/cultura\/canto-galponeiro\/#primaryimage\"},\"thumbnailUrl\":\"https:\/\/www.pmpf.rs.gov.br\/secretaria-de-cultura\/wp-content\/uploads\/sites\/25\/2021\/12\/I2018-04-12_16_29_55_106220.jpeg\",\"datePublished\":\"2021-12-21T03:11:22+00:00\",\"dateModified\":\"2021-12-21T03:11:22+00:00\",\"inLanguage\":\"pt-BR\",\"potentialAction\":[{\"@type\":\"ReadAction\",\"target\":[\"https:\/\/www.pmpf.rs.gov.br\/cultura\/canto-galponeiro\/\"]}]},{\"@type\":\"ImageObject\",\"inLanguage\":\"pt-BR\",\"@id\":\"https:\/\/www.pmpf.rs.gov.br\/cultura\/canto-galponeiro\/#primaryimage\",\"url\":\"https:\/\/www.pmpf.rs.gov.br\/secretaria-de-cultura\/wp-content\/uploads\/sites\/25\/2021\/12\/I2018-04-12_16_29_55_106220.jpeg\",\"contentUrl\":\"https:\/\/www.pmpf.rs.gov.br\/secretaria-de-cultura\/wp-content\/uploads\/sites\/25\/2021\/12\/I2018-04-12_16_29_55_106220.jpeg\"},{\"@type\":\"WebSite\",\"@id\":\"https:\/\/www.pmpf.rs.gov.br\/cultura\/#website\",\"url\":\"https:\/\/www.pmpf.rs.gov.br\/cultura\/\",\"name\":\"Secretaria de Cultura\",\"description\":\"S\u00f3 mais um site Prefeitura de Passo Fundo\",\"potentialAction\":[{\"@type\":\"SearchAction\",\"target\":{\"@type\":\"EntryPoint\",\"urlTemplate\":\"https:\/\/www.pmpf.rs.gov.br\/cultura\/?s={search_term_string}\"},\"query-input\":{\"@type\":\"PropertyValueSpecification\",\"valueRequired\":true,\"valueName\":\"search_term_string\"}}],\"inLanguage\":\"pt-BR\"}]}<\/script>\n<!-- \/ Yoast SEO plugin. -->","yoast_head_json":{"title":"Canto Galponeiro - Secretaria de Cultura","robots":{"index":"index","follow":"follow","max-snippet":"max-snippet:-1","max-image-preview":"max-image-preview:large","max-video-preview":"max-video-preview:-1"},"canonical":"https:\/\/www.pmpf.rs.gov.br\/cultura\/canto-galponeiro\/","og_locale":"pt_BR","og_type":"article","og_title":"Canto Galponeiro - Secretaria de Cultura","og_description":"Festival de m\u00fasica galponeira O Festival Galponeiro tem por finalidade o regresso \u00e0s origens que significa uma redescoberta das fontes dos mais genu\u00ednos valores culturais do nosso estado, os quais devem ser [&hellip;]","og_url":"https:\/\/www.pmpf.rs.gov.br\/cultura\/canto-galponeiro\/","og_site_name":"Secretaria de Cultura","og_image":[{"url":"https:\/\/www.pmpf.rs.gov.br\/secretaria-de-cultura\/wp-content\/uploads\/sites\/25\/2021\/12\/I2018-04-12_16_29_55_106220.jpeg"}],"twitter_card":"summary_large_image","twitter_misc":{"Est. tempo de leitura":"2 minutos"},"schema":{"@context":"https:\/\/schema.org","@graph":[{"@type":"WebPage","@id":"https:\/\/www.pmpf.rs.gov.br\/cultura\/canto-galponeiro\/","url":"https:\/\/www.pmpf.rs.gov.br\/cultura\/canto-galponeiro\/","name":"Canto Galponeiro - Secretaria de Cultura","isPartOf":{"@id":"https:\/\/www.pmpf.rs.gov.br\/cultura\/#website"},"primaryImageOfPage":{"@id":"https:\/\/www.pmpf.rs.gov.br\/cultura\/canto-galponeiro\/#primaryimage"},"image":{"@id":"https:\/\/www.pmpf.rs.gov.br\/cultura\/canto-galponeiro\/#primaryimage"},"thumbnailUrl":"https:\/\/www.pmpf.rs.gov.br\/secretaria-de-cultura\/wp-content\/uploads\/sites\/25\/2021\/12\/I2018-04-12_16_29_55_106220.jpeg","datePublished":"2021-12-21T03:11:22+00:00","dateModified":"2021-12-21T03:11:22+00:00","inLanguage":"pt-BR","potentialAction":[{"@type":"ReadAction","target":["https:\/\/www.pmpf.rs.gov.br\/cultura\/canto-galponeiro\/"]}]},{"@type":"ImageObject","inLanguage":"pt-BR","@id":"https:\/\/www.pmpf.rs.gov.br\/cultura\/canto-galponeiro\/#primaryimage","url":"https:\/\/www.pmpf.rs.gov.br\/secretaria-de-cultura\/wp-content\/uploads\/sites\/25\/2021\/12\/I2018-04-12_16_29_55_106220.jpeg","contentUrl":"https:\/\/www.pmpf.rs.gov.br\/secretaria-de-cultura\/wp-content\/uploads\/sites\/25\/2021\/12\/I2018-04-12_16_29_55_106220.jpeg"},{"@type":"WebSite","@id":"https:\/\/www.pmpf.rs.gov.br\/cultura\/#website","url":"https:\/\/www.pmpf.rs.gov.br\/cultura\/","name":"Secretaria de Cultura","description":"S\u00f3 mais um site Prefeitura de Passo Fundo","potentialAction":[{"@type":"SearchAction","target":{"@type":"EntryPoint","urlTemplate":"https:\/\/www.pmpf.rs.gov.br\/cultura\/?s={search_term_string}"},"query-input":{"@type":"PropertyValueSpecification","valueRequired":true,"valueName":"search_term_string"}}],"inLanguage":"pt-BR"}]}},"_links":{"self":[{"href":"https:\/\/www.pmpf.rs.gov.br\/cultura\/wp-json\/wp\/v2\/pages\/239"}],"collection":[{"href":"https:\/\/www.pmpf.rs.gov.br\/cultura\/wp-json\/wp\/v2\/pages"}],"about":[{"href":"https:\/\/www.pmpf.rs.gov.br\/cultura\/wp-json\/wp\/v2\/types\/page"}],"author":[{"embeddable":true,"href":"https:\/\/www.pmpf.rs.gov.br\/cultura\/wp-json\/wp\/v2\/users\/1"}],"replies":[{"embeddable":true,"href":"https:\/\/www.pmpf.rs.gov.br\/cultura\/wp-json\/wp\/v2\/comments?post=239"}],"version-history":[{"count":1,"href":"https:\/\/www.pmpf.rs.gov.br\/cultura\/wp-json\/wp\/v2\/pages\/239\/revisions"}],"predecessor-version":[{"id":244,"href":"https:\/\/www.pmpf.rs.gov.br\/cultura\/wp-json\/wp\/v2\/pages\/239\/revisions\/244"}],"wp:attachment":[{"href":"https:\/\/www.pmpf.rs.gov.br\/cultura\/wp-json\/wp\/v2\/media?parent=239"}],"curies":[{"name":"wp","href":"https:\/\/api.w.org\/{rel}","templated":true}]}}

<h2 class="wp-block-heading">Festival de música galponeira</h2>



<figure class="wp-block-gallery columns-3 is-cropped wp-block-gallery-1 is-layout-flex wp-block-gallery-is-layout-flex"><ul class="blocks-gallery-grid"><li class="blocks-gallery-item"><figure><img loading="lazy" decoding="async" width="300" height="164" src="https://www.pmpf.rs.gov.br/secretaria-de-cultura/wp-content/uploads/sites/25/2021/12/I2018-04-12_16_29_55_106220.jpeg" alt="" data-id="240" data-full-url="https://www.pmpf.rs.gov.br/secretaria-de-cultura/wp-content/uploads/sites/25/2021/12/I2018-04-12_16_29_55_106220.jpeg" data-link="https://www.pmpf.rs.gov.br/secretaria-de-cultura/?attachment_id=240" class="wp-image-240"/></figure></li><li class="blocks-gallery-item"><figure><img loading="lazy" decoding="async" width="276" height="160" src="https://www.pmpf.rs.gov.br/secretaria-de-cultura/wp-content/uploads/sites/25/2021/12/I2018-04-12_16_31_42_106220.jpeg" alt="" data-id="241" data-full-url="https://www.pmpf.rs.gov.br/secretaria-de-cultura/wp-content/uploads/sites/25/2021/12/I2018-04-12_16_31_42_106220.jpeg" data-link="https://www.pmpf.rs.gov.br/secretaria-de-cultura/?attachment_id=241" class="wp-image-241"/></figure></li><li class="blocks-gallery-item"><figure><img loading="lazy" decoding="async" width="276" height="160" src="https://www.pmpf.rs.gov.br/secretaria-de-cultura/wp-content/uploads/sites/25/2021/12/I2018-04-12_16_32_18_106220.jpeg" alt="" data-id="242" data-full-url="https://www.pmpf.rs.gov.br/secretaria-de-cultura/wp-content/uploads/sites/25/2021/12/I2018-04-12_16_32_18_106220.jpeg" data-link="https://www.pmpf.rs.gov.br/secretaria-de-cultura/?attachment_id=242" class="wp-image-242"/></figure></li><li class="blocks-gallery-item"><figure><img loading="lazy" decoding="async" width="287" height="161" src="https://www.pmpf.rs.gov.br/secretaria-de-cultura/wp-content/uploads/sites/25/2021/12/I2018-04-12_16_33_02_106220.jpeg" alt="" data-id="243" data-full-url="https://www.pmpf.rs.gov.br/secretaria-de-cultura/wp-content/uploads/sites/25/2021/12/I2018-04-12_16_33_02_106220.jpeg" data-link="https://www.pmpf.rs.gov.br/secretaria-de-cultura/?attachment_id=243" class="wp-image-243"/></figure></li></ul></figure>



<p>O Festival Galponeiro tem por finalidade o regresso às origens que significa uma redescoberta das fontes dos mais genuínos valores culturais do nosso estado, os quais devem ser aprimorados e mantidos.</p>



<p>Faz-se isso através do cultivo à temática regional com a apresentação de músicas galponeiras, buscando a preservação da cultura musical, literária e histórica do Estado do Rio Grande do Sul. Pretende-se com isso contribuir para o resgate de uma consciência gaúcha.</p>



<p>Tendo em vista a falta de um evento como esse em Passo Fundo é que se justifica a realização desse Festival que busca, além de acender o gosto pelo nativismo gaúcho, demonstrar emoções que traduzam, em versos, o amor pela nossa cultura, pela nossa terra.</p>



<p><a href="http://www.cantogalponeiro.com.br/" target="_blank" rel="noreferrer noopener">Saiba mais.</a></p>

<p>Festival de música galponeira O Festival Galponeiro tem por finalidade o regresso às origens que significa uma redescoberta das fontes dos mais genuínos valores culturais do nosso estado, os quais devem ser [&hellip;]</p>

<!-- This site is optimized with the Yoast SEO plugin v23.8 - https://yoast.com/wordpress/plugins/seo/ -->
<title>Canto Galponeiro - Secretaria de Cultura</title>
<meta name="robots" content="index, follow, max-snippet:-1, max-image-preview:large, max-video-preview:-1" />
<link rel="canonical" href="https://www.pmpf.rs.gov.br/cultura/canto-galponeiro/" />
<meta property="og:locale" content="pt_BR" />
<meta property="og:type" content="article" />
<meta property="og:title" content="Canto Galponeiro - Secretaria de Cultura" />
<meta property="og:description" content="Festival de música galponeira O Festival Galponeiro tem por finalidade o regresso às origens que significa uma redescoberta das fontes dos mais genuínos valores culturais do nosso estado, os quais devem ser [&hellip;]" />
<meta property="og:url" content="https://www.pmpf.rs.gov.br/cultura/canto-galponeiro/" />
<meta property="og:site_name" content="Secretaria de Cultura" />
<meta property="og:image" content="https://www.pmpf.rs.gov.br/secretaria-de-cultura/wp-content/uploads/sites/25/2021/12/I2018-04-12_16_29_55_106220.jpeg" />
<meta name="twitter:card" content="summary_large_image" />
<meta name="twitter:label1" content="Est. tempo de leitura" />
	<meta name="twitter:data1" content="2 minutos" />
<script type="application/ld+json" class="yoast-schema-graph">{"@context":"https://schema.org","@graph":[{"@type":"WebPage","@id":"https://www.pmpf.rs.gov.br/cultura/canto-galponeiro/","url":"https://www.pmpf.rs.gov.br/cultura/canto-galponeiro/","name":"Canto Galponeiro - Secretaria de Cultura","isPartOf":{"@id":"https://www.pmpf.rs.gov.br/cultura/#website"},"primaryImageOfPage":{"@id":"https://www.pmpf.rs.gov.br/cultura/canto-galponeiro/#primaryimage"},"image":{"@id":"https://www.pmpf.rs.gov.br/cultura/canto-galponeiro/#primaryimage"},"thumbnailUrl":"https://www.pmpf.rs.gov.br/secretaria-de-cultura/wp-content/uploads/sites/25/2021/12/I2018-04-12_16_29_55_106220.jpeg","datePublished":"2021-12-21T03:11:22+00:00","dateModified":"2021-12-21T03:11:22+00:00","inLanguage":"pt-BR","potentialAction":[{"@type":"ReadAction","target":["https://www.pmpf.rs.gov.br/cultura/canto-galponeiro/"]}]},{"@type":"ImageObject","inLanguage":"pt-BR","@id":"https://www.pmpf.rs.gov.br/cultura/canto-galponeiro/#primaryimage","url":"https://www.pmpf.rs.gov.br/secretaria-de-cultura/wp-content/uploads/sites/25/2021/12/I2018-04-12_16_29_55_106220.jpeg","contentUrl":"https://www.pmpf.rs.gov.br/secretaria-de-cultura/wp-content/uploads/sites/25/2021/12/I2018-04-12_16_29_55_106220.jpeg"},{"@type":"WebSite","@id":"https://www.pmpf.rs.gov.br/cultura/#website","url":"https://www.pmpf.rs.gov.br/cultura/","name":"Secretaria de Cultura","description":"Só mais um site Prefeitura de Passo Fundo","potentialAction":[{"@type":"SearchAction","target":{"@type":"EntryPoint","urlTemplate":"https://www.pmpf.rs.gov.br/cultura/?s={search_term_string}"},"query-input":{"@type":"PropertyValueSpecification","valueRequired":true,"valueName":"search_term_string"}}],"inLanguage":"pt-BR"}]}</script>
<!-- / Yoast SEO plugin. -->

Festival de música galponeira O Festival Galponeiro tem por finalidade o regresso às origens que significa uma redescoberta das fontes dos mais genuínos valores culturais do nosso estado, os quais devem ser [&hellip;]

Só mais um site Prefeitura de Passo Fundo
