{"id":236,"date":"2021-12-21T00:07:10","date_gmt":"2021-12-21T03:07:10","guid":{"rendered":"https:\/\/www.pmpf.rs.gov.br\/secretaria-de-cultura\/?page_id=236"},"modified":"2022-02-14T09:03:42","modified_gmt":"2022-02-14T12:03:42","slug":"cantata-natalina","status":"publish","type":"page","link":"https:\/\/www.pmpf.rs.gov.br\/cultura\/cantata-natalina\/","title":{"rendered":"Cantata Natalina"},"content":{"rendered":"\n<h2 class=\"wp-block-heading\" id=\"cantar-a-alegria-de-viver\">Cantar a Alegria de Viver<\/h2>\n\n\n\n<div class=\"wp-block-image\"><figure class=\"alignleft size-full is-resized\"><img loading=\"lazy\" decoding=\"async\" src=\"https:\/\/www.pmpf.rs.gov.br\/secretaria-de-cultura\/wp-content\/uploads\/sites\/25\/2021\/11\/cantata_capa.jpg\" alt=\"\" class=\"wp-image-3022\" width=\"280\" height=\"186\"\/><\/figure><\/div>\n\n\n\n<p>Celebra\u00e7\u00e3o que comemora o nascimento do Menino Jesus atrav\u00e9s do canto, encena\u00e7\u00e3o e coreografia, nas janelas do Col\u00e9gio Notre Dame de Passo Fundo e do palco instalado em frente \u00e0 institui\u00e7\u00e3o de ensino, a fim de representar a universalidade do festejo natalino.<\/p>\n\n\n\n<p>A representa\u00e7\u00e3o enfatiza a necessidade de cultivar valores como a toler\u00e2ncia, o respeito, a compaix\u00e3o e a generosidade.<\/p>\n\n\n\n<p>\u00c9 um espet\u00e1culo de evangeliza\u00e7\u00e3o por meio de can\u00e7\u00f5es e representa\u00e7\u00e3o teatral do milagre que une os povos crist\u00e3os em irmandade no nascimento de Jesus.<\/p>\n\n\n\n<p>O espet\u00e1culo \u00e9 organizado pelo Col\u00e9gio Notre Dame com o envolvimento dos alunos, funcion\u00e1rios e artistas locais, que realizam muitos ensaios para presentear a cidade com um belo espet\u00e1culo natalino apoiado pela Prefeitura de Passo Fundo.<\/p>\n\n\n\n<p><a href=\"https:\/\/pt-br.facebook.com\/cantatanatalinand\/\">P\u00e1gina no facebook<\/a><\/p>\n\n\n\n<figure class=\"wp-block-gallery has-nested-images columns-default is-cropped wp-block-gallery-1 is-layout-flex wp-block-gallery-is-layout-flex\">\n<figure class=\"wp-block-image size-large\"><img loading=\"lazy\" decoding=\"async\" width=\"2560\" height=\"1708\" data-id=\"3029\" src=\"https:\/\/www.pmpf.rs.gov.br\/secretaria-de-cultura\/wp-content\/uploads\/sites\/25\/2022\/02\/foto-cantata-original-scaled.jpg\" alt=\"\" class=\"wp-image-3029\" srcset=\"https:\/\/www.pmpf.rs.gov.br\/cultura\/wp-content\/uploads\/sites\/25\/2022\/02\/foto-cantata-original-scaled.jpg 2560w, https:\/\/www.pmpf.rs.gov.br\/cultura\/wp-content\/uploads\/sites\/25\/2022\/02\/foto-cantata-original-300x200.jpg 300w, https:\/\/www.pmpf.rs.gov.br\/cultura\/wp-content\/uploads\/sites\/25\/2022\/02\/foto-cantata-original-1024x683.jpg 1024w, https:\/\/www.pmpf.rs.gov.br\/cultura\/wp-content\/uploads\/sites\/25\/2022\/02\/foto-cantata-original-768x512.jpg 768w, https:\/\/www.pmpf.rs.gov.br\/cultura\/wp-content\/uploads\/sites\/25\/2022\/02\/foto-cantata-original-1536x1025.jpg 1536w, https:\/\/www.pmpf.rs.gov.br\/cultura\/wp-content\/uploads\/sites\/25\/2022\/02\/foto-cantata-original-2048x1367.jpg 2048w\" sizes=\"(max-width: 2560px) 100vw, 2560px\" \/><\/figure>\n\n\n\n<figure class=\"wp-block-image size-large\"><img loading=\"lazy\" decoding=\"async\" width=\"2560\" height=\"1708\" data-id=\"3028\" src=\"https:\/\/www.pmpf.rs.gov.br\/secretaria-de-cultura\/wp-content\/uploads\/sites\/25\/2022\/02\/foto-cantata-2-original-scaled.jpg\" alt=\"\" class=\"wp-image-3028\" srcset=\"https:\/\/www.pmpf.rs.gov.br\/cultura\/wp-content\/uploads\/sites\/25\/2022\/02\/foto-cantata-2-original-scaled.jpg 2560w, https:\/\/www.pmpf.rs.gov.br\/cultura\/wp-content\/uploads\/sites\/25\/2022\/02\/foto-cantata-2-original-300x200.jpg 300w, https:\/\/www.pmpf.rs.gov.br\/cultura\/wp-content\/uploads\/sites\/25\/2022\/02\/foto-cantata-2-original-1024x683.jpg 1024w, https:\/\/www.pmpf.rs.gov.br\/cultura\/wp-content\/uploads\/sites\/25\/2022\/02\/foto-cantata-2-original-768x512.jpg 768w, https:\/\/www.pmpf.rs.gov.br\/cultura\/wp-content\/uploads\/sites\/25\/2022\/02\/foto-cantata-2-original-1536x1025.jpg 1536w, https:\/\/www.pmpf.rs.gov.br\/cultura\/wp-content\/uploads\/sites\/25\/2022\/02\/foto-cantata-2-original-2048x1367.jpg 2048w\" sizes=\"(max-width: 2560px) 100vw, 2560px\" \/><\/figure>\n<\/figure>\n","protected":false},"excerpt":{"rendered":"<p>Cantar a Alegria de Viver Celebra\u00e7\u00e3o que comemora o nascimento do Menino Jesus atrav\u00e9s do canto, encena\u00e7\u00e3o e coreografia, nas janelas do Col\u00e9gio Notre Dame de Passo Fundo e do palco instalado [&hellip;]<\/p>\n","protected":false},"author":1,"featured_media":0,"parent":0,"menu_order":0,"comment_status":"closed","ping_status":"closed","template":"","meta":{"footnotes":""},"class_list":["post-236","page","type-page","status-publish","hentry"],"yoast_head":"<!-- This site is optimized with the Yoast SEO plugin v23.8 - https:\/\/yoast.com\/wordpress\/plugins\/seo\/ -->\n<title>Cantata Natalina - Secretaria de Cultura<\/title>\n<meta name=\"robots\" content=\"index, follow, max-snippet:-1, max-image-preview:large, max-video-preview:-1\" \/>\n<link rel=\"canonical\" href=\"https:\/\/www.pmpf.rs.gov.br\/cultura\/cantata-natalina\/\" \/>\n<meta property=\"og:locale\" content=\"pt_BR\" \/>\n<meta property=\"og:type\" content=\"article\" \/>\n<meta property=\"og:title\" content=\"Cantata Natalina - Secretaria de Cultura\" \/>\n<meta property=\"og:description\" content=\"Cantar a Alegria de Viver Celebra\u00e7\u00e3o que comemora o nascimento do Menino Jesus atrav\u00e9s do canto, encena\u00e7\u00e3o e coreografia, nas janelas do Col\u00e9gio Notre Dame de Passo Fundo e do palco instalado [&hellip;]\" \/>\n<meta property=\"og:url\" content=\"https:\/\/www.pmpf.rs.gov.br\/cultura\/cantata-natalina\/\" \/>\n<meta property=\"og:site_name\" content=\"Secretaria de Cultura\" \/>\n<meta property=\"article:modified_time\" content=\"2022-02-14T12:03:42+00:00\" \/>\n<meta property=\"og:image\" content=\"https:\/\/www.pmpf.rs.gov.br\/secretaria-de-cultura\/wp-content\/uploads\/sites\/25\/2021\/11\/cantata_capa.jpg\" \/>\n<meta name=\"twitter:card\" content=\"summary_large_image\" \/>\n<meta name=\"twitter:label1\" content=\"Est. tempo de leitura\" \/>\n\t<meta name=\"twitter:data1\" content=\"1 minuto\" \/>\n<script type=\"application\/ld+json\" class=\"yoast-schema-graph\">{\"@context\":\"https:\/\/schema.org\",\"@graph\":[{\"@type\":\"WebPage\",\"@id\":\"https:\/\/www.pmpf.rs.gov.br\/cultura\/cantata-natalina\/\",\"url\":\"https:\/\/www.pmpf.rs.gov.br\/cultura\/cantata-natalina\/\",\"name\":\"Cantata Natalina - Secretaria de Cultura\",\"isPartOf\":{\"@id\":\"https:\/\/www.pmpf.rs.gov.br\/cultura\/#website\"},\"primaryImageOfPage\":{\"@id\":\"https:\/\/www.pmpf.rs.gov.br\/cultura\/cantata-natalina\/#primaryimage\"},\"image\":{\"@id\":\"https:\/\/www.pmpf.rs.gov.br\/cultura\/cantata-natalina\/#primaryimage\"},\"thumbnailUrl\":\"https:\/\/www.pmpf.rs.gov.br\/secretaria-de-cultura\/wp-content\/uploads\/sites\/25\/2021\/11\/cantata_capa.jpg\",\"datePublished\":\"2021-12-21T03:07:10+00:00\",\"dateModified\":\"2022-02-14T12:03:42+00:00\",\"inLanguage\":\"pt-BR\",\"potentialAction\":[{\"@type\":\"ReadAction\",\"target\":[\"https:\/\/www.pmpf.rs.gov.br\/cultura\/cantata-natalina\/\"]}]},{\"@type\":\"ImageObject\",\"inLanguage\":\"pt-BR\",\"@id\":\"https:\/\/www.pmpf.rs.gov.br\/cultura\/cantata-natalina\/#primaryimage\",\"url\":\"https:\/\/www.pmpf.rs.gov.br\/secretaria-de-cultura\/wp-content\/uploads\/sites\/25\/2021\/11\/cantata_capa.jpg\",\"contentUrl\":\"https:\/\/www.pmpf.rs.gov.br\/secretaria-de-cultura\/wp-content\/uploads\/sites\/25\/2021\/11\/cantata_capa.jpg\"},{\"@type\":\"WebSite\",\"@id\":\"https:\/\/www.pmpf.rs.gov.br\/cultura\/#website\",\"url\":\"https:\/\/www.pmpf.rs.gov.br\/cultura\/\",\"name\":\"Secretaria de Cultura\",\"description\":\"S\u00f3 mais um site Prefeitura de Passo Fundo\",\"potentialAction\":[{\"@type\":\"SearchAction\",\"target\":{\"@type\":\"EntryPoint\",\"urlTemplate\":\"https:\/\/www.pmpf.rs.gov.br\/cultura\/?s={search_term_string}\"},\"query-input\":{\"@type\":\"PropertyValueSpecification\",\"valueRequired\":true,\"valueName\":\"search_term_string\"}}],\"inLanguage\":\"pt-BR\"}]}<\/script>\n<!-- \/ Yoast SEO plugin. -->","yoast_head_json":{"title":"Cantata Natalina - Secretaria de Cultura","robots":{"index":"index","follow":"follow","max-snippet":"max-snippet:-1","max-image-preview":"max-image-preview:large","max-video-preview":"max-video-preview:-1"},"canonical":"https:\/\/www.pmpf.rs.gov.br\/cultura\/cantata-natalina\/","og_locale":"pt_BR","og_type":"article","og_title":"Cantata Natalina - Secretaria de Cultura","og_description":"Cantar a Alegria de Viver Celebra\u00e7\u00e3o que comemora o nascimento do Menino Jesus atrav\u00e9s do canto, encena\u00e7\u00e3o e coreografia, nas janelas do Col\u00e9gio Notre Dame de Passo Fundo e do palco instalado [&hellip;]","og_url":"https:\/\/www.pmpf.rs.gov.br\/cultura\/cantata-natalina\/","og_site_name":"Secretaria de Cultura","article_modified_time":"2022-02-14T12:03:42+00:00","og_image":[{"url":"https:\/\/www.pmpf.rs.gov.br\/secretaria-de-cultura\/wp-content\/uploads\/sites\/25\/2021\/11\/cantata_capa.jpg"}],"twitter_card":"summary_large_image","twitter_misc":{"Est. tempo de leitura":"1 minuto"},"schema":{"@context":"https:\/\/schema.org","@graph":[{"@type":"WebPage","@id":"https:\/\/www.pmpf.rs.gov.br\/cultura\/cantata-natalina\/","url":"https:\/\/www.pmpf.rs.gov.br\/cultura\/cantata-natalina\/","name":"Cantata Natalina - Secretaria de Cultura","isPartOf":{"@id":"https:\/\/www.pmpf.rs.gov.br\/cultura\/#website"},"primaryImageOfPage":{"@id":"https:\/\/www.pmpf.rs.gov.br\/cultura\/cantata-natalina\/#primaryimage"},"image":{"@id":"https:\/\/www.pmpf.rs.gov.br\/cultura\/cantata-natalina\/#primaryimage"},"thumbnailUrl":"https:\/\/www.pmpf.rs.gov.br\/secretaria-de-cultura\/wp-content\/uploads\/sites\/25\/2021\/11\/cantata_capa.jpg","datePublished":"2021-12-21T03:07:10+00:00","dateModified":"2022-02-14T12:03:42+00:00","inLanguage":"pt-BR","potentialAction":[{"@type":"ReadAction","target":["https:\/\/www.pmpf.rs.gov.br\/cultura\/cantata-natalina\/"]}]},{"@type":"ImageObject","inLanguage":"pt-BR","@id":"https:\/\/www.pmpf.rs.gov.br\/cultura\/cantata-natalina\/#primaryimage","url":"https:\/\/www.pmpf.rs.gov.br\/secretaria-de-cultura\/wp-content\/uploads\/sites\/25\/2021\/11\/cantata_capa.jpg","contentUrl":"https:\/\/www.pmpf.rs.gov.br\/secretaria-de-cultura\/wp-content\/uploads\/sites\/25\/2021\/11\/cantata_capa.jpg"},{"@type":"WebSite","@id":"https:\/\/www.pmpf.rs.gov.br\/cultura\/#website","url":"https:\/\/www.pmpf.rs.gov.br\/cultura\/","name":"Secretaria de Cultura","description":"S\u00f3 mais um site Prefeitura de Passo Fundo","potentialAction":[{"@type":"SearchAction","target":{"@type":"EntryPoint","urlTemplate":"https:\/\/www.pmpf.rs.gov.br\/cultura\/?s={search_term_string}"},"query-input":{"@type":"PropertyValueSpecification","valueRequired":true,"valueName":"search_term_string"}}],"inLanguage":"pt-BR"}]}},"_links":{"self":[{"href":"https:\/\/www.pmpf.rs.gov.br\/cultura\/wp-json\/wp\/v2\/pages\/236"}],"collection":[{"href":"https:\/\/www.pmpf.rs.gov.br\/cultura\/wp-json\/wp\/v2\/pages"}],"about":[{"href":"https:\/\/www.pmpf.rs.gov.br\/cultura\/wp-json\/wp\/v2\/types\/page"}],"author":[{"embeddable":true,"href":"https:\/\/www.pmpf.rs.gov.br\/cultura\/wp-json\/wp\/v2\/users\/1"}],"replies":[{"embeddable":true,"href":"https:\/\/www.pmpf.rs.gov.br\/cultura\/wp-json\/wp\/v2\/comments?post=236"}],"version-history":[{"count":12,"href":"https:\/\/www.pmpf.rs.gov.br\/cultura\/wp-json\/wp\/v2\/pages\/236\/revisions"}],"predecessor-version":[{"id":3042,"href":"https:\/\/www.pmpf.rs.gov.br\/cultura\/wp-json\/wp\/v2\/pages\/236\/revisions\/3042"}],"wp:attachment":[{"href":"https:\/\/www.pmpf.rs.gov.br\/cultura\/wp-json\/wp\/v2\/media?parent=236"}],"curies":[{"name":"wp","href":"https:\/\/api.w.org\/{rel}","templated":true}]}}

<h2 class="wp-block-heading" id="cantar-a-alegria-de-viver">Cantar a Alegria de Viver</h2>



<div class="wp-block-image"><figure class="alignleft size-full is-resized"><img loading="lazy" decoding="async" src="https://www.pmpf.rs.gov.br/secretaria-de-cultura/wp-content/uploads/sites/25/2021/11/cantata_capa.jpg" alt="" class="wp-image-3022" width="280" height="186"/></figure></div>



<p>Celebração que comemora o nascimento do Menino Jesus através do canto, encenação e coreografia, nas janelas do Colégio Notre Dame de Passo Fundo e do palco instalado em frente à instituição de ensino, a fim de representar a universalidade do festejo natalino.</p>



<p>A representação enfatiza a necessidade de cultivar valores como a tolerância, o respeito, a compaixão e a generosidade.</p>



<p>É um espetáculo de evangelização por meio de canções e representação teatral do milagre que une os povos cristãos em irmandade no nascimento de Jesus.</p>



<p>O espetáculo é organizado pelo Colégio Notre Dame com o envolvimento dos alunos, funcionários e artistas locais, que realizam muitos ensaios para presentear a cidade com um belo espetáculo natalino apoiado pela Prefeitura de Passo Fundo.</p>



<p><a href="https://pt-br.facebook.com/cantatanatalinand/">Página no facebook</a></p>



<figure class="wp-block-gallery has-nested-images columns-default is-cropped wp-block-gallery-1 is-layout-flex wp-block-gallery-is-layout-flex">
<figure class="wp-block-image size-large"><img loading="lazy" decoding="async" width="2560" height="1708" data-id="3029" src="https://www.pmpf.rs.gov.br/secretaria-de-cultura/wp-content/uploads/sites/25/2022/02/foto-cantata-original-scaled.jpg" alt="" class="wp-image-3029" srcset="https://www.pmpf.rs.gov.br/cultura/wp-content/uploads/sites/25/2022/02/foto-cantata-original-scaled.jpg 2560w, https://www.pmpf.rs.gov.br/cultura/wp-content/uploads/sites/25/2022/02/foto-cantata-original-300x200.jpg 300w, https://www.pmpf.rs.gov.br/cultura/wp-content/uploads/sites/25/2022/02/foto-cantata-original-1024x683.jpg 1024w, https://www.pmpf.rs.gov.br/cultura/wp-content/uploads/sites/25/2022/02/foto-cantata-original-768x512.jpg 768w, https://www.pmpf.rs.gov.br/cultura/wp-content/uploads/sites/25/2022/02/foto-cantata-original-1536x1025.jpg 1536w, https://www.pmpf.rs.gov.br/cultura/wp-content/uploads/sites/25/2022/02/foto-cantata-original-2048x1367.jpg 2048w" sizes="(max-width: 2560px) 100vw, 2560px" /></figure>



<figure class="wp-block-image size-large"><img loading="lazy" decoding="async" width="2560" height="1708" data-id="3028" src="https://www.pmpf.rs.gov.br/secretaria-de-cultura/wp-content/uploads/sites/25/2022/02/foto-cantata-2-original-scaled.jpg" alt="" class="wp-image-3028" srcset="https://www.pmpf.rs.gov.br/cultura/wp-content/uploads/sites/25/2022/02/foto-cantata-2-original-scaled.jpg 2560w, https://www.pmpf.rs.gov.br/cultura/wp-content/uploads/sites/25/2022/02/foto-cantata-2-original-300x200.jpg 300w, https://www.pmpf.rs.gov.br/cultura/wp-content/uploads/sites/25/2022/02/foto-cantata-2-original-1024x683.jpg 1024w, https://www.pmpf.rs.gov.br/cultura/wp-content/uploads/sites/25/2022/02/foto-cantata-2-original-768x512.jpg 768w, https://www.pmpf.rs.gov.br/cultura/wp-content/uploads/sites/25/2022/02/foto-cantata-2-original-1536x1025.jpg 1536w, https://www.pmpf.rs.gov.br/cultura/wp-content/uploads/sites/25/2022/02/foto-cantata-2-original-2048x1367.jpg 2048w" sizes="(max-width: 2560px) 100vw, 2560px" /></figure>
</figure>

<p>Cantar a Alegria de Viver Celebração que comemora o nascimento do Menino Jesus através do canto, encenação e coreografia, nas janelas do Colégio Notre Dame de Passo Fundo e do palco instalado [&hellip;]</p>

<!-- This site is optimized with the Yoast SEO plugin v23.8 - https://yoast.com/wordpress/plugins/seo/ -->
<title>Cantata Natalina - Secretaria de Cultura</title>
<meta name="robots" content="index, follow, max-snippet:-1, max-image-preview:large, max-video-preview:-1" />
<link rel="canonical" href="https://www.pmpf.rs.gov.br/cultura/cantata-natalina/" />
<meta property="og:locale" content="pt_BR" />
<meta property="og:type" content="article" />
<meta property="og:title" content="Cantata Natalina - Secretaria de Cultura" />
<meta property="og:description" content="Cantar a Alegria de Viver Celebração que comemora o nascimento do Menino Jesus através do canto, encenação e coreografia, nas janelas do Colégio Notre Dame de Passo Fundo e do palco instalado [&hellip;]" />
<meta property="og:url" content="https://www.pmpf.rs.gov.br/cultura/cantata-natalina/" />
<meta property="og:site_name" content="Secretaria de Cultura" />
<meta property="article:modified_time" content="2022-02-14T12:03:42+00:00" />
<meta property="og:image" content="https://www.pmpf.rs.gov.br/secretaria-de-cultura/wp-content/uploads/sites/25/2021/11/cantata_capa.jpg" />
<meta name="twitter:card" content="summary_large_image" />
<meta name="twitter:label1" content="Est. tempo de leitura" />
	<meta name="twitter:data1" content="1 minuto" />
<script type="application/ld+json" class="yoast-schema-graph">{"@context":"https://schema.org","@graph":[{"@type":"WebPage","@id":"https://www.pmpf.rs.gov.br/cultura/cantata-natalina/","url":"https://www.pmpf.rs.gov.br/cultura/cantata-natalina/","name":"Cantata Natalina - Secretaria de Cultura","isPartOf":{"@id":"https://www.pmpf.rs.gov.br/cultura/#website"},"primaryImageOfPage":{"@id":"https://www.pmpf.rs.gov.br/cultura/cantata-natalina/#primaryimage"},"image":{"@id":"https://www.pmpf.rs.gov.br/cultura/cantata-natalina/#primaryimage"},"thumbnailUrl":"https://www.pmpf.rs.gov.br/secretaria-de-cultura/wp-content/uploads/sites/25/2021/11/cantata_capa.jpg","datePublished":"2021-12-21T03:07:10+00:00","dateModified":"2022-02-14T12:03:42+00:00","inLanguage":"pt-BR","potentialAction":[{"@type":"ReadAction","target":["https://www.pmpf.rs.gov.br/cultura/cantata-natalina/"]}]},{"@type":"ImageObject","inLanguage":"pt-BR","@id":"https://www.pmpf.rs.gov.br/cultura/cantata-natalina/#primaryimage","url":"https://www.pmpf.rs.gov.br/secretaria-de-cultura/wp-content/uploads/sites/25/2021/11/cantata_capa.jpg","contentUrl":"https://www.pmpf.rs.gov.br/secretaria-de-cultura/wp-content/uploads/sites/25/2021/11/cantata_capa.jpg"},{"@type":"WebSite","@id":"https://www.pmpf.rs.gov.br/cultura/#website","url":"https://www.pmpf.rs.gov.br/cultura/","name":"Secretaria de Cultura","description":"Só mais um site Prefeitura de Passo Fundo","potentialAction":[{"@type":"SearchAction","target":{"@type":"EntryPoint","urlTemplate":"https://www.pmpf.rs.gov.br/cultura/?s={search_term_string}"},"query-input":{"@type":"PropertyValueSpecification","valueRequired":true,"valueName":"search_term_string"}}],"inLanguage":"pt-BR"}]}</script>
<!-- / Yoast SEO plugin. -->

Cantar a Alegria de Viver Celebração que comemora o nascimento do Menino Jesus através do canto, encenação e coreografia, nas janelas do Colégio Notre Dame de Passo Fundo e do palco instalado [&hellip;]

Só mais um site Prefeitura de Passo Fundo
