{"id":229,"date":"2021-12-20T23:56:56","date_gmt":"2021-12-21T02:56:56","guid":{"rendered":"https:\/\/www.pmpf.rs.gov.br\/secretaria-de-cultura\/?page_id=229"},"modified":"2021-12-20T23:56:56","modified_gmt":"2021-12-21T02:56:56","slug":"boqueirao-legal","status":"publish","type":"page","link":"https:\/\/www.pmpf.rs.gov.br\/cultura\/boqueirao-legal\/","title":{"rendered":"Boqueir\u00e3o Legal"},"content":{"rendered":"\n<h2 class=\"wp-block-heading\">Venha se divertir<\/h2>\n\n\n\n<p><strong>Local:<\/strong>&nbsp;Pra\u00e7a Antonio Moretti<\/p>\n\n\n\n<p>A Associa\u00e7\u00e3o Boqueir\u00e3o Legal \u00e9 uma entidade sem fins lucrativos que tem por objetivo fomentar as atividades de revitaliza\u00e7\u00e3o do Bairro Boqueir\u00e3o no sentido de valoriza\u00e7\u00e3o da vida em comunidade junto a natureza, prezando pela sustentabilidade e pela fam\u00edlia, realizando atividades junto a pra\u00e7a Antonio Moretti.<\/p>\n\n\n\n<figure class=\"wp-block-gallery columns-2 is-cropped wp-block-gallery-1 is-layout-flex wp-block-gallery-is-layout-flex\"><ul class=\"blocks-gallery-grid\"><li class=\"blocks-gallery-item\"><figure><img loading=\"lazy\" decoding=\"async\" width=\"480\" height=\"300\" src=\"https:\/\/www.pmpf.rs.gov.br\/secretaria-de-cultura\/wp-content\/uploads\/sites\/25\/2021\/12\/I2015-07-21_03_59_24_106220.jpg\" alt=\"\" data-id=\"230\" data-full-url=\"https:\/\/www.pmpf.rs.gov.br\/secretaria-de-cultura\/wp-content\/uploads\/sites\/25\/2021\/12\/I2015-07-21_03_59_24_106220.jpg\" data-link=\"https:\/\/www.pmpf.rs.gov.br\/secretaria-de-cultura\/?attachment_id=230\" class=\"wp-image-230\" srcset=\"https:\/\/www.pmpf.rs.gov.br\/cultura\/wp-content\/uploads\/sites\/25\/2021\/12\/I2015-07-21_03_59_24_106220.jpg 480w, https:\/\/www.pmpf.rs.gov.br\/cultura\/wp-content\/uploads\/sites\/25\/2021\/12\/I2015-07-21_03_59_24_106220-300x188.jpg 300w\" sizes=\"(max-width: 480px) 100vw, 480px\" \/><\/figure><\/li><li class=\"blocks-gallery-item\"><figure><img loading=\"lazy\" decoding=\"async\" width=\"480\" height=\"300\" src=\"https:\/\/www.pmpf.rs.gov.br\/secretaria-de-cultura\/wp-content\/uploads\/sites\/25\/2021\/12\/I2015-07-21_03_59_39_106220.jpg\" alt=\"\" data-id=\"231\" data-full-url=\"https:\/\/www.pmpf.rs.gov.br\/secretaria-de-cultura\/wp-content\/uploads\/sites\/25\/2021\/12\/I2015-07-21_03_59_39_106220.jpg\" data-link=\"https:\/\/www.pmpf.rs.gov.br\/secretaria-de-cultura\/?attachment_id=231\" class=\"wp-image-231\" srcset=\"https:\/\/www.pmpf.rs.gov.br\/cultura\/wp-content\/uploads\/sites\/25\/2021\/12\/I2015-07-21_03_59_39_106220.jpg 480w, https:\/\/www.pmpf.rs.gov.br\/cultura\/wp-content\/uploads\/sites\/25\/2021\/12\/I2015-07-21_03_59_39_106220-300x188.jpg 300w\" sizes=\"(max-width: 480px) 100vw, 480px\" \/><\/figure><\/li><\/ul><\/figure>\n\n\n\n<p><strong>Natal Ecol\u00f3gico<\/strong><\/p>\n\n\n\n<p><strong>Evento:<\/strong>&nbsp;Dezembro<\/p>\n\n\n\n<p><strong>Local:<\/strong>&nbsp;Pra\u00e7as Antonio e Miguel Moretti<\/p>\n\n\n\n<p>Decora\u00e7\u00e3o Natalina de garrafas pet&#8217;s nas pra\u00e7as Antonio e Miguel Moretti,no bairro Boqueir\u00e3o e atividades culturais promovidas pela Associa\u00e7\u00e3o boqueir\u00e3o Legal, durante o m\u00eas de dezembro antecipando o Natal.<\/p>\n\n\n\n<figure class=\"wp-block-gallery columns-2 is-cropped wp-block-gallery-2 is-layout-flex wp-block-gallery-is-layout-flex\"><ul class=\"blocks-gallery-grid\"><li class=\"blocks-gallery-item\"><figure><img loading=\"lazy\" decoding=\"async\" width=\"480\" height=\"300\" src=\"https:\/\/www.pmpf.rs.gov.br\/secretaria-de-cultura\/wp-content\/uploads\/sites\/25\/2021\/12\/I2015-07-21_03_56_58_106220.jpg\" alt=\"\" data-id=\"232\" data-full-url=\"https:\/\/www.pmpf.rs.gov.br\/secretaria-de-cultura\/wp-content\/uploads\/sites\/25\/2021\/12\/I2015-07-21_03_56_58_106220.jpg\" data-link=\"https:\/\/www.pmpf.rs.gov.br\/secretaria-de-cultura\/?attachment_id=232\" class=\"wp-image-232\" srcset=\"https:\/\/www.pmpf.rs.gov.br\/cultura\/wp-content\/uploads\/sites\/25\/2021\/12\/I2015-07-21_03_56_58_106220.jpg 480w, https:\/\/www.pmpf.rs.gov.br\/cultura\/wp-content\/uploads\/sites\/25\/2021\/12\/I2015-07-21_03_56_58_106220-300x188.jpg 300w\" sizes=\"(max-width: 480px) 100vw, 480px\" \/><\/figure><\/li><li class=\"blocks-gallery-item\"><figure><img loading=\"lazy\" decoding=\"async\" width=\"480\" height=\"300\" src=\"https:\/\/www.pmpf.rs.gov.br\/secretaria-de-cultura\/wp-content\/uploads\/sites\/25\/2021\/12\/I2015-07-21_03_58_11_106220.jpg\" alt=\"\" data-id=\"233\" data-full-url=\"https:\/\/www.pmpf.rs.gov.br\/secretaria-de-cultura\/wp-content\/uploads\/sites\/25\/2021\/12\/I2015-07-21_03_58_11_106220.jpg\" data-link=\"https:\/\/www.pmpf.rs.gov.br\/secretaria-de-cultura\/?attachment_id=233\" class=\"wp-image-233\" srcset=\"https:\/\/www.pmpf.rs.gov.br\/cultura\/wp-content\/uploads\/sites\/25\/2021\/12\/I2015-07-21_03_58_11_106220.jpg 480w, https:\/\/www.pmpf.rs.gov.br\/cultura\/wp-content\/uploads\/sites\/25\/2021\/12\/I2015-07-21_03_58_11_106220-300x188.jpg 300w\" sizes=\"(max-width: 480px) 100vw, 480px\" \/><\/figure><\/li><\/ul><\/figure>\n\n\n\n<p><\/p>\n","protected":false},"excerpt":{"rendered":"<p>Venha se divertir Local:&nbsp;Pra\u00e7a Antonio Moretti A Associa\u00e7\u00e3o Boqueir\u00e3o Legal \u00e9 uma entidade sem fins lucrativos que tem por objetivo fomentar as atividades de revitaliza\u00e7\u00e3o do Bairro Boqueir\u00e3o no sentido de valoriza\u00e7\u00e3o [&hellip;]<\/p>\n","protected":false},"author":1,"featured_media":0,"parent":0,"menu_order":0,"comment_status":"closed","ping_status":"closed","template":"","meta":{"footnotes":""},"class_list":["post-229","page","type-page","status-publish","hentry"],"yoast_head":"<!-- This site is optimized with the Yoast SEO plugin v23.8 - https:\/\/yoast.com\/wordpress\/plugins\/seo\/ -->\n<title>Boqueir\u00e3o Legal - Secretaria de Cultura<\/title>\n<meta name=\"robots\" content=\"index, follow, max-snippet:-1, max-image-preview:large, max-video-preview:-1\" \/>\n<link rel=\"canonical\" href=\"https:\/\/www.pmpf.rs.gov.br\/cultura\/boqueirao-legal\/\" \/>\n<meta property=\"og:locale\" content=\"pt_BR\" \/>\n<meta property=\"og:type\" content=\"article\" \/>\n<meta property=\"og:title\" content=\"Boqueir\u00e3o Legal - Secretaria de Cultura\" \/>\n<meta property=\"og:description\" content=\"Venha se divertir Local:&nbsp;Pra\u00e7a Antonio Moretti A Associa\u00e7\u00e3o Boqueir\u00e3o Legal \u00e9 uma entidade sem fins lucrativos que tem por objetivo fomentar as atividades de revitaliza\u00e7\u00e3o do Bairro Boqueir\u00e3o no sentido de valoriza\u00e7\u00e3o [&hellip;]\" \/>\n<meta property=\"og:url\" content=\"https:\/\/www.pmpf.rs.gov.br\/cultura\/boqueirao-legal\/\" \/>\n<meta property=\"og:site_name\" content=\"Secretaria de Cultura\" \/>\n<meta property=\"og:image\" content=\"https:\/\/www.pmpf.rs.gov.br\/secretaria-de-cultura\/wp-content\/uploads\/sites\/25\/2021\/12\/I2015-07-21_03_59_24_106220.jpg\" \/>\n<meta name=\"twitter:card\" content=\"summary_large_image\" \/>\n<meta name=\"twitter:label1\" content=\"Est. tempo de leitura\" \/>\n\t<meta name=\"twitter:data1\" content=\"2 minutos\" \/>\n<script type=\"application\/ld+json\" class=\"yoast-schema-graph\">{\"@context\":\"https:\/\/schema.org\",\"@graph\":[{\"@type\":\"WebPage\",\"@id\":\"https:\/\/www.pmpf.rs.gov.br\/cultura\/boqueirao-legal\/\",\"url\":\"https:\/\/www.pmpf.rs.gov.br\/cultura\/boqueirao-legal\/\",\"name\":\"Boqueir\u00e3o Legal - Secretaria de Cultura\",\"isPartOf\":{\"@id\":\"https:\/\/www.pmpf.rs.gov.br\/cultura\/#website\"},\"primaryImageOfPage\":{\"@id\":\"https:\/\/www.pmpf.rs.gov.br\/cultura\/boqueirao-legal\/#primaryimage\"},\"image\":{\"@id\":\"https:\/\/www.pmpf.rs.gov.br\/cultura\/boqueirao-legal\/#primaryimage\"},\"thumbnailUrl\":\"https:\/\/www.pmpf.rs.gov.br\/secretaria-de-cultura\/wp-content\/uploads\/sites\/25\/2021\/12\/I2015-07-21_03_59_24_106220.jpg\",\"datePublished\":\"2021-12-21T02:56:56+00:00\",\"dateModified\":\"2021-12-21T02:56:56+00:00\",\"inLanguage\":\"pt-BR\",\"potentialAction\":[{\"@type\":\"ReadAction\",\"target\":[\"https:\/\/www.pmpf.rs.gov.br\/cultura\/boqueirao-legal\/\"]}]},{\"@type\":\"ImageObject\",\"inLanguage\":\"pt-BR\",\"@id\":\"https:\/\/www.pmpf.rs.gov.br\/cultura\/boqueirao-legal\/#primaryimage\",\"url\":\"https:\/\/www.pmpf.rs.gov.br\/secretaria-de-cultura\/wp-content\/uploads\/sites\/25\/2021\/12\/I2015-07-21_03_59_24_106220.jpg\",\"contentUrl\":\"https:\/\/www.pmpf.rs.gov.br\/secretaria-de-cultura\/wp-content\/uploads\/sites\/25\/2021\/12\/I2015-07-21_03_59_24_106220.jpg\"},{\"@type\":\"WebSite\",\"@id\":\"https:\/\/www.pmpf.rs.gov.br\/cultura\/#website\",\"url\":\"https:\/\/www.pmpf.rs.gov.br\/cultura\/\",\"name\":\"Secretaria de Cultura\",\"description\":\"S\u00f3 mais um site Prefeitura de Passo Fundo\",\"potentialAction\":[{\"@type\":\"SearchAction\",\"target\":{\"@type\":\"EntryPoint\",\"urlTemplate\":\"https:\/\/www.pmpf.rs.gov.br\/cultura\/?s={search_term_string}\"},\"query-input\":{\"@type\":\"PropertyValueSpecification\",\"valueRequired\":true,\"valueName\":\"search_term_string\"}}],\"inLanguage\":\"pt-BR\"}]}<\/script>\n<!-- \/ Yoast SEO plugin. -->","yoast_head_json":{"title":"Boqueir\u00e3o Legal - Secretaria de Cultura","robots":{"index":"index","follow":"follow","max-snippet":"max-snippet:-1","max-image-preview":"max-image-preview:large","max-video-preview":"max-video-preview:-1"},"canonical":"https:\/\/www.pmpf.rs.gov.br\/cultura\/boqueirao-legal\/","og_locale":"pt_BR","og_type":"article","og_title":"Boqueir\u00e3o Legal - Secretaria de Cultura","og_description":"Venha se divertir Local:&nbsp;Pra\u00e7a Antonio Moretti A Associa\u00e7\u00e3o Boqueir\u00e3o Legal \u00e9 uma entidade sem fins lucrativos que tem por objetivo fomentar as atividades de revitaliza\u00e7\u00e3o do Bairro Boqueir\u00e3o no sentido de valoriza\u00e7\u00e3o [&hellip;]","og_url":"https:\/\/www.pmpf.rs.gov.br\/cultura\/boqueirao-legal\/","og_site_name":"Secretaria de Cultura","og_image":[{"url":"https:\/\/www.pmpf.rs.gov.br\/secretaria-de-cultura\/wp-content\/uploads\/sites\/25\/2021\/12\/I2015-07-21_03_59_24_106220.jpg"}],"twitter_card":"summary_large_image","twitter_misc":{"Est. tempo de leitura":"2 minutos"},"schema":{"@context":"https:\/\/schema.org","@graph":[{"@type":"WebPage","@id":"https:\/\/www.pmpf.rs.gov.br\/cultura\/boqueirao-legal\/","url":"https:\/\/www.pmpf.rs.gov.br\/cultura\/boqueirao-legal\/","name":"Boqueir\u00e3o Legal - Secretaria de Cultura","isPartOf":{"@id":"https:\/\/www.pmpf.rs.gov.br\/cultura\/#website"},"primaryImageOfPage":{"@id":"https:\/\/www.pmpf.rs.gov.br\/cultura\/boqueirao-legal\/#primaryimage"},"image":{"@id":"https:\/\/www.pmpf.rs.gov.br\/cultura\/boqueirao-legal\/#primaryimage"},"thumbnailUrl":"https:\/\/www.pmpf.rs.gov.br\/secretaria-de-cultura\/wp-content\/uploads\/sites\/25\/2021\/12\/I2015-07-21_03_59_24_106220.jpg","datePublished":"2021-12-21T02:56:56+00:00","dateModified":"2021-12-21T02:56:56+00:00","inLanguage":"pt-BR","potentialAction":[{"@type":"ReadAction","target":["https:\/\/www.pmpf.rs.gov.br\/cultura\/boqueirao-legal\/"]}]},{"@type":"ImageObject","inLanguage":"pt-BR","@id":"https:\/\/www.pmpf.rs.gov.br\/cultura\/boqueirao-legal\/#primaryimage","url":"https:\/\/www.pmpf.rs.gov.br\/secretaria-de-cultura\/wp-content\/uploads\/sites\/25\/2021\/12\/I2015-07-21_03_59_24_106220.jpg","contentUrl":"https:\/\/www.pmpf.rs.gov.br\/secretaria-de-cultura\/wp-content\/uploads\/sites\/25\/2021\/12\/I2015-07-21_03_59_24_106220.jpg"},{"@type":"WebSite","@id":"https:\/\/www.pmpf.rs.gov.br\/cultura\/#website","url":"https:\/\/www.pmpf.rs.gov.br\/cultura\/","name":"Secretaria de Cultura","description":"S\u00f3 mais um site Prefeitura de Passo Fundo","potentialAction":[{"@type":"SearchAction","target":{"@type":"EntryPoint","urlTemplate":"https:\/\/www.pmpf.rs.gov.br\/cultura\/?s={search_term_string}"},"query-input":{"@type":"PropertyValueSpecification","valueRequired":true,"valueName":"search_term_string"}}],"inLanguage":"pt-BR"}]}},"_links":{"self":[{"href":"https:\/\/www.pmpf.rs.gov.br\/cultura\/wp-json\/wp\/v2\/pages\/229"}],"collection":[{"href":"https:\/\/www.pmpf.rs.gov.br\/cultura\/wp-json\/wp\/v2\/pages"}],"about":[{"href":"https:\/\/www.pmpf.rs.gov.br\/cultura\/wp-json\/wp\/v2\/types\/page"}],"author":[{"embeddable":true,"href":"https:\/\/www.pmpf.rs.gov.br\/cultura\/wp-json\/wp\/v2\/users\/1"}],"replies":[{"embeddable":true,"href":"https:\/\/www.pmpf.rs.gov.br\/cultura\/wp-json\/wp\/v2\/comments?post=229"}],"version-history":[{"count":1,"href":"https:\/\/www.pmpf.rs.gov.br\/cultura\/wp-json\/wp\/v2\/pages\/229\/revisions"}],"predecessor-version":[{"id":234,"href":"https:\/\/www.pmpf.rs.gov.br\/cultura\/wp-json\/wp\/v2\/pages\/229\/revisions\/234"}],"wp:attachment":[{"href":"https:\/\/www.pmpf.rs.gov.br\/cultura\/wp-json\/wp\/v2\/media?parent=229"}],"curies":[{"name":"wp","href":"https:\/\/api.w.org\/{rel}","templated":true}]}}

Boqueirão Legal

<h2 class="wp-block-heading">Venha se divertir</h2>



<p><strong>Local:</strong>&nbsp;Praça Antonio Moretti</p>



<p>A Associação Boqueirão Legal é uma entidade sem fins lucrativos que tem por objetivo fomentar as atividades de revitalização do Bairro Boqueirão no sentido de valorização da vida em comunidade junto a natureza, prezando pela sustentabilidade e pela família, realizando atividades junto a praça Antonio Moretti.</p>



<figure class="wp-block-gallery columns-2 is-cropped wp-block-gallery-1 is-layout-flex wp-block-gallery-is-layout-flex"><ul class="blocks-gallery-grid"><li class="blocks-gallery-item"><figure><img loading="lazy" decoding="async" width="480" height="300" src="https://www.pmpf.rs.gov.br/secretaria-de-cultura/wp-content/uploads/sites/25/2021/12/I2015-07-21_03_59_24_106220.jpg" alt="" data-id="230" data-full-url="https://www.pmpf.rs.gov.br/secretaria-de-cultura/wp-content/uploads/sites/25/2021/12/I2015-07-21_03_59_24_106220.jpg" data-link="https://www.pmpf.rs.gov.br/secretaria-de-cultura/?attachment_id=230" class="wp-image-230" srcset="https://www.pmpf.rs.gov.br/cultura/wp-content/uploads/sites/25/2021/12/I2015-07-21_03_59_24_106220.jpg 480w, https://www.pmpf.rs.gov.br/cultura/wp-content/uploads/sites/25/2021/12/I2015-07-21_03_59_24_106220-300x188.jpg 300w" sizes="(max-width: 480px) 100vw, 480px" /></figure></li><li class="blocks-gallery-item"><figure><img loading="lazy" decoding="async" width="480" height="300" src="https://www.pmpf.rs.gov.br/secretaria-de-cultura/wp-content/uploads/sites/25/2021/12/I2015-07-21_03_59_39_106220.jpg" alt="" data-id="231" data-full-url="https://www.pmpf.rs.gov.br/secretaria-de-cultura/wp-content/uploads/sites/25/2021/12/I2015-07-21_03_59_39_106220.jpg" data-link="https://www.pmpf.rs.gov.br/secretaria-de-cultura/?attachment_id=231" class="wp-image-231" srcset="https://www.pmpf.rs.gov.br/cultura/wp-content/uploads/sites/25/2021/12/I2015-07-21_03_59_39_106220.jpg 480w, https://www.pmpf.rs.gov.br/cultura/wp-content/uploads/sites/25/2021/12/I2015-07-21_03_59_39_106220-300x188.jpg 300w" sizes="(max-width: 480px) 100vw, 480px" /></figure></li></ul></figure>



<p><strong>Natal Ecológico</strong></p>



<p><strong>Evento:</strong>&nbsp;Dezembro</p>



<p><strong>Local:</strong>&nbsp;Praças Antonio e Miguel Moretti</p>



<p>Decoração Natalina de garrafas pet&#8217;s nas praças Antonio e Miguel Moretti,no bairro Boqueirão e atividades culturais promovidas pela Associação boqueirão Legal, durante o mês de dezembro antecipando o Natal.</p>



<figure class="wp-block-gallery columns-2 is-cropped wp-block-gallery-2 is-layout-flex wp-block-gallery-is-layout-flex"><ul class="blocks-gallery-grid"><li class="blocks-gallery-item"><figure><img loading="lazy" decoding="async" width="480" height="300" src="https://www.pmpf.rs.gov.br/secretaria-de-cultura/wp-content/uploads/sites/25/2021/12/I2015-07-21_03_56_58_106220.jpg" alt="" data-id="232" data-full-url="https://www.pmpf.rs.gov.br/secretaria-de-cultura/wp-content/uploads/sites/25/2021/12/I2015-07-21_03_56_58_106220.jpg" data-link="https://www.pmpf.rs.gov.br/secretaria-de-cultura/?attachment_id=232" class="wp-image-232" srcset="https://www.pmpf.rs.gov.br/cultura/wp-content/uploads/sites/25/2021/12/I2015-07-21_03_56_58_106220.jpg 480w, https://www.pmpf.rs.gov.br/cultura/wp-content/uploads/sites/25/2021/12/I2015-07-21_03_56_58_106220-300x188.jpg 300w" sizes="(max-width: 480px) 100vw, 480px" /></figure></li><li class="blocks-gallery-item"><figure><img loading="lazy" decoding="async" width="480" height="300" src="https://www.pmpf.rs.gov.br/secretaria-de-cultura/wp-content/uploads/sites/25/2021/12/I2015-07-21_03_58_11_106220.jpg" alt="" data-id="233" data-full-url="https://www.pmpf.rs.gov.br/secretaria-de-cultura/wp-content/uploads/sites/25/2021/12/I2015-07-21_03_58_11_106220.jpg" data-link="https://www.pmpf.rs.gov.br/secretaria-de-cultura/?attachment_id=233" class="wp-image-233" srcset="https://www.pmpf.rs.gov.br/cultura/wp-content/uploads/sites/25/2021/12/I2015-07-21_03_58_11_106220.jpg 480w, https://www.pmpf.rs.gov.br/cultura/wp-content/uploads/sites/25/2021/12/I2015-07-21_03_58_11_106220-300x188.jpg 300w" sizes="(max-width: 480px) 100vw, 480px" /></figure></li></ul></figure>



<p></p>

<p>Venha se divertir Local:&nbsp;Praça Antonio Moretti A Associação Boqueirão Legal é uma entidade sem fins lucrativos que tem por objetivo fomentar as atividades de revitalização do Bairro Boqueirão no sentido de valorização [&hellip;]</p>

<!-- This site is optimized with the Yoast SEO plugin v23.8 - https://yoast.com/wordpress/plugins/seo/ -->
<title>Boqueirão Legal - Secretaria de Cultura</title>
<meta name="robots" content="index, follow, max-snippet:-1, max-image-preview:large, max-video-preview:-1" />
<link rel="canonical" href="https://www.pmpf.rs.gov.br/cultura/boqueirao-legal/" />
<meta property="og:locale" content="pt_BR" />
<meta property="og:type" content="article" />
<meta property="og:title" content="Boqueirão Legal - Secretaria de Cultura" />
<meta property="og:description" content="Venha se divertir Local:&nbsp;Praça Antonio Moretti A Associação Boqueirão Legal é uma entidade sem fins lucrativos que tem por objetivo fomentar as atividades de revitalização do Bairro Boqueirão no sentido de valorização [&hellip;]" />
<meta property="og:url" content="https://www.pmpf.rs.gov.br/cultura/boqueirao-legal/" />
<meta property="og:site_name" content="Secretaria de Cultura" />
<meta property="og:image" content="https://www.pmpf.rs.gov.br/secretaria-de-cultura/wp-content/uploads/sites/25/2021/12/I2015-07-21_03_59_24_106220.jpg" />
<meta name="twitter:card" content="summary_large_image" />
<meta name="twitter:label1" content="Est. tempo de leitura" />
	<meta name="twitter:data1" content="2 minutos" />
<script type="application/ld+json" class="yoast-schema-graph">{"@context":"https://schema.org","@graph":[{"@type":"WebPage","@id":"https://www.pmpf.rs.gov.br/cultura/boqueirao-legal/","url":"https://www.pmpf.rs.gov.br/cultura/boqueirao-legal/","name":"Boqueirão Legal - Secretaria de Cultura","isPartOf":{"@id":"https://www.pmpf.rs.gov.br/cultura/#website"},"primaryImageOfPage":{"@id":"https://www.pmpf.rs.gov.br/cultura/boqueirao-legal/#primaryimage"},"image":{"@id":"https://www.pmpf.rs.gov.br/cultura/boqueirao-legal/#primaryimage"},"thumbnailUrl":"https://www.pmpf.rs.gov.br/secretaria-de-cultura/wp-content/uploads/sites/25/2021/12/I2015-07-21_03_59_24_106220.jpg","datePublished":"2021-12-21T02:56:56+00:00","dateModified":"2021-12-21T02:56:56+00:00","inLanguage":"pt-BR","potentialAction":[{"@type":"ReadAction","target":["https://www.pmpf.rs.gov.br/cultura/boqueirao-legal/"]}]},{"@type":"ImageObject","inLanguage":"pt-BR","@id":"https://www.pmpf.rs.gov.br/cultura/boqueirao-legal/#primaryimage","url":"https://www.pmpf.rs.gov.br/secretaria-de-cultura/wp-content/uploads/sites/25/2021/12/I2015-07-21_03_59_24_106220.jpg","contentUrl":"https://www.pmpf.rs.gov.br/secretaria-de-cultura/wp-content/uploads/sites/25/2021/12/I2015-07-21_03_59_24_106220.jpg"},{"@type":"WebSite","@id":"https://www.pmpf.rs.gov.br/cultura/#website","url":"https://www.pmpf.rs.gov.br/cultura/","name":"Secretaria de Cultura","description":"Só mais um site Prefeitura de Passo Fundo","potentialAction":[{"@type":"SearchAction","target":{"@type":"EntryPoint","urlTemplate":"https://www.pmpf.rs.gov.br/cultura/?s={search_term_string}"},"query-input":{"@type":"PropertyValueSpecification","valueRequired":true,"valueName":"search_term_string"}}],"inLanguage":"pt-BR"}]}</script>
<!-- / Yoast SEO plugin. -->

Boqueirão Legal - Secretaria de Cultura

Venha se divertir Local:&nbsp;Praça Antonio Moretti A Associação Boqueirão Legal é uma entidade sem fins lucrativos que tem por objetivo fomentar as atividades de revitalização do Bairro Boqueirão no sentido de valorização [&hellip;]

Só mais um site Prefeitura de Passo Fundo
