{"id":204,"date":"2021-12-20T23:32:39","date_gmt":"2021-12-21T02:32:39","guid":{"rendered":"https:\/\/www.pmpf.rs.gov.br\/secretaria-de-cultura\/?page_id=204"},"modified":"2023-01-18T08:45:57","modified_gmt":"2023-01-18T11:45:57","slug":"galeria-estacao-da-arte","status":"publish","type":"page","link":"https:\/\/www.pmpf.rs.gov.br\/cultura\/galeria-estacao-da-arte\/","title":{"rendered":"Galeria Esta\u00e7\u00e3o da Arte"},"content":{"rendered":"\n<h2 class=\"wp-block-heading\">Valoriza\u00e7\u00e3o da arte e da cultura.<\/h2>\n\n\n<div class=\"wp-block-image\">\n<figure class=\"alignleft size-full is-resized\"><img loading=\"lazy\" decoding=\"async\" src=\"https:\/\/www.pmpf.rs.gov.br\/secretaria-de-cultura\/wp-content\/uploads\/sites\/25\/2021\/12\/I2019-07-23_08_32_38_106220.jpg\" alt=\"\" class=\"wp-image-205\" width=\"262\" height=\"113\" srcset=\"https:\/\/www.pmpf.rs.gov.br\/cultura\/wp-content\/uploads\/sites\/25\/2021\/12\/I2019-07-23_08_32_38_106220.jpg 524w, https:\/\/www.pmpf.rs.gov.br\/cultura\/wp-content\/uploads\/sites\/25\/2021\/12\/I2019-07-23_08_32_38_106220-300x129.jpg 300w, https:\/\/www.pmpf.rs.gov.br\/cultura\/wp-content\/uploads\/sites\/25\/2021\/12\/I2019-07-23_08_32_38_106220-520x226.jpg 520w\" sizes=\"(max-width: 262px) 100vw, 262px\" \/><\/figure><\/div>\n\n\n<p>Espa\u00e7o P\u00fablico dedicado a valoriza\u00e7\u00e3o das Artes Visuais, artistas locais e atividades culturais. Administrado e Coordenado pela Secretaria de Cultura em parceria com a Setorial de Artes Visuais e Conselho Municipal de Pol\u00edticas Culturais.<\/p>\n\n\n\n<p>Ambiente composto no conceito high-low, formas, texturas, cores, \u00e9pocas que tem contraste entre si e a est\u00e9tica contradit\u00f3ria \u00e9 capaz de equilibrar. Obras de arte de alto valor agregado em composi\u00e7\u00e3o com elementos simples de baixo custo, contemplando tamb\u00e9m a sustentabilidade, indica a artista Lindiara Paz.<\/p>\n\n\n\n<p>A linha do tempo que se encontra em um grande painel conta a hist\u00f3ria de nossa ferrovia, desenvolvida pelo Instituto Hist\u00f3rico de Passo Fundo, \u00e9 uma aula para todos que visitarem o local. Valoriza\u00e7\u00e3o, arte, hist\u00f3ria, p\u00fablico, gratuito, com acessibilidade, em um pr\u00e9dio tombado pelo Munic\u00edpio de Passo Fundo.<\/p>\n\n\n\n<p><\/p>\n\n\n\n<figure class=\"wp-block-gallery has-nested-images columns-default is-cropped wp-block-gallery-1 is-layout-flex wp-block-gallery-is-layout-flex\">\n<figure class=\"wp-block-image size-large\"><img loading=\"lazy\" decoding=\"async\" width=\"358\" height=\"477\" data-id=\"206\" src=\"https:\/\/www.pmpf.rs.gov.br\/cultura\/wp-content\/uploads\/sites\/25\/2021\/12\/I2019-07-23_08_47_25_106220.jpg\" alt=\"\" class=\"wp-image-206\" srcset=\"https:\/\/www.pmpf.rs.gov.br\/cultura\/wp-content\/uploads\/sites\/25\/2021\/12\/I2019-07-23_08_47_25_106220.jpg 358w, https:\/\/www.pmpf.rs.gov.br\/cultura\/wp-content\/uploads\/sites\/25\/2021\/12\/I2019-07-23_08_47_25_106220-225x300.jpg 225w\" sizes=\"(max-width: 358px) 100vw, 358px\" \/><\/figure>\n\n\n\n<figure class=\"wp-block-image size-large\"><img loading=\"lazy\" decoding=\"async\" width=\"289\" height=\"477\" data-id=\"207\" src=\"https:\/\/www.pmpf.rs.gov.br\/cultura\/wp-content\/uploads\/sites\/25\/2021\/12\/I2019-07-23_08_46_20_106220.jpg\" alt=\"\" class=\"wp-image-207\" srcset=\"https:\/\/www.pmpf.rs.gov.br\/cultura\/wp-content\/uploads\/sites\/25\/2021\/12\/I2019-07-23_08_46_20_106220.jpg 289w, https:\/\/www.pmpf.rs.gov.br\/cultura\/wp-content\/uploads\/sites\/25\/2021\/12\/I2019-07-23_08_46_20_106220-182x300.jpg 182w\" sizes=\"(max-width: 289px) 100vw, 289px\" \/><\/figure>\n<\/figure>\n\n\n\n<p><strong>Hor\u00e1rio de Atendimento<\/strong><br>S\u00e1bado e Domingo: das 16 horas \u00e0s 19 horas<\/p>\n\n\n\n<p>Agendamento para visita\u00e7\u00e3o de exposi\u00e7\u00f5es, contato pelo telefone (54) 98118-0060.<\/p>\n","protected":false},"excerpt":{"rendered":"<p>Valoriza\u00e7\u00e3o da arte e da cultura. Espa\u00e7o P\u00fablico dedicado a valoriza\u00e7\u00e3o das Artes Visuais, artistas locais e atividades culturais. Administrado e Coordenado pela Secretaria de Cultura em parceria com a Setorial de [&hellip;]<\/p>\n","protected":false},"author":1,"featured_media":0,"parent":0,"menu_order":0,"comment_status":"closed","ping_status":"closed","template":"page_secretaria_com_sidebar.php","meta":{"footnotes":""},"class_list":["post-204","page","type-page","status-publish","hentry"],"yoast_head":"<!-- This site is optimized with the Yoast SEO plugin v23.8 - https:\/\/yoast.com\/wordpress\/plugins\/seo\/ -->\n<title>Galeria Esta\u00e7\u00e3o da Arte - Secretaria de Cultura<\/title>\n<meta name=\"robots\" content=\"index, follow, max-snippet:-1, max-image-preview:large, max-video-preview:-1\" \/>\n<link rel=\"canonical\" href=\"https:\/\/www.pmpf.rs.gov.br\/cultura\/galeria-estacao-da-arte\/\" \/>\n<meta property=\"og:locale\" content=\"pt_BR\" \/>\n<meta property=\"og:type\" content=\"article\" \/>\n<meta property=\"og:title\" content=\"Galeria Esta\u00e7\u00e3o da Arte - Secretaria de Cultura\" \/>\n<meta property=\"og:description\" content=\"Valoriza\u00e7\u00e3o da arte e da cultura. Espa\u00e7o P\u00fablico dedicado a valoriza\u00e7\u00e3o das Artes Visuais, artistas locais e atividades culturais. Administrado e Coordenado pela Secretaria de Cultura em parceria com a Setorial de [&hellip;]\" \/>\n<meta property=\"og:url\" content=\"https:\/\/www.pmpf.rs.gov.br\/cultura\/galeria-estacao-da-arte\/\" \/>\n<meta property=\"og:site_name\" content=\"Secretaria de Cultura\" \/>\n<meta property=\"article:modified_time\" content=\"2023-01-18T11:45:57+00:00\" \/>\n<meta property=\"og:image\" content=\"https:\/\/www.pmpf.rs.gov.br\/secretaria-de-cultura\/wp-content\/uploads\/sites\/25\/2021\/12\/I2019-07-23_08_32_38_106220.jpg\" \/>\n<meta name=\"twitter:card\" content=\"summary_large_image\" \/>\n<meta name=\"twitter:label1\" content=\"Est. tempo de leitura\" \/>\n\t<meta name=\"twitter:data1\" content=\"2 minutos\" \/>\n<script type=\"application\/ld+json\" class=\"yoast-schema-graph\">{\"@context\":\"https:\/\/schema.org\",\"@graph\":[{\"@type\":\"WebPage\",\"@id\":\"https:\/\/www.pmpf.rs.gov.br\/cultura\/galeria-estacao-da-arte\/\",\"url\":\"https:\/\/www.pmpf.rs.gov.br\/cultura\/galeria-estacao-da-arte\/\",\"name\":\"Galeria Esta\u00e7\u00e3o da Arte - Secretaria de Cultura\",\"isPartOf\":{\"@id\":\"https:\/\/www.pmpf.rs.gov.br\/cultura\/#website\"},\"primaryImageOfPage\":{\"@id\":\"https:\/\/www.pmpf.rs.gov.br\/cultura\/galeria-estacao-da-arte\/#primaryimage\"},\"image\":{\"@id\":\"https:\/\/www.pmpf.rs.gov.br\/cultura\/galeria-estacao-da-arte\/#primaryimage\"},\"thumbnailUrl\":\"https:\/\/www.pmpf.rs.gov.br\/secretaria-de-cultura\/wp-content\/uploads\/sites\/25\/2021\/12\/I2019-07-23_08_32_38_106220.jpg\",\"datePublished\":\"2021-12-21T02:32:39+00:00\",\"dateModified\":\"2023-01-18T11:45:57+00:00\",\"inLanguage\":\"pt-BR\",\"potentialAction\":[{\"@type\":\"ReadAction\",\"target\":[\"https:\/\/www.pmpf.rs.gov.br\/cultura\/galeria-estacao-da-arte\/\"]}]},{\"@type\":\"ImageObject\",\"inLanguage\":\"pt-BR\",\"@id\":\"https:\/\/www.pmpf.rs.gov.br\/cultura\/galeria-estacao-da-arte\/#primaryimage\",\"url\":\"https:\/\/www.pmpf.rs.gov.br\/secretaria-de-cultura\/wp-content\/uploads\/sites\/25\/2021\/12\/I2019-07-23_08_32_38_106220.jpg\",\"contentUrl\":\"https:\/\/www.pmpf.rs.gov.br\/secretaria-de-cultura\/wp-content\/uploads\/sites\/25\/2021\/12\/I2019-07-23_08_32_38_106220.jpg\"},{\"@type\":\"WebSite\",\"@id\":\"https:\/\/www.pmpf.rs.gov.br\/cultura\/#website\",\"url\":\"https:\/\/www.pmpf.rs.gov.br\/cultura\/\",\"name\":\"Secretaria de Cultura\",\"description\":\"S\u00f3 mais um site Prefeitura de Passo Fundo\",\"potentialAction\":[{\"@type\":\"SearchAction\",\"target\":{\"@type\":\"EntryPoint\",\"urlTemplate\":\"https:\/\/www.pmpf.rs.gov.br\/cultura\/?s={search_term_string}\"},\"query-input\":{\"@type\":\"PropertyValueSpecification\",\"valueRequired\":true,\"valueName\":\"search_term_string\"}}],\"inLanguage\":\"pt-BR\"}]}<\/script>\n<!-- \/ Yoast SEO plugin. -->","yoast_head_json":{"title":"Galeria Esta\u00e7\u00e3o da Arte - Secretaria de Cultura","robots":{"index":"index","follow":"follow","max-snippet":"max-snippet:-1","max-image-preview":"max-image-preview:large","max-video-preview":"max-video-preview:-1"},"canonical":"https:\/\/www.pmpf.rs.gov.br\/cultura\/galeria-estacao-da-arte\/","og_locale":"pt_BR","og_type":"article","og_title":"Galeria Esta\u00e7\u00e3o da Arte - Secretaria de Cultura","og_description":"Valoriza\u00e7\u00e3o da arte e da cultura. Espa\u00e7o P\u00fablico dedicado a valoriza\u00e7\u00e3o das Artes Visuais, artistas locais e atividades culturais. Administrado e Coordenado pela Secretaria de Cultura em parceria com a Setorial de [&hellip;]","og_url":"https:\/\/www.pmpf.rs.gov.br\/cultura\/galeria-estacao-da-arte\/","og_site_name":"Secretaria de Cultura","article_modified_time":"2023-01-18T11:45:57+00:00","og_image":[{"url":"https:\/\/www.pmpf.rs.gov.br\/secretaria-de-cultura\/wp-content\/uploads\/sites\/25\/2021\/12\/I2019-07-23_08_32_38_106220.jpg"}],"twitter_card":"summary_large_image","twitter_misc":{"Est. tempo de leitura":"2 minutos"},"schema":{"@context":"https:\/\/schema.org","@graph":[{"@type":"WebPage","@id":"https:\/\/www.pmpf.rs.gov.br\/cultura\/galeria-estacao-da-arte\/","url":"https:\/\/www.pmpf.rs.gov.br\/cultura\/galeria-estacao-da-arte\/","name":"Galeria Esta\u00e7\u00e3o da Arte - Secretaria de Cultura","isPartOf":{"@id":"https:\/\/www.pmpf.rs.gov.br\/cultura\/#website"},"primaryImageOfPage":{"@id":"https:\/\/www.pmpf.rs.gov.br\/cultura\/galeria-estacao-da-arte\/#primaryimage"},"image":{"@id":"https:\/\/www.pmpf.rs.gov.br\/cultura\/galeria-estacao-da-arte\/#primaryimage"},"thumbnailUrl":"https:\/\/www.pmpf.rs.gov.br\/secretaria-de-cultura\/wp-content\/uploads\/sites\/25\/2021\/12\/I2019-07-23_08_32_38_106220.jpg","datePublished":"2021-12-21T02:32:39+00:00","dateModified":"2023-01-18T11:45:57+00:00","inLanguage":"pt-BR","potentialAction":[{"@type":"ReadAction","target":["https:\/\/www.pmpf.rs.gov.br\/cultura\/galeria-estacao-da-arte\/"]}]},{"@type":"ImageObject","inLanguage":"pt-BR","@id":"https:\/\/www.pmpf.rs.gov.br\/cultura\/galeria-estacao-da-arte\/#primaryimage","url":"https:\/\/www.pmpf.rs.gov.br\/secretaria-de-cultura\/wp-content\/uploads\/sites\/25\/2021\/12\/I2019-07-23_08_32_38_106220.jpg","contentUrl":"https:\/\/www.pmpf.rs.gov.br\/secretaria-de-cultura\/wp-content\/uploads\/sites\/25\/2021\/12\/I2019-07-23_08_32_38_106220.jpg"},{"@type":"WebSite","@id":"https:\/\/www.pmpf.rs.gov.br\/cultura\/#website","url":"https:\/\/www.pmpf.rs.gov.br\/cultura\/","name":"Secretaria de Cultura","description":"S\u00f3 mais um site Prefeitura de Passo Fundo","potentialAction":[{"@type":"SearchAction","target":{"@type":"EntryPoint","urlTemplate":"https:\/\/www.pmpf.rs.gov.br\/cultura\/?s={search_term_string}"},"query-input":{"@type":"PropertyValueSpecification","valueRequired":true,"valueName":"search_term_string"}}],"inLanguage":"pt-BR"}]}},"_links":{"self":[{"href":"https:\/\/www.pmpf.rs.gov.br\/cultura\/wp-json\/wp\/v2\/pages\/204"}],"collection":[{"href":"https:\/\/www.pmpf.rs.gov.br\/cultura\/wp-json\/wp\/v2\/pages"}],"about":[{"href":"https:\/\/www.pmpf.rs.gov.br\/cultura\/wp-json\/wp\/v2\/types\/page"}],"author":[{"embeddable":true,"href":"https:\/\/www.pmpf.rs.gov.br\/cultura\/wp-json\/wp\/v2\/users\/1"}],"replies":[{"embeddable":true,"href":"https:\/\/www.pmpf.rs.gov.br\/cultura\/wp-json\/wp\/v2\/comments?post=204"}],"version-history":[{"count":2,"href":"https:\/\/www.pmpf.rs.gov.br\/cultura\/wp-json\/wp\/v2\/pages\/204\/revisions"}],"predecessor-version":[{"id":3606,"href":"https:\/\/www.pmpf.rs.gov.br\/cultura\/wp-json\/wp\/v2\/pages\/204\/revisions\/3606"}],"wp:attachment":[{"href":"https:\/\/www.pmpf.rs.gov.br\/cultura\/wp-json\/wp\/v2\/media?parent=204"}],"curies":[{"name":"wp","href":"https:\/\/api.w.org\/{rel}","templated":true}]}}

Galeria Estação da Arte

<h2 class="wp-block-heading">Valorização da arte e da cultura.</h2>


<div class="wp-block-image">
<figure class="alignleft size-full is-resized"><img loading="lazy" decoding="async" src="https://www.pmpf.rs.gov.br/secretaria-de-cultura/wp-content/uploads/sites/25/2021/12/I2019-07-23_08_32_38_106220.jpg" alt="" class="wp-image-205" width="262" height="113" srcset="https://www.pmpf.rs.gov.br/cultura/wp-content/uploads/sites/25/2021/12/I2019-07-23_08_32_38_106220.jpg 524w, https://www.pmpf.rs.gov.br/cultura/wp-content/uploads/sites/25/2021/12/I2019-07-23_08_32_38_106220-300x129.jpg 300w, https://www.pmpf.rs.gov.br/cultura/wp-content/uploads/sites/25/2021/12/I2019-07-23_08_32_38_106220-520x226.jpg 520w" sizes="(max-width: 262px) 100vw, 262px" /></figure></div>


<p>Espaço Público dedicado a valorização das Artes Visuais, artistas locais e atividades culturais. Administrado e Coordenado pela Secretaria de Cultura em parceria com a Setorial de Artes Visuais e Conselho Municipal de Políticas Culturais.</p>



<p>Ambiente composto no conceito high-low, formas, texturas, cores, épocas que tem contraste entre si e a estética contraditória é capaz de equilibrar. Obras de arte de alto valor agregado em composição com elementos simples de baixo custo, contemplando também a sustentabilidade, indica a artista Lindiara Paz.</p>



<p>A linha do tempo que se encontra em um grande painel conta a história de nossa ferrovia, desenvolvida pelo Instituto Histórico de Passo Fundo, é uma aula para todos que visitarem o local. Valorização, arte, história, público, gratuito, com acessibilidade, em um prédio tombado pelo Município de Passo Fundo.</p>



<p></p>



<figure class="wp-block-gallery has-nested-images columns-default is-cropped wp-block-gallery-1 is-layout-flex wp-block-gallery-is-layout-flex">
<figure class="wp-block-image size-large"><img loading="lazy" decoding="async" width="358" height="477" data-id="206" src="https://www.pmpf.rs.gov.br/cultura/wp-content/uploads/sites/25/2021/12/I2019-07-23_08_47_25_106220.jpg" alt="" class="wp-image-206" srcset="https://www.pmpf.rs.gov.br/cultura/wp-content/uploads/sites/25/2021/12/I2019-07-23_08_47_25_106220.jpg 358w, https://www.pmpf.rs.gov.br/cultura/wp-content/uploads/sites/25/2021/12/I2019-07-23_08_47_25_106220-225x300.jpg 225w" sizes="(max-width: 358px) 100vw, 358px" /></figure>



<figure class="wp-block-image size-large"><img loading="lazy" decoding="async" width="289" height="477" data-id="207" src="https://www.pmpf.rs.gov.br/cultura/wp-content/uploads/sites/25/2021/12/I2019-07-23_08_46_20_106220.jpg" alt="" class="wp-image-207" srcset="https://www.pmpf.rs.gov.br/cultura/wp-content/uploads/sites/25/2021/12/I2019-07-23_08_46_20_106220.jpg 289w, https://www.pmpf.rs.gov.br/cultura/wp-content/uploads/sites/25/2021/12/I2019-07-23_08_46_20_106220-182x300.jpg 182w" sizes="(max-width: 289px) 100vw, 289px" /></figure>
</figure>



<p><strong>Horário de Atendimento</strong><br>Sábado e Domingo: das 16 horas às 19 horas</p>



<p>Agendamento para visitação de exposições, contato pelo telefone (54) 98118-0060.</p>

<p>Valorização da arte e da cultura. Espaço Público dedicado a valorização das Artes Visuais, artistas locais e atividades culturais. Administrado e Coordenado pela Secretaria de Cultura em parceria com a Setorial de [&hellip;]</p>

<!-- This site is optimized with the Yoast SEO plugin v23.8 - https://yoast.com/wordpress/plugins/seo/ -->
<title>Galeria Estação da Arte - Secretaria de Cultura</title>
<meta name="robots" content="index, follow, max-snippet:-1, max-image-preview:large, max-video-preview:-1" />
<link rel="canonical" href="https://www.pmpf.rs.gov.br/cultura/galeria-estacao-da-arte/" />
<meta property="og:locale" content="pt_BR" />
<meta property="og:type" content="article" />
<meta property="og:title" content="Galeria Estação da Arte - Secretaria de Cultura" />
<meta property="og:description" content="Valorização da arte e da cultura. Espaço Público dedicado a valorização das Artes Visuais, artistas locais e atividades culturais. Administrado e Coordenado pela Secretaria de Cultura em parceria com a Setorial de [&hellip;]" />
<meta property="og:url" content="https://www.pmpf.rs.gov.br/cultura/galeria-estacao-da-arte/" />
<meta property="og:site_name" content="Secretaria de Cultura" />
<meta property="article:modified_time" content="2023-01-18T11:45:57+00:00" />
<meta property="og:image" content="https://www.pmpf.rs.gov.br/secretaria-de-cultura/wp-content/uploads/sites/25/2021/12/I2019-07-23_08_32_38_106220.jpg" />
<meta name="twitter:card" content="summary_large_image" />
<meta name="twitter:label1" content="Est. tempo de leitura" />
	<meta name="twitter:data1" content="2 minutos" />
<script type="application/ld+json" class="yoast-schema-graph">{"@context":"https://schema.org","@graph":[{"@type":"WebPage","@id":"https://www.pmpf.rs.gov.br/cultura/galeria-estacao-da-arte/","url":"https://www.pmpf.rs.gov.br/cultura/galeria-estacao-da-arte/","name":"Galeria Estação da Arte - Secretaria de Cultura","isPartOf":{"@id":"https://www.pmpf.rs.gov.br/cultura/#website"},"primaryImageOfPage":{"@id":"https://www.pmpf.rs.gov.br/cultura/galeria-estacao-da-arte/#primaryimage"},"image":{"@id":"https://www.pmpf.rs.gov.br/cultura/galeria-estacao-da-arte/#primaryimage"},"thumbnailUrl":"https://www.pmpf.rs.gov.br/secretaria-de-cultura/wp-content/uploads/sites/25/2021/12/I2019-07-23_08_32_38_106220.jpg","datePublished":"2021-12-21T02:32:39+00:00","dateModified":"2023-01-18T11:45:57+00:00","inLanguage":"pt-BR","potentialAction":[{"@type":"ReadAction","target":["https://www.pmpf.rs.gov.br/cultura/galeria-estacao-da-arte/"]}]},{"@type":"ImageObject","inLanguage":"pt-BR","@id":"https://www.pmpf.rs.gov.br/cultura/galeria-estacao-da-arte/#primaryimage","url":"https://www.pmpf.rs.gov.br/secretaria-de-cultura/wp-content/uploads/sites/25/2021/12/I2019-07-23_08_32_38_106220.jpg","contentUrl":"https://www.pmpf.rs.gov.br/secretaria-de-cultura/wp-content/uploads/sites/25/2021/12/I2019-07-23_08_32_38_106220.jpg"},{"@type":"WebSite","@id":"https://www.pmpf.rs.gov.br/cultura/#website","url":"https://www.pmpf.rs.gov.br/cultura/","name":"Secretaria de Cultura","description":"Só mais um site Prefeitura de Passo Fundo","potentialAction":[{"@type":"SearchAction","target":{"@type":"EntryPoint","urlTemplate":"https://www.pmpf.rs.gov.br/cultura/?s={search_term_string}"},"query-input":{"@type":"PropertyValueSpecification","valueRequired":true,"valueName":"search_term_string"}}],"inLanguage":"pt-BR"}]}</script>
<!-- / Yoast SEO plugin. -->

Galeria Estação da Arte - Secretaria de Cultura

Valorização da arte e da cultura. Espaço Público dedicado a valorização das Artes Visuais, artistas locais e atividades culturais. Administrado e Coordenado pela Secretaria de Cultura em parceria com a Setorial de [&hellip;]

Só mais um site Prefeitura de Passo Fundo
