{"id":4479,"date":"2026-04-27T16:53:11","date_gmt":"2026-04-27T19:53:11","guid":{"rendered":"https:\/\/www.pmpf.rs.gov.br\/cultura\/?post_type=eventos&#038;p=4479"},"modified":"2026-04-27T16:55:13","modified_gmt":"2026-04-27T19:55:13","slug":"vozes-do-coracao","status":"publish","type":"eventos","link":"https:\/\/www.pmpf.rs.gov.br\/cultura\/eventos\/vozes-do-coracao\/","title":{"rendered":"Vozes do Cora\u00e7\u00e3o"},"content":{"rendered":"\n<p>Uma experi\u00eancia que vai eternizar Passo Fundo. Onde a m\u00fasica encontra a emo\u00e7\u00e3o em um cen\u00e1rio encantador a luz de velas. Com interpreta\u00e7\u00f5es de sucessos de Elvis Presley, Bee Gees, Elton John, Aerosmith e muitos outros \u2014 em uma atmosfera elegante e envolvente.<\/p>\n\n\n\n<p>Organizador: Revista Estilo Chic<\/p>\n\n\n\n<p>Ingressos: <a href=\"https:\/\/www.sympla.com.br\/evento\/light-symphony-vozes-do-coracao\/3380971?algoliaID=0adf30801bcddee5d3135edd559037a8\" target=\"_blank\" rel=\"noreferrer noopener\">sympla.com.br<\/a><\/p>\n","protected":false},"featured_media":0,"template":"","class_list":["post-4479","eventos","type-eventos","status-publish","hentry"],"yoast_head":"<!-- This site is optimized with the Yoast SEO plugin v23.8 - https:\/\/yoast.com\/wordpress\/plugins\/seo\/ -->\n<title>Vozes do Cora\u00e7\u00e3o - Secretaria de Cultura<\/title>\n<meta name=\"robots\" content=\"index, follow, max-snippet:-1, max-image-preview:large, max-video-preview:-1\" \/>\n<link rel=\"canonical\" href=\"https:\/\/www.pmpf.rs.gov.br\/cultura\/eventos\/vozes-do-coracao\/\" \/>\n<meta property=\"og:locale\" content=\"pt_BR\" \/>\n<meta property=\"og:type\" content=\"article\" \/>\n<meta property=\"og:title\" content=\"Vozes do Cora\u00e7\u00e3o - Secretaria de Cultura\" \/>\n<meta property=\"og:description\" content=\"Uma experi\u00eancia que vai eternizar Passo Fundo. Onde a m\u00fasica encontra a emo\u00e7\u00e3o em um cen\u00e1rio encantador a luz de velas. Com interpreta\u00e7\u00f5es de sucessos de Elvis Presley, Bee Gees, Elton John, [&hellip;]\" \/>\n<meta property=\"og:url\" content=\"https:\/\/www.pmpf.rs.gov.br\/cultura\/eventos\/vozes-do-coracao\/\" \/>\n<meta property=\"og:site_name\" content=\"Secretaria de Cultura\" \/>\n<meta property=\"article:modified_time\" content=\"2026-04-27T19:55:13+00:00\" \/>\n<meta name=\"twitter:card\" content=\"summary_large_image\" \/>\n<script type=\"application\/ld+json\" class=\"yoast-schema-graph\">{\"@context\":\"https:\/\/schema.org\",\"@graph\":[{\"@type\":\"WebPage\",\"@id\":\"https:\/\/www.pmpf.rs.gov.br\/cultura\/eventos\/vozes-do-coracao\/\",\"url\":\"https:\/\/www.pmpf.rs.gov.br\/cultura\/eventos\/vozes-do-coracao\/\",\"name\":\"Vozes do Cora\u00e7\u00e3o - Secretaria de Cultura\",\"isPartOf\":{\"@id\":\"https:\/\/www.pmpf.rs.gov.br\/cultura\/#website\"},\"datePublished\":\"2026-04-27T19:53:11+00:00\",\"dateModified\":\"2026-04-27T19:55:13+00:00\",\"breadcrumb\":{\"@id\":\"https:\/\/www.pmpf.rs.gov.br\/cultura\/eventos\/vozes-do-coracao\/#breadcrumb\"},\"inLanguage\":\"pt-BR\",\"potentialAction\":[{\"@type\":\"ReadAction\",\"target\":[\"https:\/\/www.pmpf.rs.gov.br\/cultura\/eventos\/vozes-do-coracao\/\"]}]},{\"@type\":\"BreadcrumbList\",\"@id\":\"https:\/\/www.pmpf.rs.gov.br\/cultura\/eventos\/vozes-do-coracao\/#breadcrumb\",\"itemListElement\":[{\"@type\":\"ListItem\",\"position\":1,\"name\":\"Eventos\",\"item\":\"https:\/\/www.pmpf.rs.gov.br\/cultura\/eventos\/\"},{\"@type\":\"ListItem\",\"position\":2,\"name\":\"Vozes do Cora\u00e7\u00e3o\"}]},{\"@type\":\"WebSite\",\"@id\":\"https:\/\/www.pmpf.rs.gov.br\/cultura\/#website\",\"url\":\"https:\/\/www.pmpf.rs.gov.br\/cultura\/\",\"name\":\"Secretaria de Cultura\",\"description\":\"S\u00f3 mais um site Prefeitura de Passo Fundo\",\"potentialAction\":[{\"@type\":\"SearchAction\",\"target\":{\"@type\":\"EntryPoint\",\"urlTemplate\":\"https:\/\/www.pmpf.rs.gov.br\/cultura\/?s={search_term_string}\"},\"query-input\":{\"@type\":\"PropertyValueSpecification\",\"valueRequired\":true,\"valueName\":\"search_term_string\"}}],\"inLanguage\":\"pt-BR\"}]}<\/script>\n<!-- \/ Yoast SEO plugin. -->","yoast_head_json":{"title":"Vozes do Cora\u00e7\u00e3o - Secretaria de Cultura","robots":{"index":"index","follow":"follow","max-snippet":"max-snippet:-1","max-image-preview":"max-image-preview:large","max-video-preview":"max-video-preview:-1"},"canonical":"https:\/\/www.pmpf.rs.gov.br\/cultura\/eventos\/vozes-do-coracao\/","og_locale":"pt_BR","og_type":"article","og_title":"Vozes do Cora\u00e7\u00e3o - Secretaria de Cultura","og_description":"Uma experi\u00eancia que vai eternizar Passo Fundo. Onde a m\u00fasica encontra a emo\u00e7\u00e3o em um cen\u00e1rio encantador a luz de velas. Com interpreta\u00e7\u00f5es de sucessos de Elvis Presley, Bee Gees, Elton John, [&hellip;]","og_url":"https:\/\/www.pmpf.rs.gov.br\/cultura\/eventos\/vozes-do-coracao\/","og_site_name":"Secretaria de Cultura","article_modified_time":"2026-04-27T19:55:13+00:00","twitter_card":"summary_large_image","schema":{"@context":"https:\/\/schema.org","@graph":[{"@type":"WebPage","@id":"https:\/\/www.pmpf.rs.gov.br\/cultura\/eventos\/vozes-do-coracao\/","url":"https:\/\/www.pmpf.rs.gov.br\/cultura\/eventos\/vozes-do-coracao\/","name":"Vozes do Cora\u00e7\u00e3o - Secretaria de Cultura","isPartOf":{"@id":"https:\/\/www.pmpf.rs.gov.br\/cultura\/#website"},"datePublished":"2026-04-27T19:53:11+00:00","dateModified":"2026-04-27T19:55:13+00:00","breadcrumb":{"@id":"https:\/\/www.pmpf.rs.gov.br\/cultura\/eventos\/vozes-do-coracao\/#breadcrumb"},"inLanguage":"pt-BR","potentialAction":[{"@type":"ReadAction","target":["https:\/\/www.pmpf.rs.gov.br\/cultura\/eventos\/vozes-do-coracao\/"]}]},{"@type":"BreadcrumbList","@id":"https:\/\/www.pmpf.rs.gov.br\/cultura\/eventos\/vozes-do-coracao\/#breadcrumb","itemListElement":[{"@type":"ListItem","position":1,"name":"Eventos","item":"https:\/\/www.pmpf.rs.gov.br\/cultura\/eventos\/"},{"@type":"ListItem","position":2,"name":"Vozes do Cora\u00e7\u00e3o"}]},{"@type":"WebSite","@id":"https:\/\/www.pmpf.rs.gov.br\/cultura\/#website","url":"https:\/\/www.pmpf.rs.gov.br\/cultura\/","name":"Secretaria de Cultura","description":"S\u00f3 mais um site Prefeitura de Passo Fundo","potentialAction":[{"@type":"SearchAction","target":{"@type":"EntryPoint","urlTemplate":"https:\/\/www.pmpf.rs.gov.br\/cultura\/?s={search_term_string}"},"query-input":{"@type":"PropertyValueSpecification","valueRequired":true,"valueName":"search_term_string"}}],"inLanguage":"pt-BR"}]}},"_links":{"self":[{"href":"https:\/\/www.pmpf.rs.gov.br\/cultura\/wp-json\/wp\/v2\/eventos\/4479"}],"collection":[{"href":"https:\/\/www.pmpf.rs.gov.br\/cultura\/wp-json\/wp\/v2\/eventos"}],"about":[{"href":"https:\/\/www.pmpf.rs.gov.br\/cultura\/wp-json\/wp\/v2\/types\/eventos"}],"wp:attachment":[{"href":"https:\/\/www.pmpf.rs.gov.br\/cultura\/wp-json\/wp\/v2\/media?parent=4479"}],"curies":[{"name":"wp","href":"https:\/\/api.w.org\/{rel}","templated":true}]}}

Vozes do Coração

<p>Uma experiência que vai eternizar Passo Fundo. Onde a música encontra a emoção em um cenário encantador a luz de velas. Com interpretações de sucessos de Elvis Presley, Bee Gees, Elton John, Aerosmith e muitos outros — em uma atmosfera elegante e envolvente.</p>



<p>Organizador: Revista Estilo Chic</p>



<p>Ingressos: <a href="https://www.sympla.com.br/evento/light-symphony-vozes-do-coracao/3380971?algoliaID=0adf30801bcddee5d3135edd559037a8" target="_blank" rel="noreferrer noopener">sympla.com.br</a></p>

<!-- This site is optimized with the Yoast SEO plugin v23.8 - https://yoast.com/wordpress/plugins/seo/ -->
<title>Vozes do Coração - Secretaria de Cultura</title>
<meta name="robots" content="index, follow, max-snippet:-1, max-image-preview:large, max-video-preview:-1" />
<link rel="canonical" href="https://www.pmpf.rs.gov.br/cultura/eventos/vozes-do-coracao/" />
<meta property="og:locale" content="pt_BR" />
<meta property="og:type" content="article" />
<meta property="og:title" content="Vozes do Coração - Secretaria de Cultura" />
<meta property="og:description" content="Uma experiência que vai eternizar Passo Fundo. Onde a música encontra a emoção em um cenário encantador a luz de velas. Com interpretações de sucessos de Elvis Presley, Bee Gees, Elton John, [&hellip;]" />
<meta property="og:url" content="https://www.pmpf.rs.gov.br/cultura/eventos/vozes-do-coracao/" />
<meta property="og:site_name" content="Secretaria de Cultura" />
<meta property="article:modified_time" content="2026-04-27T19:55:13+00:00" />
<meta name="twitter:card" content="summary_large_image" />
<script type="application/ld+json" class="yoast-schema-graph">{"@context":"https://schema.org","@graph":[{"@type":"WebPage","@id":"https://www.pmpf.rs.gov.br/cultura/eventos/vozes-do-coracao/","url":"https://www.pmpf.rs.gov.br/cultura/eventos/vozes-do-coracao/","name":"Vozes do Coração - Secretaria de Cultura","isPartOf":{"@id":"https://www.pmpf.rs.gov.br/cultura/#website"},"datePublished":"2026-04-27T19:53:11+00:00","dateModified":"2026-04-27T19:55:13+00:00","breadcrumb":{"@id":"https://www.pmpf.rs.gov.br/cultura/eventos/vozes-do-coracao/#breadcrumb"},"inLanguage":"pt-BR","potentialAction":[{"@type":"ReadAction","target":["https://www.pmpf.rs.gov.br/cultura/eventos/vozes-do-coracao/"]}]},{"@type":"BreadcrumbList","@id":"https://www.pmpf.rs.gov.br/cultura/eventos/vozes-do-coracao/#breadcrumb","itemListElement":[{"@type":"ListItem","position":1,"name":"Eventos","item":"https://www.pmpf.rs.gov.br/cultura/eventos/"},{"@type":"ListItem","position":2,"name":"Vozes do Coração"}]},{"@type":"WebSite","@id":"https://www.pmpf.rs.gov.br/cultura/#website","url":"https://www.pmpf.rs.gov.br/cultura/","name":"Secretaria de Cultura","description":"Só mais um site Prefeitura de Passo Fundo","potentialAction":[{"@type":"SearchAction","target":{"@type":"EntryPoint","urlTemplate":"https://www.pmpf.rs.gov.br/cultura/?s={search_term_string}"},"query-input":{"@type":"PropertyValueSpecification","valueRequired":true,"valueName":"search_term_string"}}],"inLanguage":"pt-BR"}]}</script>
<!-- / Yoast SEO plugin. -->

Vozes do Coração - Secretaria de Cultura

Uma experiência que vai eternizar Passo Fundo. Onde a música encontra a emoção em um cenário encantador a luz de velas. Com interpretações de sucessos de Elvis Presley, Bee Gees, Elton John, [&hellip;]

Só mais um site Prefeitura de Passo Fundo
