{"id":156,"date":"2023-08-15T09:15:43","date_gmt":"2023-08-15T12:15:43","guid":{"rendered":"https:\/\/www.pmpf.rs.gov.br\/coordenadoria-da-mulher\/?post_type=eventos&#038;p=156"},"modified":"2023-08-15T09:20:20","modified_gmt":"2023-08-15T12:20:20","slug":"seminario-em-alusao-ao-agosto-lilas","status":"publish","type":"eventos","link":"https:\/\/www.pmpf.rs.gov.br\/coordenadoria-da-mulher\/eventos\/seminario-em-alusao-ao-agosto-lilas\/","title":{"rendered":"Semin\u00e1rio Agosto Lil\u00e1s Enfrentamento da Viol\u00eancia contra a Mulher"},"content":{"rendered":"\n<p>Aberto \u00e0 comunidade.<\/p>\n\n\n\n<p><strong>Programa\u00e7\u00e3o<\/strong><\/p>\n\n\n\n<p>13h \u2013 Credenciamento<\/p>\n\n\n\n<p>13h30 \u2013 Abertura Apresenta\u00e7\u00e3o Cultural<\/p>\n\n\n\n<p>14h \u2013 Apresenta\u00e7\u00e3o de V\u00eddeo das Entidades Representativas das Pol\u00edticas P\u00fablicas para Mulheres <\/p>\n\n\n\n<p>14h30 \u2013 Palestra: Delegada M\u00e1rcia Scherer<\/p>\n\n\n\n<p>15h10 \u2013 Mesa Debatedora: as leis institu\u00eddas e a operacionaliza\u00e7\u00e3o pr\u00e1tica no trabalho dos segmentos que realizam as a\u00e7\u00f5es cotidianas<\/p>\n\n\n\n<p>16h30 \u2013 Encaminhamentos<\/p>\n\n\n\n<p>17h \u2013 Encerramento<\/p>\n","protected":false},"featured_media":0,"template":"","class_list":["post-156","eventos","type-eventos","status-publish","hentry"],"yoast_head":"<!-- This site is optimized with the Yoast SEO plugin v23.8 - https:\/\/yoast.com\/wordpress\/plugins\/seo\/ -->\n<title>Semin\u00e1rio Agosto Lil\u00e1s Enfrentamento da Viol\u00eancia contra a Mulher - Coordenadoria da Mulher<\/title>\n<meta name=\"robots\" content=\"index, follow, max-snippet:-1, max-image-preview:large, max-video-preview:-1\" \/>\n<link rel=\"canonical\" href=\"https:\/\/www.pmpf.rs.gov.br\/coordenadoria-da-mulher\/eventos\/seminario-em-alusao-ao-agosto-lilas\/\" \/>\n<meta property=\"og:locale\" content=\"pt_BR\" \/>\n<meta property=\"og:type\" content=\"article\" \/>\n<meta property=\"og:title\" content=\"Semin\u00e1rio Agosto Lil\u00e1s Enfrentamento da Viol\u00eancia contra a Mulher - Coordenadoria da Mulher\" \/>\n<meta property=\"og:description\" content=\"Aberto \u00e0 comunidade. Programa\u00e7\u00e3o 13h \u2013 Credenciamento 13h30 \u2013 Abertura Apresenta\u00e7\u00e3o Cultural 14h \u2013 Apresenta\u00e7\u00e3o de V\u00eddeo das Entidades Representativas das Pol\u00edticas P\u00fablicas para Mulheres 14h30 \u2013 Palestra: Delegada M\u00e1rcia Scherer 15h10 [&hellip;]\" \/>\n<meta property=\"og:url\" content=\"https:\/\/www.pmpf.rs.gov.br\/coordenadoria-da-mulher\/eventos\/seminario-em-alusao-ao-agosto-lilas\/\" \/>\n<meta property=\"og:site_name\" content=\"Coordenadoria da Mulher\" \/>\n<meta property=\"article:modified_time\" content=\"2023-08-15T12:20:20+00:00\" \/>\n<meta name=\"twitter:card\" content=\"summary_large_image\" \/>\n<script type=\"application\/ld+json\" class=\"yoast-schema-graph\">{\"@context\":\"https:\/\/schema.org\",\"@graph\":[{\"@type\":\"WebPage\",\"@id\":\"https:\/\/www.pmpf.rs.gov.br\/coordenadoria-da-mulher\/eventos\/seminario-em-alusao-ao-agosto-lilas\/\",\"url\":\"https:\/\/www.pmpf.rs.gov.br\/coordenadoria-da-mulher\/eventos\/seminario-em-alusao-ao-agosto-lilas\/\",\"name\":\"Semin\u00e1rio Agosto Lil\u00e1s Enfrentamento da Viol\u00eancia contra a Mulher - Coordenadoria da Mulher\",\"isPartOf\":{\"@id\":\"https:\/\/www.pmpf.rs.gov.br\/coordenadoria-da-mulher\/#website\"},\"datePublished\":\"2023-08-15T12:15:43+00:00\",\"dateModified\":\"2023-08-15T12:20:20+00:00\",\"breadcrumb\":{\"@id\":\"https:\/\/www.pmpf.rs.gov.br\/coordenadoria-da-mulher\/eventos\/seminario-em-alusao-ao-agosto-lilas\/#breadcrumb\"},\"inLanguage\":\"pt-BR\",\"potentialAction\":[{\"@type\":\"ReadAction\",\"target\":[\"https:\/\/www.pmpf.rs.gov.br\/coordenadoria-da-mulher\/eventos\/seminario-em-alusao-ao-agosto-lilas\/\"]}]},{\"@type\":\"BreadcrumbList\",\"@id\":\"https:\/\/www.pmpf.rs.gov.br\/coordenadoria-da-mulher\/eventos\/seminario-em-alusao-ao-agosto-lilas\/#breadcrumb\",\"itemListElement\":[{\"@type\":\"ListItem\",\"position\":1,\"name\":\"Eventos\",\"item\":\"https:\/\/www.pmpf.rs.gov.br\/coordenadoria-da-mulher\/eventos\/\"},{\"@type\":\"ListItem\",\"position\":2,\"name\":\"Semin\u00e1rio Agosto Lil\u00e1s Enfrentamento da Viol\u00eancia contra a Mulher\"}]},{\"@type\":\"WebSite\",\"@id\":\"https:\/\/www.pmpf.rs.gov.br\/coordenadoria-da-mulher\/#website\",\"url\":\"https:\/\/www.pmpf.rs.gov.br\/coordenadoria-da-mulher\/\",\"name\":\"Coordenadoria da Mulher\",\"description\":\"S\u00f3 mais um site Prefeitura de Passo Fundo\",\"potentialAction\":[{\"@type\":\"SearchAction\",\"target\":{\"@type\":\"EntryPoint\",\"urlTemplate\":\"https:\/\/www.pmpf.rs.gov.br\/coordenadoria-da-mulher\/?s={search_term_string}\"},\"query-input\":{\"@type\":\"PropertyValueSpecification\",\"valueRequired\":true,\"valueName\":\"search_term_string\"}}],\"inLanguage\":\"pt-BR\"}]}<\/script>\n<!-- \/ Yoast SEO plugin. -->","yoast_head_json":{"title":"Semin\u00e1rio Agosto Lil\u00e1s Enfrentamento da Viol\u00eancia contra a Mulher - Coordenadoria da Mulher","robots":{"index":"index","follow":"follow","max-snippet":"max-snippet:-1","max-image-preview":"max-image-preview:large","max-video-preview":"max-video-preview:-1"},"canonical":"https:\/\/www.pmpf.rs.gov.br\/coordenadoria-da-mulher\/eventos\/seminario-em-alusao-ao-agosto-lilas\/","og_locale":"pt_BR","og_type":"article","og_title":"Semin\u00e1rio Agosto Lil\u00e1s Enfrentamento da Viol\u00eancia contra a Mulher - Coordenadoria da Mulher","og_description":"Aberto \u00e0 comunidade. Programa\u00e7\u00e3o 13h \u2013 Credenciamento 13h30 \u2013 Abertura Apresenta\u00e7\u00e3o Cultural 14h \u2013 Apresenta\u00e7\u00e3o de V\u00eddeo das Entidades Representativas das Pol\u00edticas P\u00fablicas para Mulheres 14h30 \u2013 Palestra: Delegada M\u00e1rcia Scherer 15h10 [&hellip;]","og_url":"https:\/\/www.pmpf.rs.gov.br\/coordenadoria-da-mulher\/eventos\/seminario-em-alusao-ao-agosto-lilas\/","og_site_name":"Coordenadoria da Mulher","article_modified_time":"2023-08-15T12:20:20+00:00","twitter_card":"summary_large_image","schema":{"@context":"https:\/\/schema.org","@graph":[{"@type":"WebPage","@id":"https:\/\/www.pmpf.rs.gov.br\/coordenadoria-da-mulher\/eventos\/seminario-em-alusao-ao-agosto-lilas\/","url":"https:\/\/www.pmpf.rs.gov.br\/coordenadoria-da-mulher\/eventos\/seminario-em-alusao-ao-agosto-lilas\/","name":"Semin\u00e1rio Agosto Lil\u00e1s Enfrentamento da Viol\u00eancia contra a Mulher - Coordenadoria da Mulher","isPartOf":{"@id":"https:\/\/www.pmpf.rs.gov.br\/coordenadoria-da-mulher\/#website"},"datePublished":"2023-08-15T12:15:43+00:00","dateModified":"2023-08-15T12:20:20+00:00","breadcrumb":{"@id":"https:\/\/www.pmpf.rs.gov.br\/coordenadoria-da-mulher\/eventos\/seminario-em-alusao-ao-agosto-lilas\/#breadcrumb"},"inLanguage":"pt-BR","potentialAction":[{"@type":"ReadAction","target":["https:\/\/www.pmpf.rs.gov.br\/coordenadoria-da-mulher\/eventos\/seminario-em-alusao-ao-agosto-lilas\/"]}]},{"@type":"BreadcrumbList","@id":"https:\/\/www.pmpf.rs.gov.br\/coordenadoria-da-mulher\/eventos\/seminario-em-alusao-ao-agosto-lilas\/#breadcrumb","itemListElement":[{"@type":"ListItem","position":1,"name":"Eventos","item":"https:\/\/www.pmpf.rs.gov.br\/coordenadoria-da-mulher\/eventos\/"},{"@type":"ListItem","position":2,"name":"Semin\u00e1rio Agosto Lil\u00e1s Enfrentamento da Viol\u00eancia contra a Mulher"}]},{"@type":"WebSite","@id":"https:\/\/www.pmpf.rs.gov.br\/coordenadoria-da-mulher\/#website","url":"https:\/\/www.pmpf.rs.gov.br\/coordenadoria-da-mulher\/","name":"Coordenadoria da Mulher","description":"S\u00f3 mais um site Prefeitura de Passo Fundo","potentialAction":[{"@type":"SearchAction","target":{"@type":"EntryPoint","urlTemplate":"https:\/\/www.pmpf.rs.gov.br\/coordenadoria-da-mulher\/?s={search_term_string}"},"query-input":{"@type":"PropertyValueSpecification","valueRequired":true,"valueName":"search_term_string"}}],"inLanguage":"pt-BR"}]}},"_links":{"self":[{"href":"https:\/\/www.pmpf.rs.gov.br\/coordenadoria-da-mulher\/wp-json\/wp\/v2\/eventos\/156"}],"collection":[{"href":"https:\/\/www.pmpf.rs.gov.br\/coordenadoria-da-mulher\/wp-json\/wp\/v2\/eventos"}],"about":[{"href":"https:\/\/www.pmpf.rs.gov.br\/coordenadoria-da-mulher\/wp-json\/wp\/v2\/types\/eventos"}],"wp:attachment":[{"href":"https:\/\/www.pmpf.rs.gov.br\/coordenadoria-da-mulher\/wp-json\/wp\/v2\/media?parent=156"}],"curies":[{"name":"wp","href":"https:\/\/api.w.org\/{rel}","templated":true}]}}

Seminário Agosto Lilás Enfrentamento da Violência contra a Mulher

<p>Aberto à comunidade.</p>



<p><strong>Programação</strong></p>



<p>13h – Credenciamento</p>



<p>13h30 – Abertura Apresentação Cultural</p>



<p>14h – Apresentação de Vídeo das Entidades Representativas das Políticas Públicas para Mulheres </p>



<p>14h30 – Palestra: Delegada Márcia Scherer</p>



<p>15h10 – Mesa Debatedora: as leis instituídas e a operacionalização prática no trabalho dos segmentos que realizam as ações cotidianas</p>



<p>16h30 – Encaminhamentos</p>



<p>17h – Encerramento</p>

<!-- This site is optimized with the Yoast SEO plugin v23.8 - https://yoast.com/wordpress/plugins/seo/ -->
<title>Seminário Agosto Lilás Enfrentamento da Violência contra a Mulher - Coordenadoria da Mulher</title>
<meta name="robots" content="index, follow, max-snippet:-1, max-image-preview:large, max-video-preview:-1" />
<link rel="canonical" href="https://www.pmpf.rs.gov.br/coordenadoria-da-mulher/eventos/seminario-em-alusao-ao-agosto-lilas/" />
<meta property="og:locale" content="pt_BR" />
<meta property="og:type" content="article" />
<meta property="og:title" content="Seminário Agosto Lilás Enfrentamento da Violência contra a Mulher - Coordenadoria da Mulher" />
<meta property="og:description" content="Aberto à comunidade. Programação 13h – Credenciamento 13h30 – Abertura Apresentação Cultural 14h – Apresentação de Vídeo das Entidades Representativas das Políticas Públicas para Mulheres 14h30 – Palestra: Delegada Márcia Scherer 15h10 [&hellip;]" />
<meta property="og:url" content="https://www.pmpf.rs.gov.br/coordenadoria-da-mulher/eventos/seminario-em-alusao-ao-agosto-lilas/" />
<meta property="og:site_name" content="Coordenadoria da Mulher" />
<meta property="article:modified_time" content="2023-08-15T12:20:20+00:00" />
<meta name="twitter:card" content="summary_large_image" />
<script type="application/ld+json" class="yoast-schema-graph">{"@context":"https://schema.org","@graph":[{"@type":"WebPage","@id":"https://www.pmpf.rs.gov.br/coordenadoria-da-mulher/eventos/seminario-em-alusao-ao-agosto-lilas/","url":"https://www.pmpf.rs.gov.br/coordenadoria-da-mulher/eventos/seminario-em-alusao-ao-agosto-lilas/","name":"Seminário Agosto Lilás Enfrentamento da Violência contra a Mulher - Coordenadoria da Mulher","isPartOf":{"@id":"https://www.pmpf.rs.gov.br/coordenadoria-da-mulher/#website"},"datePublished":"2023-08-15T12:15:43+00:00","dateModified":"2023-08-15T12:20:20+00:00","breadcrumb":{"@id":"https://www.pmpf.rs.gov.br/coordenadoria-da-mulher/eventos/seminario-em-alusao-ao-agosto-lilas/#breadcrumb"},"inLanguage":"pt-BR","potentialAction":[{"@type":"ReadAction","target":["https://www.pmpf.rs.gov.br/coordenadoria-da-mulher/eventos/seminario-em-alusao-ao-agosto-lilas/"]}]},{"@type":"BreadcrumbList","@id":"https://www.pmpf.rs.gov.br/coordenadoria-da-mulher/eventos/seminario-em-alusao-ao-agosto-lilas/#breadcrumb","itemListElement":[{"@type":"ListItem","position":1,"name":"Eventos","item":"https://www.pmpf.rs.gov.br/coordenadoria-da-mulher/eventos/"},{"@type":"ListItem","position":2,"name":"Seminário Agosto Lilás Enfrentamento da Violência contra a Mulher"}]},{"@type":"WebSite","@id":"https://www.pmpf.rs.gov.br/coordenadoria-da-mulher/#website","url":"https://www.pmpf.rs.gov.br/coordenadoria-da-mulher/","name":"Coordenadoria da Mulher","description":"Só mais um site Prefeitura de Passo Fundo","potentialAction":[{"@type":"SearchAction","target":{"@type":"EntryPoint","urlTemplate":"https://www.pmpf.rs.gov.br/coordenadoria-da-mulher/?s={search_term_string}"},"query-input":{"@type":"PropertyValueSpecification","valueRequired":true,"valueName":"search_term_string"}}],"inLanguage":"pt-BR"}]}</script>
<!-- / Yoast SEO plugin. -->

Seminário Agosto Lilás Enfrentamento da Violência contra a Mulher - Coordenadoria da Mulher

Aberto à comunidade. Programação 13h – Credenciamento 13h30 – Abertura Apresentação Cultural 14h – Apresentação de Vídeo das Entidades Representativas das Políticas Públicas para Mulheres 14h30 – Palestra: Delegada Márcia Scherer 15h10 [&hellip;]

Só mais um site Prefeitura de Passo Fundo
