{"id":9,"date":"2021-12-18T17:26:22","date_gmt":"2021-12-18T20:26:22","guid":{"rendered":"https:\/\/www.pmpf.rs.gov.br\/conselhos-municipais-de-passo-fundo\/?page_id=9"},"modified":"2025-01-03T09:24:17","modified_gmt":"2025-01-03T12:24:17","slug":"conheca-o-coordenador","status":"publish","type":"page","link":"https:\/\/www.pmpf.rs.gov.br\/conselhos-municipais-de-passo-fundo\/conheca-o-coordenador\/","title":{"rendered":"Conhe\u00e7a o Coordenador"},"content":{"rendered":"\n<h2 class=\"wp-block-heading\"><br>Gest\u00e3o 2025-2028 &#8211; Eduardo Hamel<\/h2>\n\n\n<div class=\"wp-block-image\">\n<figure class=\"alignleft size-full is-resized\"><img loading=\"lazy\" decoding=\"async\" width=\"1280\" height=\"853\" src=\"https:\/\/www.pmpf.rs.gov.br\/conselhos-municipais-de-passo-fundo\/wp-content\/uploads\/sites\/37\/2021\/12\/conselhos-municipais-eduardo-hamel-2025.jpg\" alt=\"\" class=\"wp-image-945\" style=\"width:380px\" srcset=\"https:\/\/www.pmpf.rs.gov.br\/conselhos-municipais-de-passo-fundo\/wp-content\/uploads\/sites\/37\/2021\/12\/conselhos-municipais-eduardo-hamel-2025.jpg 1280w, https:\/\/www.pmpf.rs.gov.br\/conselhos-municipais-de-passo-fundo\/wp-content\/uploads\/sites\/37\/2021\/12\/conselhos-municipais-eduardo-hamel-2025-300x200.jpg 300w, https:\/\/www.pmpf.rs.gov.br\/conselhos-municipais-de-passo-fundo\/wp-content\/uploads\/sites\/37\/2021\/12\/conselhos-municipais-eduardo-hamel-2025-1024x682.jpg 1024w, https:\/\/www.pmpf.rs.gov.br\/conselhos-municipais-de-passo-fundo\/wp-content\/uploads\/sites\/37\/2021\/12\/conselhos-municipais-eduardo-hamel-2025-768x512.jpg 768w\" sizes=\"(max-width: 1280px) 100vw, 1280px\" \/><\/figure><\/div>\n\n\n<p>Formado em Direito pela Universidade de Passo Fundo e possui Mestrado pela Faculdade ATITUS. Com vasta experi\u00eancia, foi professor universit\u00e1rio na gradua\u00e7\u00e3o de Direito, coordenador do PROCON de Passo Fundo e assessor do Deputado Federal Luciano Azevedo no Congresso Nacional.<\/p>\n\n\n\n<p>Com sua trajet\u00f3ria, Eduardo traz uma perspectiva t\u00e9cnica e estrat\u00e9gica para a Coordenadoria, fortalecendo ainda mais o papel dos conselhos como elo entre a sociedade e a administra\u00e7\u00e3o p\u00fablica.<\/p>\n","protected":false},"excerpt":{"rendered":"<p>Gest\u00e3o 2025-2028 &#8211; Eduardo Hamel Formado em Direito pela Universidade de Passo Fundo e possui Mestrado pela Faculdade ATITUS. Com vasta experi\u00eancia, foi professor universit\u00e1rio na gradua\u00e7\u00e3o de Direito, coordenador do PROCON [&hellip;]<\/p>\n","protected":false},"author":1,"featured_media":0,"parent":0,"menu_order":0,"comment_status":"closed","ping_status":"closed","template":"","meta":{"footnotes":""},"class_list":["post-9","page","type-page","status-publish","hentry"],"yoast_head":"<!-- This site is optimized with the Yoast SEO plugin v23.8 - https:\/\/yoast.com\/wordpress\/plugins\/seo\/ -->\n<title>Conhe\u00e7a o Coordenador - Conselhos Municipais de Passo Fundo<\/title>\n<meta name=\"robots\" content=\"index, follow, max-snippet:-1, max-image-preview:large, max-video-preview:-1\" \/>\n<link rel=\"canonical\" href=\"https:\/\/www.pmpf.rs.gov.br\/conselhos-municipais-de-passo-fundo\/conheca-o-coordenador\/\" \/>\n<meta property=\"og:locale\" content=\"pt_BR\" \/>\n<meta property=\"og:type\" content=\"article\" \/>\n<meta property=\"og:title\" content=\"Conhe\u00e7a o Coordenador - Conselhos Municipais de Passo Fundo\" \/>\n<meta property=\"og:description\" content=\"Gest\u00e3o 2025-2028 &#8211; Eduardo Hamel Formado em Direito pela Universidade de Passo Fundo e possui Mestrado pela Faculdade ATITUS. Com vasta experi\u00eancia, foi professor universit\u00e1rio na gradua\u00e7\u00e3o de Direito, coordenador do PROCON [&hellip;]\" \/>\n<meta property=\"og:url\" content=\"https:\/\/www.pmpf.rs.gov.br\/conselhos-municipais-de-passo-fundo\/conheca-o-coordenador\/\" \/>\n<meta property=\"og:site_name\" content=\"Conselhos Municipais de Passo Fundo\" \/>\n<meta property=\"article:modified_time\" content=\"2025-01-03T12:24:17+00:00\" \/>\n<meta property=\"og:image\" content=\"https:\/\/www.pmpf.rs.gov.br\/conselhos-municipais-de-passo-fundo\/wp-content\/uploads\/sites\/37\/2021\/12\/conselhos-municipais-eduardo-hamel-2025.jpg\" \/>\n\t<meta property=\"og:image:width\" content=\"1280\" \/>\n\t<meta property=\"og:image:height\" content=\"853\" \/>\n\t<meta property=\"og:image:type\" content=\"image\/jpeg\" \/>\n<meta name=\"twitter:card\" content=\"summary_large_image\" \/>\n<meta name=\"twitter:label1\" content=\"Est. tempo de leitura\" \/>\n\t<meta name=\"twitter:data1\" content=\"1 minuto\" \/>\n<script type=\"application\/ld+json\" class=\"yoast-schema-graph\">{\"@context\":\"https:\/\/schema.org\",\"@graph\":[{\"@type\":\"WebPage\",\"@id\":\"https:\/\/www.pmpf.rs.gov.br\/conselhos-municipais-de-passo-fundo\/conheca-o-coordenador\/\",\"url\":\"https:\/\/www.pmpf.rs.gov.br\/conselhos-municipais-de-passo-fundo\/conheca-o-coordenador\/\",\"name\":\"Conhe\u00e7a o Coordenador - Conselhos Municipais de Passo Fundo\",\"isPartOf\":{\"@id\":\"https:\/\/www.pmpf.rs.gov.br\/conselhos-municipais-de-passo-fundo\/#website\"},\"primaryImageOfPage\":{\"@id\":\"https:\/\/www.pmpf.rs.gov.br\/conselhos-municipais-de-passo-fundo\/conheca-o-coordenador\/#primaryimage\"},\"image\":{\"@id\":\"https:\/\/www.pmpf.rs.gov.br\/conselhos-municipais-de-passo-fundo\/conheca-o-coordenador\/#primaryimage\"},\"thumbnailUrl\":\"https:\/\/www.pmpf.rs.gov.br\/conselhos-municipais-de-passo-fundo\/wp-content\/uploads\/sites\/37\/2021\/12\/conselhos-municipais-eduardo-hamel-2025.jpg\",\"datePublished\":\"2021-12-18T20:26:22+00:00\",\"dateModified\":\"2025-01-03T12:24:17+00:00\",\"inLanguage\":\"pt-BR\",\"potentialAction\":[{\"@type\":\"ReadAction\",\"target\":[\"https:\/\/www.pmpf.rs.gov.br\/conselhos-municipais-de-passo-fundo\/conheca-o-coordenador\/\"]}]},{\"@type\":\"ImageObject\",\"inLanguage\":\"pt-BR\",\"@id\":\"https:\/\/www.pmpf.rs.gov.br\/conselhos-municipais-de-passo-fundo\/conheca-o-coordenador\/#primaryimage\",\"url\":\"https:\/\/www.pmpf.rs.gov.br\/conselhos-municipais-de-passo-fundo\/wp-content\/uploads\/sites\/37\/2021\/12\/conselhos-municipais-eduardo-hamel-2025.jpg\",\"contentUrl\":\"https:\/\/www.pmpf.rs.gov.br\/conselhos-municipais-de-passo-fundo\/wp-content\/uploads\/sites\/37\/2021\/12\/conselhos-municipais-eduardo-hamel-2025.jpg\",\"width\":1280,\"height\":853},{\"@type\":\"WebSite\",\"@id\":\"https:\/\/www.pmpf.rs.gov.br\/conselhos-municipais-de-passo-fundo\/#website\",\"url\":\"https:\/\/www.pmpf.rs.gov.br\/conselhos-municipais-de-passo-fundo\/\",\"name\":\"Conselhos Municipais de Passo Fundo\",\"description\":\"S\u00f3 mais um site Prefeitura de Passo Fundo\",\"potentialAction\":[{\"@type\":\"SearchAction\",\"target\":{\"@type\":\"EntryPoint\",\"urlTemplate\":\"https:\/\/www.pmpf.rs.gov.br\/conselhos-municipais-de-passo-fundo\/?s={search_term_string}\"},\"query-input\":{\"@type\":\"PropertyValueSpecification\",\"valueRequired\":true,\"valueName\":\"search_term_string\"}}],\"inLanguage\":\"pt-BR\"}]}<\/script>\n<!-- \/ Yoast SEO plugin. -->","yoast_head_json":{"title":"Conhe\u00e7a o Coordenador - Conselhos Municipais de Passo Fundo","robots":{"index":"index","follow":"follow","max-snippet":"max-snippet:-1","max-image-preview":"max-image-preview:large","max-video-preview":"max-video-preview:-1"},"canonical":"https:\/\/www.pmpf.rs.gov.br\/conselhos-municipais-de-passo-fundo\/conheca-o-coordenador\/","og_locale":"pt_BR","og_type":"article","og_title":"Conhe\u00e7a o Coordenador - Conselhos Municipais de Passo Fundo","og_description":"Gest\u00e3o 2025-2028 &#8211; Eduardo Hamel Formado em Direito pela Universidade de Passo Fundo e possui Mestrado pela Faculdade ATITUS. Com vasta experi\u00eancia, foi professor universit\u00e1rio na gradua\u00e7\u00e3o de Direito, coordenador do PROCON [&hellip;]","og_url":"https:\/\/www.pmpf.rs.gov.br\/conselhos-municipais-de-passo-fundo\/conheca-o-coordenador\/","og_site_name":"Conselhos Municipais de Passo Fundo","article_modified_time":"2025-01-03T12:24:17+00:00","og_image":[{"width":1280,"height":853,"url":"https:\/\/www.pmpf.rs.gov.br\/conselhos-municipais-de-passo-fundo\/wp-content\/uploads\/sites\/37\/2021\/12\/conselhos-municipais-eduardo-hamel-2025.jpg","type":"image\/jpeg"}],"twitter_card":"summary_large_image","twitter_misc":{"Est. tempo de leitura":"1 minuto"},"schema":{"@context":"https:\/\/schema.org","@graph":[{"@type":"WebPage","@id":"https:\/\/www.pmpf.rs.gov.br\/conselhos-municipais-de-passo-fundo\/conheca-o-coordenador\/","url":"https:\/\/www.pmpf.rs.gov.br\/conselhos-municipais-de-passo-fundo\/conheca-o-coordenador\/","name":"Conhe\u00e7a o Coordenador - Conselhos Municipais de Passo Fundo","isPartOf":{"@id":"https:\/\/www.pmpf.rs.gov.br\/conselhos-municipais-de-passo-fundo\/#website"},"primaryImageOfPage":{"@id":"https:\/\/www.pmpf.rs.gov.br\/conselhos-municipais-de-passo-fundo\/conheca-o-coordenador\/#primaryimage"},"image":{"@id":"https:\/\/www.pmpf.rs.gov.br\/conselhos-municipais-de-passo-fundo\/conheca-o-coordenador\/#primaryimage"},"thumbnailUrl":"https:\/\/www.pmpf.rs.gov.br\/conselhos-municipais-de-passo-fundo\/wp-content\/uploads\/sites\/37\/2021\/12\/conselhos-municipais-eduardo-hamel-2025.jpg","datePublished":"2021-12-18T20:26:22+00:00","dateModified":"2025-01-03T12:24:17+00:00","inLanguage":"pt-BR","potentialAction":[{"@type":"ReadAction","target":["https:\/\/www.pmpf.rs.gov.br\/conselhos-municipais-de-passo-fundo\/conheca-o-coordenador\/"]}]},{"@type":"ImageObject","inLanguage":"pt-BR","@id":"https:\/\/www.pmpf.rs.gov.br\/conselhos-municipais-de-passo-fundo\/conheca-o-coordenador\/#primaryimage","url":"https:\/\/www.pmpf.rs.gov.br\/conselhos-municipais-de-passo-fundo\/wp-content\/uploads\/sites\/37\/2021\/12\/conselhos-municipais-eduardo-hamel-2025.jpg","contentUrl":"https:\/\/www.pmpf.rs.gov.br\/conselhos-municipais-de-passo-fundo\/wp-content\/uploads\/sites\/37\/2021\/12\/conselhos-municipais-eduardo-hamel-2025.jpg","width":1280,"height":853},{"@type":"WebSite","@id":"https:\/\/www.pmpf.rs.gov.br\/conselhos-municipais-de-passo-fundo\/#website","url":"https:\/\/www.pmpf.rs.gov.br\/conselhos-municipais-de-passo-fundo\/","name":"Conselhos Municipais de Passo Fundo","description":"S\u00f3 mais um site Prefeitura de Passo Fundo","potentialAction":[{"@type":"SearchAction","target":{"@type":"EntryPoint","urlTemplate":"https:\/\/www.pmpf.rs.gov.br\/conselhos-municipais-de-passo-fundo\/?s={search_term_string}"},"query-input":{"@type":"PropertyValueSpecification","valueRequired":true,"valueName":"search_term_string"}}],"inLanguage":"pt-BR"}]}},"_links":{"self":[{"href":"https:\/\/www.pmpf.rs.gov.br\/conselhos-municipais-de-passo-fundo\/wp-json\/wp\/v2\/pages\/9"}],"collection":[{"href":"https:\/\/www.pmpf.rs.gov.br\/conselhos-municipais-de-passo-fundo\/wp-json\/wp\/v2\/pages"}],"about":[{"href":"https:\/\/www.pmpf.rs.gov.br\/conselhos-municipais-de-passo-fundo\/wp-json\/wp\/v2\/types\/page"}],"author":[{"embeddable":true,"href":"https:\/\/www.pmpf.rs.gov.br\/conselhos-municipais-de-passo-fundo\/wp-json\/wp\/v2\/users\/1"}],"replies":[{"embeddable":true,"href":"https:\/\/www.pmpf.rs.gov.br\/conselhos-municipais-de-passo-fundo\/wp-json\/wp\/v2\/comments?post=9"}],"version-history":[{"count":2,"href":"https:\/\/www.pmpf.rs.gov.br\/conselhos-municipais-de-passo-fundo\/wp-json\/wp\/v2\/pages\/9\/revisions"}],"predecessor-version":[{"id":946,"href":"https:\/\/www.pmpf.rs.gov.br\/conselhos-municipais-de-passo-fundo\/wp-json\/wp\/v2\/pages\/9\/revisions\/946"}],"wp:attachment":[{"href":"https:\/\/www.pmpf.rs.gov.br\/conselhos-municipais-de-passo-fundo\/wp-json\/wp\/v2\/media?parent=9"}],"curies":[{"name":"wp","href":"https:\/\/api.w.org\/{rel}","templated":true}]}}

Conheça o Coordenador

<h2 class="wp-block-heading"><br>Gestão 2025-2028 &#8211; Eduardo Hamel</h2>


<div class="wp-block-image">
<figure class="alignleft size-full is-resized"><img loading="lazy" decoding="async" width="1280" height="853" src="https://www.pmpf.rs.gov.br/conselhos-municipais-de-passo-fundo/wp-content/uploads/sites/37/2021/12/conselhos-municipais-eduardo-hamel-2025.jpg" alt="" class="wp-image-945" style="width:380px" srcset="https://www.pmpf.rs.gov.br/conselhos-municipais-de-passo-fundo/wp-content/uploads/sites/37/2021/12/conselhos-municipais-eduardo-hamel-2025.jpg 1280w, https://www.pmpf.rs.gov.br/conselhos-municipais-de-passo-fundo/wp-content/uploads/sites/37/2021/12/conselhos-municipais-eduardo-hamel-2025-300x200.jpg 300w, https://www.pmpf.rs.gov.br/conselhos-municipais-de-passo-fundo/wp-content/uploads/sites/37/2021/12/conselhos-municipais-eduardo-hamel-2025-1024x682.jpg 1024w, https://www.pmpf.rs.gov.br/conselhos-municipais-de-passo-fundo/wp-content/uploads/sites/37/2021/12/conselhos-municipais-eduardo-hamel-2025-768x512.jpg 768w" sizes="(max-width: 1280px) 100vw, 1280px" /></figure></div>


<p>Formado em Direito pela Universidade de Passo Fundo e possui Mestrado pela Faculdade ATITUS. Com vasta experiência, foi professor universitário na graduação de Direito, coordenador do PROCON de Passo Fundo e assessor do Deputado Federal Luciano Azevedo no Congresso Nacional.</p>



<p>Com sua trajetória, Eduardo traz uma perspectiva técnica e estratégica para a Coordenadoria, fortalecendo ainda mais o papel dos conselhos como elo entre a sociedade e a administração pública.</p>

<p>Gestão 2025-2028 &#8211; Eduardo Hamel Formado em Direito pela Universidade de Passo Fundo e possui Mestrado pela Faculdade ATITUS. Com vasta experiência, foi professor universitário na graduação de Direito, coordenador do PROCON [&hellip;]</p>

<!-- This site is optimized with the Yoast SEO plugin v23.8 - https://yoast.com/wordpress/plugins/seo/ -->
<title>Conheça o Coordenador - Conselhos Municipais de Passo Fundo</title>
<meta name="robots" content="index, follow, max-snippet:-1, max-image-preview:large, max-video-preview:-1" />
<link rel="canonical" href="https://www.pmpf.rs.gov.br/conselhos-municipais-de-passo-fundo/conheca-o-coordenador/" />
<meta property="og:locale" content="pt_BR" />
<meta property="og:type" content="article" />
<meta property="og:title" content="Conheça o Coordenador - Conselhos Municipais de Passo Fundo" />
<meta property="og:description" content="Gestão 2025-2028 &#8211; Eduardo Hamel Formado em Direito pela Universidade de Passo Fundo e possui Mestrado pela Faculdade ATITUS. Com vasta experiência, foi professor universitário na graduação de Direito, coordenador do PROCON [&hellip;]" />
<meta property="og:url" content="https://www.pmpf.rs.gov.br/conselhos-municipais-de-passo-fundo/conheca-o-coordenador/" />
<meta property="og:site_name" content="Conselhos Municipais de Passo Fundo" />
<meta property="article:modified_time" content="2025-01-03T12:24:17+00:00" />
<meta property="og:image" content="https://www.pmpf.rs.gov.br/conselhos-municipais-de-passo-fundo/wp-content/uploads/sites/37/2021/12/conselhos-municipais-eduardo-hamel-2025.jpg" />
	<meta property="og:image:width" content="1280" />
	<meta property="og:image:height" content="853" />
	<meta property="og:image:type" content="image/jpeg" />
<meta name="twitter:card" content="summary_large_image" />
<meta name="twitter:label1" content="Est. tempo de leitura" />
	<meta name="twitter:data1" content="1 minuto" />
<script type="application/ld+json" class="yoast-schema-graph">{"@context":"https://schema.org","@graph":[{"@type":"WebPage","@id":"https://www.pmpf.rs.gov.br/conselhos-municipais-de-passo-fundo/conheca-o-coordenador/","url":"https://www.pmpf.rs.gov.br/conselhos-municipais-de-passo-fundo/conheca-o-coordenador/","name":"Conheça o Coordenador - Conselhos Municipais de Passo Fundo","isPartOf":{"@id":"https://www.pmpf.rs.gov.br/conselhos-municipais-de-passo-fundo/#website"},"primaryImageOfPage":{"@id":"https://www.pmpf.rs.gov.br/conselhos-municipais-de-passo-fundo/conheca-o-coordenador/#primaryimage"},"image":{"@id":"https://www.pmpf.rs.gov.br/conselhos-municipais-de-passo-fundo/conheca-o-coordenador/#primaryimage"},"thumbnailUrl":"https://www.pmpf.rs.gov.br/conselhos-municipais-de-passo-fundo/wp-content/uploads/sites/37/2021/12/conselhos-municipais-eduardo-hamel-2025.jpg","datePublished":"2021-12-18T20:26:22+00:00","dateModified":"2025-01-03T12:24:17+00:00","inLanguage":"pt-BR","potentialAction":[{"@type":"ReadAction","target":["https://www.pmpf.rs.gov.br/conselhos-municipais-de-passo-fundo/conheca-o-coordenador/"]}]},{"@type":"ImageObject","inLanguage":"pt-BR","@id":"https://www.pmpf.rs.gov.br/conselhos-municipais-de-passo-fundo/conheca-o-coordenador/#primaryimage","url":"https://www.pmpf.rs.gov.br/conselhos-municipais-de-passo-fundo/wp-content/uploads/sites/37/2021/12/conselhos-municipais-eduardo-hamel-2025.jpg","contentUrl":"https://www.pmpf.rs.gov.br/conselhos-municipais-de-passo-fundo/wp-content/uploads/sites/37/2021/12/conselhos-municipais-eduardo-hamel-2025.jpg","width":1280,"height":853},{"@type":"WebSite","@id":"https://www.pmpf.rs.gov.br/conselhos-municipais-de-passo-fundo/#website","url":"https://www.pmpf.rs.gov.br/conselhos-municipais-de-passo-fundo/","name":"Conselhos Municipais de Passo Fundo","description":"Só mais um site Prefeitura de Passo Fundo","potentialAction":[{"@type":"SearchAction","target":{"@type":"EntryPoint","urlTemplate":"https://www.pmpf.rs.gov.br/conselhos-municipais-de-passo-fundo/?s={search_term_string}"},"query-input":{"@type":"PropertyValueSpecification","valueRequired":true,"valueName":"search_term_string"}}],"inLanguage":"pt-BR"}]}</script>
<!-- / Yoast SEO plugin. -->

Conheça o Coordenador - Conselhos Municipais de Passo Fundo

Gestão 2025-2028 &#8211; Eduardo Hamel Formado em Direito pela Universidade de Passo Fundo e possui Mestrado pela Faculdade ATITUS. Com vasta experiência, foi professor universitário na graduação de Direito, coordenador do PROCON [&hellip;]

Só mais um site Prefeitura de Passo Fundo
