{"id":80,"date":"2021-12-18T18:26:43","date_gmt":"2021-12-18T21:26:43","guid":{"rendered":"https:\/\/www.pmpf.rs.gov.br\/conselhos-municipais-de-passo-fundo\/?page_id=80"},"modified":"2025-02-19T15:37:33","modified_gmt":"2025-02-19T18:37:33","slug":"comsea","status":"publish","type":"page","link":"https:\/\/www.pmpf.rs.gov.br\/conselhos-municipais-de-passo-fundo\/comsea\/","title":{"rendered":"COMSEA"},"content":{"rendered":"\n<h2 class=\"wp-block-heading\">Conselho Municipal de Seguran\u00e7a Alimentar<\/h2>\n\n\n<div class=\"wp-block-image\">\n<figure class=\"alignleft size-large is-resized\"><img loading=\"lazy\" decoding=\"async\" width=\"1024\" height=\"768\" src=\"https:\/\/www.pmpf.rs.gov.br\/conselhos-municipais-de-passo-fundo\/wp-content\/uploads\/sites\/37\/2025\/02\/fotoCOMSEA-1024x768.jpg\" alt=\"\" class=\"wp-image-982\" style=\"width:440px;height:331px\" srcset=\"https:\/\/www.pmpf.rs.gov.br\/conselhos-municipais-de-passo-fundo\/wp-content\/uploads\/sites\/37\/2025\/02\/fotoCOMSEA-1024x768.jpg 1024w, https:\/\/www.pmpf.rs.gov.br\/conselhos-municipais-de-passo-fundo\/wp-content\/uploads\/sites\/37\/2025\/02\/fotoCOMSEA-300x225.jpg 300w, https:\/\/www.pmpf.rs.gov.br\/conselhos-municipais-de-passo-fundo\/wp-content\/uploads\/sites\/37\/2025\/02\/fotoCOMSEA-768x576.jpg 768w, https:\/\/www.pmpf.rs.gov.br\/conselhos-municipais-de-passo-fundo\/wp-content\/uploads\/sites\/37\/2025\/02\/fotoCOMSEA.jpg 1280w\" sizes=\"(max-width: 1024px) 100vw, 1024px\" \/><\/figure><\/div>\n\n\n<p>O Conselho Municipal de Seguran\u00e7a Alimentar (COMSEA) foi regulamentada por meio da <a href=\"https:\/\/leismunicipais.com.br\/a1\/rs\/p\/passo-fundo\/lei-ordinaria\/2024\/594\/5939\/lei-ordinaria-n-5939-2024-altera-dispositivos-da-lei-n-4412-de-27-de-julho-de-2007-que-dispoe-sobre-a-organizacao-composicao-e-funcionamento-do-conselho-municipal-de-seguranca-alimentar-comsea-e-do-fundo-municipal-de-seguranca-alimentar-fumusa-conforme-especifica?q=LEI+N%C2%BA+5.939%2C+DE+24+DE+DEZEMBRO+DE+2024.\" target=\"_blank\" rel=\"noreferrer noopener\">Lei n\u00ba 5939\/2024<\/a>. O referido conselho municipal tem car\u00e1ter consultivo, fiscalizador e formulador da pol\u00edtica de seguran\u00e7a alimentar, com o fim de garantir o atendimento \u00e0s necessidades b\u00e1sicas de alimenta\u00e7\u00e3o no munic\u00edpio.<\/p>\n\n\n\n<p>Em s\u00edntese, compete ao COMSEA mobilizar a sociedade civil para o estudo, discuss\u00e3o e implementa\u00e7\u00e3o das prioridades da pol\u00edtica municipal de seguran\u00e7a alimentar e nutricional do munic\u00edpio.<\/p>\n\n\n\n<p><a href=\"https:\/\/leismunicipais.com.br\/a1\/rs\/p\/passo-fundo\/lei-ordinaria\/2024\/594\/5939\/lei-ordinaria-n-5939-2024-altera-dispositivos-da-lei-n-4412-de-27-de-julho-de-2007-que-dispoe-sobre-a-organizacao-composicao-e-funcionamento-do-conselho-municipal-de-seguranca-alimentar-comsea-e-do-fundo-municipal-de-seguranca-alimentar-fumusa-conforme-especifica?q=LEI+N%C2%BA+5.939%2C+DE+24+DE+DEZEMBRO+DE+2024.\" target=\"_blank\" rel=\"noreferrer noopener\">Lei n\u00ba 5939\/2024<\/a>. Altera dispositivos da\u00a0Lei\u00a0n\u00ba\u00a04.412, de 27 de julho de 2007, que &#8220;Disp\u00f5e sobre a organiza\u00e7\u00e3o, composi\u00e7\u00e3o e funcionamento do Conselho Municipal de Seguran\u00e7a Alimentar (COMSEA) e do Fundo Municipal de Seguran\u00e7a Alimentar (FUMUSA)&#8221;, conforme especifica.<\/p>\n\n\n\n<div style=\"height:10px\" aria-hidden=\"true\" class=\"wp-block-spacer\"><\/div>\n\n\n\n<p><strong>Presidente:<\/strong> Franciel \u00a0Bachi (Caritas)<br><strong>Vice-presidente:<\/strong> Kely Szymanski<br><strong>Secret\u00e1ria:<\/strong> Lilian Pfluck (SEMCAS) <br><strong>Tesoureiro: <\/strong>Leo Duro (SHRBS). <br><strong>Dia, hor\u00e1rio e local das reuni\u00f5es ordin\u00e1rias:<\/strong>\u00a0terceira ter\u00e7a-feira do m\u00eas no audit\u00f3rio da Secretaria do Meio Ambiente<br><strong>E-mail para contato:<\/strong>\u00a0comsea@pmpf.rs.gov.br<br><strong>Telefone:<\/strong>\u00a0(054) 3581-0187, (054) 98404-4776<br><strong>Situa\u00e7\u00e3o atual: <\/strong>Ativo<\/p>\n\n\n\n<h3 class=\"wp-block-heading\">Entidades Inscritas para Compor o COMSEA<\/h3>\n\n\n\n<ol class=\"wp-block-list\">\n<li>Centro de Tecnologias Alternativas Populares &#8211; CETAP<\/li>\n\n\n\n<li>Cooperativa Mista e de Trabalho Alternativa &#8211; COONALTER<\/li>\n\n\n\n<li>Sindicato de Hot\u00e9is, Restaurantes, Bares e Similares \u2013 SHRBS<\/li>\n\n\n\n<li>C\u00e1ritas Arquidiocesana de Passo Fundo \u2013 C\u00c1RITAS<\/li>\n\n\n\n<li>Agentes do Amor Divino \u2013 ONG AMOR<\/li>\n\n\n\n<li>Universidade de Passo Fundo \u2013 UPF<\/li>\n\n\n\n<li>Mitra Arquidiocesana de Passo Fundo<\/li>\n\n\n\n<li>Associa\u00e7\u00e3o M\u00e3os Unidas<\/li>\n<\/ol>\n\n\n\n<p><\/p>\n\n\n\n<hr class=\"wp-block-separator has-alpha-channel-opacity\"\/>\n","protected":false},"excerpt":{"rendered":"<p>Conselho Municipal de Seguran\u00e7a Alimentar O Conselho Municipal de Seguran\u00e7a Alimentar (COMSEA) foi regulamentada por meio da Lei n\u00ba 5939\/2024. O referido conselho municipal tem car\u00e1ter consultivo, fiscalizador e formulador da pol\u00edtica [&hellip;]<\/p>\n","protected":false},"author":1,"featured_media":0,"parent":0,"menu_order":0,"comment_status":"closed","ping_status":"closed","template":"","meta":{"footnotes":""},"class_list":["post-80","page","type-page","status-publish","hentry"],"yoast_head":"<!-- This site is optimized with the Yoast SEO plugin v23.8 - https:\/\/yoast.com\/wordpress\/plugins\/seo\/ -->\n<title>COMSEA - Conselhos Municipais de Passo Fundo<\/title>\n<meta name=\"robots\" content=\"index, follow, max-snippet:-1, max-image-preview:large, max-video-preview:-1\" \/>\n<link rel=\"canonical\" href=\"https:\/\/www.pmpf.rs.gov.br\/conselhos-municipais-de-passo-fundo\/comsea\/\" \/>\n<meta property=\"og:locale\" content=\"pt_BR\" \/>\n<meta property=\"og:type\" content=\"article\" \/>\n<meta property=\"og:title\" content=\"COMSEA - Conselhos Municipais de Passo Fundo\" \/>\n<meta property=\"og:description\" content=\"Conselho Municipal de Seguran\u00e7a Alimentar O Conselho Municipal de Seguran\u00e7a Alimentar (COMSEA) foi regulamentada por meio da Lei n\u00ba 5939\/2024. O referido conselho municipal tem car\u00e1ter consultivo, fiscalizador e formulador da pol\u00edtica [&hellip;]\" \/>\n<meta property=\"og:url\" content=\"https:\/\/www.pmpf.rs.gov.br\/conselhos-municipais-de-passo-fundo\/comsea\/\" \/>\n<meta property=\"og:site_name\" content=\"Conselhos Municipais de Passo Fundo\" \/>\n<meta property=\"article:modified_time\" content=\"2025-02-19T18:37:33+00:00\" \/>\n<meta property=\"og:image\" content=\"https:\/\/www.pmpf.rs.gov.br\/conselhos-municipais-de-passo-fundo\/wp-content\/uploads\/sites\/37\/2025\/02\/fotoCOMSEA.jpg\" \/>\n\t<meta property=\"og:image:width\" content=\"1280\" \/>\n\t<meta property=\"og:image:height\" content=\"960\" \/>\n\t<meta property=\"og:image:type\" content=\"image\/jpeg\" \/>\n<meta name=\"twitter:card\" content=\"summary_large_image\" \/>\n<meta name=\"twitter:label1\" content=\"Est. tempo de leitura\" \/>\n\t<meta name=\"twitter:data1\" content=\"1 minuto\" \/>\n<script type=\"application\/ld+json\" class=\"yoast-schema-graph\">{\"@context\":\"https:\/\/schema.org\",\"@graph\":[{\"@type\":\"WebPage\",\"@id\":\"https:\/\/www.pmpf.rs.gov.br\/conselhos-municipais-de-passo-fundo\/comsea\/\",\"url\":\"https:\/\/www.pmpf.rs.gov.br\/conselhos-municipais-de-passo-fundo\/comsea\/\",\"name\":\"COMSEA - Conselhos Municipais de Passo Fundo\",\"isPartOf\":{\"@id\":\"https:\/\/www.pmpf.rs.gov.br\/conselhos-municipais-de-passo-fundo\/#website\"},\"primaryImageOfPage\":{\"@id\":\"https:\/\/www.pmpf.rs.gov.br\/conselhos-municipais-de-passo-fundo\/comsea\/#primaryimage\"},\"image\":{\"@id\":\"https:\/\/www.pmpf.rs.gov.br\/conselhos-municipais-de-passo-fundo\/comsea\/#primaryimage\"},\"thumbnailUrl\":\"https:\/\/www.pmpf.rs.gov.br\/conselhos-municipais-de-passo-fundo\/wp-content\/uploads\/sites\/37\/2025\/02\/fotoCOMSEA-1024x768.jpg\",\"datePublished\":\"2021-12-18T21:26:43+00:00\",\"dateModified\":\"2025-02-19T18:37:33+00:00\",\"inLanguage\":\"pt-BR\",\"potentialAction\":[{\"@type\":\"ReadAction\",\"target\":[\"https:\/\/www.pmpf.rs.gov.br\/conselhos-municipais-de-passo-fundo\/comsea\/\"]}]},{\"@type\":\"ImageObject\",\"inLanguage\":\"pt-BR\",\"@id\":\"https:\/\/www.pmpf.rs.gov.br\/conselhos-municipais-de-passo-fundo\/comsea\/#primaryimage\",\"url\":\"https:\/\/www.pmpf.rs.gov.br\/conselhos-municipais-de-passo-fundo\/wp-content\/uploads\/sites\/37\/2025\/02\/fotoCOMSEA.jpg\",\"contentUrl\":\"https:\/\/www.pmpf.rs.gov.br\/conselhos-municipais-de-passo-fundo\/wp-content\/uploads\/sites\/37\/2025\/02\/fotoCOMSEA.jpg\",\"width\":1280,\"height\":960,\"caption\":\"COMSEA - Conselho Municipal de Seguran\u00e7a Alimentar\"},{\"@type\":\"WebSite\",\"@id\":\"https:\/\/www.pmpf.rs.gov.br\/conselhos-municipais-de-passo-fundo\/#website\",\"url\":\"https:\/\/www.pmpf.rs.gov.br\/conselhos-municipais-de-passo-fundo\/\",\"name\":\"Conselhos Municipais de Passo Fundo\",\"description\":\"S\u00f3 mais um site Prefeitura de Passo Fundo\",\"potentialAction\":[{\"@type\":\"SearchAction\",\"target\":{\"@type\":\"EntryPoint\",\"urlTemplate\":\"https:\/\/www.pmpf.rs.gov.br\/conselhos-municipais-de-passo-fundo\/?s={search_term_string}\"},\"query-input\":{\"@type\":\"PropertyValueSpecification\",\"valueRequired\":true,\"valueName\":\"search_term_string\"}}],\"inLanguage\":\"pt-BR\"}]}<\/script>\n<!-- \/ Yoast SEO plugin. -->","yoast_head_json":{"title":"COMSEA - Conselhos Municipais de Passo Fundo","robots":{"index":"index","follow":"follow","max-snippet":"max-snippet:-1","max-image-preview":"max-image-preview:large","max-video-preview":"max-video-preview:-1"},"canonical":"https:\/\/www.pmpf.rs.gov.br\/conselhos-municipais-de-passo-fundo\/comsea\/","og_locale":"pt_BR","og_type":"article","og_title":"COMSEA - Conselhos Municipais de Passo Fundo","og_description":"Conselho Municipal de Seguran\u00e7a Alimentar O Conselho Municipal de Seguran\u00e7a Alimentar (COMSEA) foi regulamentada por meio da Lei n\u00ba 5939\/2024. O referido conselho municipal tem car\u00e1ter consultivo, fiscalizador e formulador da pol\u00edtica [&hellip;]","og_url":"https:\/\/www.pmpf.rs.gov.br\/conselhos-municipais-de-passo-fundo\/comsea\/","og_site_name":"Conselhos Municipais de Passo Fundo","article_modified_time":"2025-02-19T18:37:33+00:00","og_image":[{"width":1280,"height":960,"url":"https:\/\/www.pmpf.rs.gov.br\/conselhos-municipais-de-passo-fundo\/wp-content\/uploads\/sites\/37\/2025\/02\/fotoCOMSEA.jpg","type":"image\/jpeg"}],"twitter_card":"summary_large_image","twitter_misc":{"Est. tempo de leitura":"1 minuto"},"schema":{"@context":"https:\/\/schema.org","@graph":[{"@type":"WebPage","@id":"https:\/\/www.pmpf.rs.gov.br\/conselhos-municipais-de-passo-fundo\/comsea\/","url":"https:\/\/www.pmpf.rs.gov.br\/conselhos-municipais-de-passo-fundo\/comsea\/","name":"COMSEA - Conselhos Municipais de Passo Fundo","isPartOf":{"@id":"https:\/\/www.pmpf.rs.gov.br\/conselhos-municipais-de-passo-fundo\/#website"},"primaryImageOfPage":{"@id":"https:\/\/www.pmpf.rs.gov.br\/conselhos-municipais-de-passo-fundo\/comsea\/#primaryimage"},"image":{"@id":"https:\/\/www.pmpf.rs.gov.br\/conselhos-municipais-de-passo-fundo\/comsea\/#primaryimage"},"thumbnailUrl":"https:\/\/www.pmpf.rs.gov.br\/conselhos-municipais-de-passo-fundo\/wp-content\/uploads\/sites\/37\/2025\/02\/fotoCOMSEA-1024x768.jpg","datePublished":"2021-12-18T21:26:43+00:00","dateModified":"2025-02-19T18:37:33+00:00","inLanguage":"pt-BR","potentialAction":[{"@type":"ReadAction","target":["https:\/\/www.pmpf.rs.gov.br\/conselhos-municipais-de-passo-fundo\/comsea\/"]}]},{"@type":"ImageObject","inLanguage":"pt-BR","@id":"https:\/\/www.pmpf.rs.gov.br\/conselhos-municipais-de-passo-fundo\/comsea\/#primaryimage","url":"https:\/\/www.pmpf.rs.gov.br\/conselhos-municipais-de-passo-fundo\/wp-content\/uploads\/sites\/37\/2025\/02\/fotoCOMSEA.jpg","contentUrl":"https:\/\/www.pmpf.rs.gov.br\/conselhos-municipais-de-passo-fundo\/wp-content\/uploads\/sites\/37\/2025\/02\/fotoCOMSEA.jpg","width":1280,"height":960,"caption":"COMSEA - Conselho Municipal de Seguran\u00e7a Alimentar"},{"@type":"WebSite","@id":"https:\/\/www.pmpf.rs.gov.br\/conselhos-municipais-de-passo-fundo\/#website","url":"https:\/\/www.pmpf.rs.gov.br\/conselhos-municipais-de-passo-fundo\/","name":"Conselhos Municipais de Passo Fundo","description":"S\u00f3 mais um site Prefeitura de Passo Fundo","potentialAction":[{"@type":"SearchAction","target":{"@type":"EntryPoint","urlTemplate":"https:\/\/www.pmpf.rs.gov.br\/conselhos-municipais-de-passo-fundo\/?s={search_term_string}"},"query-input":{"@type":"PropertyValueSpecification","valueRequired":true,"valueName":"search_term_string"}}],"inLanguage":"pt-BR"}]}},"_links":{"self":[{"href":"https:\/\/www.pmpf.rs.gov.br\/conselhos-municipais-de-passo-fundo\/wp-json\/wp\/v2\/pages\/80"}],"collection":[{"href":"https:\/\/www.pmpf.rs.gov.br\/conselhos-municipais-de-passo-fundo\/wp-json\/wp\/v2\/pages"}],"about":[{"href":"https:\/\/www.pmpf.rs.gov.br\/conselhos-municipais-de-passo-fundo\/wp-json\/wp\/v2\/types\/page"}],"author":[{"embeddable":true,"href":"https:\/\/www.pmpf.rs.gov.br\/conselhos-municipais-de-passo-fundo\/wp-json\/wp\/v2\/users\/1"}],"replies":[{"embeddable":true,"href":"https:\/\/www.pmpf.rs.gov.br\/conselhos-municipais-de-passo-fundo\/wp-json\/wp\/v2\/comments?post=80"}],"version-history":[{"count":13,"href":"https:\/\/www.pmpf.rs.gov.br\/conselhos-municipais-de-passo-fundo\/wp-json\/wp\/v2\/pages\/80\/revisions"}],"predecessor-version":[{"id":985,"href":"https:\/\/www.pmpf.rs.gov.br\/conselhos-municipais-de-passo-fundo\/wp-json\/wp\/v2\/pages\/80\/revisions\/985"}],"wp:attachment":[{"href":"https:\/\/www.pmpf.rs.gov.br\/conselhos-municipais-de-passo-fundo\/wp-json\/wp\/v2\/media?parent=80"}],"curies":[{"name":"wp","href":"https:\/\/api.w.org\/{rel}","templated":true}]}}