{"id":78,"date":"2021-12-18T18:26:12","date_gmt":"2021-12-18T21:26:12","guid":{"rendered":"https:\/\/www.pmpf.rs.gov.br\/conselhos-municipais-de-passo-fundo\/?page_id=78"},"modified":"2025-06-11T08:22:37","modified_gmt":"2025-06-11T11:22:37","slug":"compede","status":"publish","type":"page","link":"https:\/\/www.pmpf.rs.gov.br\/conselhos-municipais-de-passo-fundo\/compede\/","title":{"rendered":"COMPEDE"},"content":{"rendered":"\n<h2 class=\"wp-block-heading\">Conselho Municipal das Pessoas com Defici\u00eancia<\/h2>\n\n\n<div class=\"wp-block-image\">\n<figure class=\"alignleft size-large is-resized\"><img loading=\"lazy\" decoding=\"async\" width=\"1024\" height=\"768\" src=\"https:\/\/www.pmpf.rs.gov.br\/conselhos-municipais-de-passo-fundo\/wp-content\/uploads\/sites\/37\/2025\/06\/foto-compede-2025-1280px-1024x768.jpg\" alt=\"\" class=\"wp-image-1128\" style=\"width:420px;height:auto\" srcset=\"https:\/\/www.pmpf.rs.gov.br\/conselhos-municipais-de-passo-fundo\/wp-content\/uploads\/sites\/37\/2025\/06\/foto-compede-2025-1280px-1024x768.jpg 1024w, https:\/\/www.pmpf.rs.gov.br\/conselhos-municipais-de-passo-fundo\/wp-content\/uploads\/sites\/37\/2025\/06\/foto-compede-2025-1280px-300x225.jpg 300w, https:\/\/www.pmpf.rs.gov.br\/conselhos-municipais-de-passo-fundo\/wp-content\/uploads\/sites\/37\/2025\/06\/foto-compede-2025-1280px-768x576.jpg 768w, https:\/\/www.pmpf.rs.gov.br\/conselhos-municipais-de-passo-fundo\/wp-content\/uploads\/sites\/37\/2025\/06\/foto-compede-2025-1280px.jpg 1280w\" sizes=\"(max-width: 1024px) 100vw, 1024px\" \/><\/figure><\/div>\n\n\n<p>O Conselho Municipal das Pessoas com Defici\u00eancia (COMPEDE) foi criado pela&nbsp;<a href=\"https:\/\/www.leismunicipais.com.br\/a1\/rs\/p\/passo-fundo\/lei-ordinaria\/2007\/437\/4370\/lei-ordinaria-n-4370-2007-dispoe-sobre-a-organizacao-composicao-e-funcionamento-do-conselho-municipal-das-pessoas-com-deficiencia-compede-e-do-fundo-municipal-das-pessoas-com-deficiencia-fumpede-e-da-outras-providencias?q=4370\">Lei n\u00ba 4370\/2007<\/a>. O referido conselho municipal tem car\u00e1ter deliberativo, consultivo, fiscalizador e propositivo da pol\u00edtica municipal das pessoas com defici\u00eancia, visando proporcionar e assegurar o pleno exerc\u00edcio dos direitos individuais e sociais da pessoa humana.<br><br>Compete ao COMPEDE propor ao gestor municipal as prioridades a serem inclu\u00eddas no planejamento do munic\u00edpio referente \u00e0s pol\u00edticas p\u00fablicas de investimentos e a\u00e7\u00f5es que visem proteger e garantir os direitos das pessoas com defici\u00eancia. Em s\u00edntese, cabe ao COMPEDE proporcionar as pessoas com defici\u00eancia a efetiva\u00e7\u00e3o dos seus direitos, promovendo medidas que possibilitem a aplicabilidade legal protetiva pertinente. Ao mesmo tempo, deve promover campanhas de conscientiza\u00e7\u00e3o referente \u00e0s pol\u00edticas p\u00fablicas de direitos e demais dispositivos legais destinados \u00e0s pessoas com defici\u00eancia.<\/p>\n\n\n\n<p><br><strong>Presidente: <\/strong>F\u00e1bio Flores<br><strong>Vice-Presidente: <\/strong>Darlene Elo\u00edsa Afonso Escobar\u00a0<br><strong>1\u00ba Secret\u00e1ria: <\/strong>J\u00falia Kuns de Figueiredo<br><strong>2\u00ba Secret\u00e1rio: <\/strong>Renato Oliveira<br><strong>Dia, hor\u00e1rio e local das reuni\u00f5es ordin\u00e1rias:<\/strong> 2\u00aa ter\u00e7a-feira do m\u00eas as 14 horas na Sala dos Conselhos Municipais \/ SEMCAS \u2013 Rua Teixeira Soares, 625 Centro.<br><strong>E-mail para contato:<\/strong> compede@pmpf.rs.gov.br<br><strong>Telefone:<\/strong> (54) 98404-4776, (54) 3581-0187.<br><strong>Situa\u00e7\u00e3o atual:<\/strong>\u00a0<strong>Ativo<\/strong><br><strong>Vencimento do Mandato:<\/strong> Jun\/2027<\/p>\n\n\n\n<p><a href=\"https:\/\/www.pmpf.rs.gov.br\/wp-content\/uploads\/2022\/03\/entidadesAptasCompede2025-gestao25-27-30052025.pdf\" target=\"_blank\" rel=\"noreferrer noopener\">Entidades aptas para a Gest\u00e3o 2025\/2027 do COMPEDE <\/a><\/p>\n\n\n\n<hr class=\"wp-block-separator has-alpha-channel-opacity\"\/>\n","protected":false},"excerpt":{"rendered":"<p>Conselho Municipal das Pessoas com Defici\u00eancia O Conselho Municipal das Pessoas com Defici\u00eancia (COMPEDE) foi criado pela&nbsp;Lei n\u00ba 4370\/2007. O referido conselho municipal tem car\u00e1ter deliberativo, consultivo, fiscalizador e propositivo da pol\u00edtica [&hellip;]<\/p>\n","protected":false},"author":1,"featured_media":0,"parent":0,"menu_order":0,"comment_status":"closed","ping_status":"closed","template":"","meta":{"footnotes":""},"class_list":["post-78","page","type-page","status-publish","hentry"],"yoast_head":"<!-- This site is optimized with the Yoast SEO plugin v23.8 - https:\/\/yoast.com\/wordpress\/plugins\/seo\/ -->\n<title>COMPEDE - Conselhos Municipais de Passo Fundo<\/title>\n<meta name=\"robots\" content=\"index, follow, max-snippet:-1, max-image-preview:large, max-video-preview:-1\" \/>\n<link rel=\"canonical\" href=\"https:\/\/www.pmpf.rs.gov.br\/conselhos-municipais-de-passo-fundo\/compede\/\" \/>\n<meta property=\"og:locale\" content=\"pt_BR\" \/>\n<meta property=\"og:type\" content=\"article\" \/>\n<meta property=\"og:title\" content=\"COMPEDE - Conselhos Municipais de Passo Fundo\" \/>\n<meta property=\"og:description\" content=\"Conselho Municipal das Pessoas com Defici\u00eancia O Conselho Municipal das Pessoas com Defici\u00eancia (COMPEDE) foi criado pela&nbsp;Lei n\u00ba 4370\/2007. O referido conselho municipal tem car\u00e1ter deliberativo, consultivo, fiscalizador e propositivo da pol\u00edtica [&hellip;]\" \/>\n<meta property=\"og:url\" content=\"https:\/\/www.pmpf.rs.gov.br\/conselhos-municipais-de-passo-fundo\/compede\/\" \/>\n<meta property=\"og:site_name\" content=\"Conselhos Municipais de Passo Fundo\" \/>\n<meta property=\"article:modified_time\" content=\"2025-06-11T11:22:37+00:00\" \/>\n<meta property=\"og:image\" content=\"https:\/\/www.pmpf.rs.gov.br\/conselhos-municipais-de-passo-fundo\/wp-content\/uploads\/sites\/37\/2025\/06\/foto-compede-2025-1280px.jpg\" \/>\n\t<meta property=\"og:image:width\" content=\"1280\" \/>\n\t<meta property=\"og:image:height\" content=\"960\" \/>\n\t<meta property=\"og:image:type\" content=\"image\/jpeg\" \/>\n<meta name=\"twitter:card\" content=\"summary_large_image\" \/>\n<meta name=\"twitter:label1\" content=\"Est. tempo de leitura\" \/>\n\t<meta name=\"twitter:data1\" content=\"2 minutos\" \/>\n<script type=\"application\/ld+json\" class=\"yoast-schema-graph\">{\"@context\":\"https:\/\/schema.org\",\"@graph\":[{\"@type\":\"WebPage\",\"@id\":\"https:\/\/www.pmpf.rs.gov.br\/conselhos-municipais-de-passo-fundo\/compede\/\",\"url\":\"https:\/\/www.pmpf.rs.gov.br\/conselhos-municipais-de-passo-fundo\/compede\/\",\"name\":\"COMPEDE - Conselhos Municipais de Passo Fundo\",\"isPartOf\":{\"@id\":\"https:\/\/www.pmpf.rs.gov.br\/conselhos-municipais-de-passo-fundo\/#website\"},\"primaryImageOfPage\":{\"@id\":\"https:\/\/www.pmpf.rs.gov.br\/conselhos-municipais-de-passo-fundo\/compede\/#primaryimage\"},\"image\":{\"@id\":\"https:\/\/www.pmpf.rs.gov.br\/conselhos-municipais-de-passo-fundo\/compede\/#primaryimage\"},\"thumbnailUrl\":\"https:\/\/www.pmpf.rs.gov.br\/conselhos-municipais-de-passo-fundo\/wp-content\/uploads\/sites\/37\/2025\/06\/foto-compede-2025-1280px-1024x768.jpg\",\"datePublished\":\"2021-12-18T21:26:12+00:00\",\"dateModified\":\"2025-06-11T11:22:37+00:00\",\"inLanguage\":\"pt-BR\",\"potentialAction\":[{\"@type\":\"ReadAction\",\"target\":[\"https:\/\/www.pmpf.rs.gov.br\/conselhos-municipais-de-passo-fundo\/compede\/\"]}]},{\"@type\":\"ImageObject\",\"inLanguage\":\"pt-BR\",\"@id\":\"https:\/\/www.pmpf.rs.gov.br\/conselhos-municipais-de-passo-fundo\/compede\/#primaryimage\",\"url\":\"https:\/\/www.pmpf.rs.gov.br\/conselhos-municipais-de-passo-fundo\/wp-content\/uploads\/sites\/37\/2025\/06\/foto-compede-2025-1280px.jpg\",\"contentUrl\":\"https:\/\/www.pmpf.rs.gov.br\/conselhos-municipais-de-passo-fundo\/wp-content\/uploads\/sites\/37\/2025\/06\/foto-compede-2025-1280px.jpg\",\"width\":1280,\"height\":960},{\"@type\":\"WebSite\",\"@id\":\"https:\/\/www.pmpf.rs.gov.br\/conselhos-municipais-de-passo-fundo\/#website\",\"url\":\"https:\/\/www.pmpf.rs.gov.br\/conselhos-municipais-de-passo-fundo\/\",\"name\":\"Conselhos Municipais de Passo Fundo\",\"description\":\"S\u00f3 mais um site Prefeitura de Passo Fundo\",\"potentialAction\":[{\"@type\":\"SearchAction\",\"target\":{\"@type\":\"EntryPoint\",\"urlTemplate\":\"https:\/\/www.pmpf.rs.gov.br\/conselhos-municipais-de-passo-fundo\/?s={search_term_string}\"},\"query-input\":{\"@type\":\"PropertyValueSpecification\",\"valueRequired\":true,\"valueName\":\"search_term_string\"}}],\"inLanguage\":\"pt-BR\"}]}<\/script>\n<!-- \/ Yoast SEO plugin. -->","yoast_head_json":{"title":"COMPEDE - Conselhos Municipais de Passo Fundo","robots":{"index":"index","follow":"follow","max-snippet":"max-snippet:-1","max-image-preview":"max-image-preview:large","max-video-preview":"max-video-preview:-1"},"canonical":"https:\/\/www.pmpf.rs.gov.br\/conselhos-municipais-de-passo-fundo\/compede\/","og_locale":"pt_BR","og_type":"article","og_title":"COMPEDE - Conselhos Municipais de Passo Fundo","og_description":"Conselho Municipal das Pessoas com Defici\u00eancia O Conselho Municipal das Pessoas com Defici\u00eancia (COMPEDE) foi criado pela&nbsp;Lei n\u00ba 4370\/2007. O referido conselho municipal tem car\u00e1ter deliberativo, consultivo, fiscalizador e propositivo da pol\u00edtica [&hellip;]","og_url":"https:\/\/www.pmpf.rs.gov.br\/conselhos-municipais-de-passo-fundo\/compede\/","og_site_name":"Conselhos Municipais de Passo Fundo","article_modified_time":"2025-06-11T11:22:37+00:00","og_image":[{"width":1280,"height":960,"url":"https:\/\/www.pmpf.rs.gov.br\/conselhos-municipais-de-passo-fundo\/wp-content\/uploads\/sites\/37\/2025\/06\/foto-compede-2025-1280px.jpg","type":"image\/jpeg"}],"twitter_card":"summary_large_image","twitter_misc":{"Est. tempo de leitura":"2 minutos"},"schema":{"@context":"https:\/\/schema.org","@graph":[{"@type":"WebPage","@id":"https:\/\/www.pmpf.rs.gov.br\/conselhos-municipais-de-passo-fundo\/compede\/","url":"https:\/\/www.pmpf.rs.gov.br\/conselhos-municipais-de-passo-fundo\/compede\/","name":"COMPEDE - Conselhos Municipais de Passo Fundo","isPartOf":{"@id":"https:\/\/www.pmpf.rs.gov.br\/conselhos-municipais-de-passo-fundo\/#website"},"primaryImageOfPage":{"@id":"https:\/\/www.pmpf.rs.gov.br\/conselhos-municipais-de-passo-fundo\/compede\/#primaryimage"},"image":{"@id":"https:\/\/www.pmpf.rs.gov.br\/conselhos-municipais-de-passo-fundo\/compede\/#primaryimage"},"thumbnailUrl":"https:\/\/www.pmpf.rs.gov.br\/conselhos-municipais-de-passo-fundo\/wp-content\/uploads\/sites\/37\/2025\/06\/foto-compede-2025-1280px-1024x768.jpg","datePublished":"2021-12-18T21:26:12+00:00","dateModified":"2025-06-11T11:22:37+00:00","inLanguage":"pt-BR","potentialAction":[{"@type":"ReadAction","target":["https:\/\/www.pmpf.rs.gov.br\/conselhos-municipais-de-passo-fundo\/compede\/"]}]},{"@type":"ImageObject","inLanguage":"pt-BR","@id":"https:\/\/www.pmpf.rs.gov.br\/conselhos-municipais-de-passo-fundo\/compede\/#primaryimage","url":"https:\/\/www.pmpf.rs.gov.br\/conselhos-municipais-de-passo-fundo\/wp-content\/uploads\/sites\/37\/2025\/06\/foto-compede-2025-1280px.jpg","contentUrl":"https:\/\/www.pmpf.rs.gov.br\/conselhos-municipais-de-passo-fundo\/wp-content\/uploads\/sites\/37\/2025\/06\/foto-compede-2025-1280px.jpg","width":1280,"height":960},{"@type":"WebSite","@id":"https:\/\/www.pmpf.rs.gov.br\/conselhos-municipais-de-passo-fundo\/#website","url":"https:\/\/www.pmpf.rs.gov.br\/conselhos-municipais-de-passo-fundo\/","name":"Conselhos Municipais de Passo Fundo","description":"S\u00f3 mais um site Prefeitura de Passo Fundo","potentialAction":[{"@type":"SearchAction","target":{"@type":"EntryPoint","urlTemplate":"https:\/\/www.pmpf.rs.gov.br\/conselhos-municipais-de-passo-fundo\/?s={search_term_string}"},"query-input":{"@type":"PropertyValueSpecification","valueRequired":true,"valueName":"search_term_string"}}],"inLanguage":"pt-BR"}]}},"_links":{"self":[{"href":"https:\/\/www.pmpf.rs.gov.br\/conselhos-municipais-de-passo-fundo\/wp-json\/wp\/v2\/pages\/78"}],"collection":[{"href":"https:\/\/www.pmpf.rs.gov.br\/conselhos-municipais-de-passo-fundo\/wp-json\/wp\/v2\/pages"}],"about":[{"href":"https:\/\/www.pmpf.rs.gov.br\/conselhos-municipais-de-passo-fundo\/wp-json\/wp\/v2\/types\/page"}],"author":[{"embeddable":true,"href":"https:\/\/www.pmpf.rs.gov.br\/conselhos-municipais-de-passo-fundo\/wp-json\/wp\/v2\/users\/1"}],"replies":[{"embeddable":true,"href":"https:\/\/www.pmpf.rs.gov.br\/conselhos-municipais-de-passo-fundo\/wp-json\/wp\/v2\/comments?post=78"}],"version-history":[{"count":14,"href":"https:\/\/www.pmpf.rs.gov.br\/conselhos-municipais-de-passo-fundo\/wp-json\/wp\/v2\/pages\/78\/revisions"}],"predecessor-version":[{"id":1136,"href":"https:\/\/www.pmpf.rs.gov.br\/conselhos-municipais-de-passo-fundo\/wp-json\/wp\/v2\/pages\/78\/revisions\/1136"}],"wp:attachment":[{"href":"https:\/\/www.pmpf.rs.gov.br\/conselhos-municipais-de-passo-fundo\/wp-json\/wp\/v2\/media?parent=78"}],"curies":[{"name":"wp","href":"https:\/\/api.w.org\/{rel}","templated":true}]}}

<h2 class="wp-block-heading">Conselho Municipal das Pessoas com Deficiência</h2>


<div class="wp-block-image">
<figure class="alignleft size-large is-resized"><img loading="lazy" decoding="async" width="1024" height="768" src="https://www.pmpf.rs.gov.br/conselhos-municipais-de-passo-fundo/wp-content/uploads/sites/37/2025/06/foto-compede-2025-1280px-1024x768.jpg" alt="" class="wp-image-1128" style="width:420px;height:auto" srcset="https://www.pmpf.rs.gov.br/conselhos-municipais-de-passo-fundo/wp-content/uploads/sites/37/2025/06/foto-compede-2025-1280px-1024x768.jpg 1024w, https://www.pmpf.rs.gov.br/conselhos-municipais-de-passo-fundo/wp-content/uploads/sites/37/2025/06/foto-compede-2025-1280px-300x225.jpg 300w, https://www.pmpf.rs.gov.br/conselhos-municipais-de-passo-fundo/wp-content/uploads/sites/37/2025/06/foto-compede-2025-1280px-768x576.jpg 768w, https://www.pmpf.rs.gov.br/conselhos-municipais-de-passo-fundo/wp-content/uploads/sites/37/2025/06/foto-compede-2025-1280px.jpg 1280w" sizes="(max-width: 1024px) 100vw, 1024px" /></figure></div>


<p>O Conselho Municipal das Pessoas com Deficiência (COMPEDE) foi criado pela&nbsp;<a href="https://www.leismunicipais.com.br/a1/rs/p/passo-fundo/lei-ordinaria/2007/437/4370/lei-ordinaria-n-4370-2007-dispoe-sobre-a-organizacao-composicao-e-funcionamento-do-conselho-municipal-das-pessoas-com-deficiencia-compede-e-do-fundo-municipal-das-pessoas-com-deficiencia-fumpede-e-da-outras-providencias?q=4370">Lei nº 4370/2007</a>. O referido conselho municipal tem caráter deliberativo, consultivo, fiscalizador e propositivo da política municipal das pessoas com deficiência, visando proporcionar e assegurar o pleno exercício dos direitos individuais e sociais da pessoa humana.<br><br>Compete ao COMPEDE propor ao gestor municipal as prioridades a serem incluídas no planejamento do município referente às políticas públicas de investimentos e ações que visem proteger e garantir os direitos das pessoas com deficiência. Em síntese, cabe ao COMPEDE proporcionar as pessoas com deficiência a efetivação dos seus direitos, promovendo medidas que possibilitem a aplicabilidade legal protetiva pertinente. Ao mesmo tempo, deve promover campanhas de conscientização referente às políticas públicas de direitos e demais dispositivos legais destinados às pessoas com deficiência.</p>



<p><br><strong>Presidente: </strong>Fábio Flores<br><strong>Vice-Presidente: </strong>Darlene Eloísa Afonso Escobar <br><strong>1º Secretária: </strong>Júlia Kuns de Figueiredo<br><strong>2º Secretário: </strong>Renato Oliveira<br><strong>Dia, horário e local das reuniões ordinárias:</strong> 2ª terça-feira do mês as 14 horas na Sala dos Conselhos Municipais / SEMCAS – Rua Teixeira Soares, 625 Centro.<br><strong>E-mail para contato:</strong> compede@pmpf.rs.gov.br<br><strong>Telefone:</strong> (54) 98404-4776, (54) 3581-0187.<br><strong>Situação atual:</strong> <strong>Ativo</strong><br><strong>Vencimento do Mandato:</strong> Jun/2027</p>



<p><a href="https://www.pmpf.rs.gov.br/wp-content/uploads/2022/03/entidadesAptasCompede2025-gestao25-27-30052025.pdf" target="_blank" rel="noreferrer noopener">Entidades aptas para a Gestão 2025/2027 do COMPEDE </a></p>



<hr class="wp-block-separator has-alpha-channel-opacity"/>

<p>Conselho Municipal das Pessoas com Deficiência O Conselho Municipal das Pessoas com Deficiência (COMPEDE) foi criado pela&nbsp;Lei nº 4370/2007. O referido conselho municipal tem caráter deliberativo, consultivo, fiscalizador e propositivo da política [&hellip;]</p>

<!-- This site is optimized with the Yoast SEO plugin v23.8 - https://yoast.com/wordpress/plugins/seo/ -->
<title>COMPEDE - Conselhos Municipais de Passo Fundo</title>
<meta name="robots" content="index, follow, max-snippet:-1, max-image-preview:large, max-video-preview:-1" />
<link rel="canonical" href="https://www.pmpf.rs.gov.br/conselhos-municipais-de-passo-fundo/compede/" />
<meta property="og:locale" content="pt_BR" />
<meta property="og:type" content="article" />
<meta property="og:title" content="COMPEDE - Conselhos Municipais de Passo Fundo" />
<meta property="og:description" content="Conselho Municipal das Pessoas com Deficiência O Conselho Municipal das Pessoas com Deficiência (COMPEDE) foi criado pela&nbsp;Lei nº 4370/2007. O referido conselho municipal tem caráter deliberativo, consultivo, fiscalizador e propositivo da política [&hellip;]" />
<meta property="og:url" content="https://www.pmpf.rs.gov.br/conselhos-municipais-de-passo-fundo/compede/" />
<meta property="og:site_name" content="Conselhos Municipais de Passo Fundo" />
<meta property="article:modified_time" content="2025-06-11T11:22:37+00:00" />
<meta property="og:image" content="https://www.pmpf.rs.gov.br/conselhos-municipais-de-passo-fundo/wp-content/uploads/sites/37/2025/06/foto-compede-2025-1280px.jpg" />
	<meta property="og:image:width" content="1280" />
	<meta property="og:image:height" content="960" />
	<meta property="og:image:type" content="image/jpeg" />
<meta name="twitter:card" content="summary_large_image" />
<meta name="twitter:label1" content="Est. tempo de leitura" />
	<meta name="twitter:data1" content="2 minutos" />
<script type="application/ld+json" class="yoast-schema-graph">{"@context":"https://schema.org","@graph":[{"@type":"WebPage","@id":"https://www.pmpf.rs.gov.br/conselhos-municipais-de-passo-fundo/compede/","url":"https://www.pmpf.rs.gov.br/conselhos-municipais-de-passo-fundo/compede/","name":"COMPEDE - Conselhos Municipais de Passo Fundo","isPartOf":{"@id":"https://www.pmpf.rs.gov.br/conselhos-municipais-de-passo-fundo/#website"},"primaryImageOfPage":{"@id":"https://www.pmpf.rs.gov.br/conselhos-municipais-de-passo-fundo/compede/#primaryimage"},"image":{"@id":"https://www.pmpf.rs.gov.br/conselhos-municipais-de-passo-fundo/compede/#primaryimage"},"thumbnailUrl":"https://www.pmpf.rs.gov.br/conselhos-municipais-de-passo-fundo/wp-content/uploads/sites/37/2025/06/foto-compede-2025-1280px-1024x768.jpg","datePublished":"2021-12-18T21:26:12+00:00","dateModified":"2025-06-11T11:22:37+00:00","inLanguage":"pt-BR","potentialAction":[{"@type":"ReadAction","target":["https://www.pmpf.rs.gov.br/conselhos-municipais-de-passo-fundo/compede/"]}]},{"@type":"ImageObject","inLanguage":"pt-BR","@id":"https://www.pmpf.rs.gov.br/conselhos-municipais-de-passo-fundo/compede/#primaryimage","url":"https://www.pmpf.rs.gov.br/conselhos-municipais-de-passo-fundo/wp-content/uploads/sites/37/2025/06/foto-compede-2025-1280px.jpg","contentUrl":"https://www.pmpf.rs.gov.br/conselhos-municipais-de-passo-fundo/wp-content/uploads/sites/37/2025/06/foto-compede-2025-1280px.jpg","width":1280,"height":960},{"@type":"WebSite","@id":"https://www.pmpf.rs.gov.br/conselhos-municipais-de-passo-fundo/#website","url":"https://www.pmpf.rs.gov.br/conselhos-municipais-de-passo-fundo/","name":"Conselhos Municipais de Passo Fundo","description":"Só mais um site Prefeitura de Passo Fundo","potentialAction":[{"@type":"SearchAction","target":{"@type":"EntryPoint","urlTemplate":"https://www.pmpf.rs.gov.br/conselhos-municipais-de-passo-fundo/?s={search_term_string}"},"query-input":{"@type":"PropertyValueSpecification","valueRequired":true,"valueName":"search_term_string"}}],"inLanguage":"pt-BR"}]}</script>
<!-- / Yoast SEO plugin. -->

Conselho Municipal das Pessoas com Deficiência O Conselho Municipal das Pessoas com Deficiência (COMPEDE) foi criado pela&nbsp;Lei nº 4370/2007. O referido conselho municipal tem caráter deliberativo, consultivo, fiscalizador e propositivo da política [&hellip;]

Só mais um site Prefeitura de Passo Fundo
