{"id":8,"date":"2021-12-18T18:45:16","date_gmt":"2021-12-18T21:45:16","guid":{"rendered":"https:\/\/www.pmpf.rs.gov.br\/conselho-municipal-do-idoso\/?page_id=8"},"modified":"2022-12-09T10:26:54","modified_gmt":"2022-12-09T13:26:54","slug":"mesa-diretiva-e-conselheiros-do-comui","status":"publish","type":"page","link":"https:\/\/www.pmpf.rs.gov.br\/comui\/mesa-diretiva-e-conselheiros-do-comui\/","title":{"rendered":"Mesa Diretiva e Conselheiros do COMUI"},"content":{"rendered":"\n<h2 class=\"wp-block-heading\">Composi\u00e7\u00e3o<\/h2>\n\n\n\n<h2 class=\"wp-block-heading\">Mesa Diretora<\/h2>\n\n\n\n<p><strong>Presidente:<\/strong> Suayla Peruzzo<\/p>\n\n\n\n<p><strong>Vice-presidente:<\/strong> T\u00e2nia Mara Carraro<\/p>\n\n\n\n<p><strong>Secret\u00e1ria:<\/strong> T\u00e2nia Mara Carraro<\/p>\n\n\n\n<p><strong>1\u00aa Secret\u00e1ria:<\/strong> Ermides Grande<\/p>\n\n\n\n<p><strong>2\u00aa Secretaria: <\/strong>M\u00f4nica Novello<\/p>\n\n\n\n<p><strong>1\u00aa Tesoureira:<\/strong> Denize Rossetto<\/p>\n\n\n\n<p><strong>2\u00aa Tesoureira: <\/strong>Camila Mesquita<\/p>\n\n\n\n<div style=\"height:10px\" aria-hidden=\"true\" class=\"wp-block-spacer\"><\/div>\n\n\n\n<h2 class=\"wp-block-heading\">Conselheiros Governamentais<\/h2>\n\n\n\n<p><strong>Secretaria Municipal de Educa\u00e7\u00e3o \u2013 SME<\/strong><br>Titular: Denize C\u00f3rnelio da Luz<br>Suplente: Tamara de F\u00e1tima Zmieski<\/p>\n\n\n\n<p><strong>Secretaria Municipal de Habita\u00e7\u00e3o \u2013 SEHAB<\/strong><br>Titular: Rosemeri Ferrari<br>Suplente: Clarice Freu<\/p>\n\n\n\n<p><strong>Secretaria Municipal de Sa\u00fade &#8211; SMS<\/strong><br>Titular: Camila Fernandes Mesquita<br>Suplente: Sabrina Brusamarelo<\/p>\n\n\n\n<p><strong>Secretaria Municipal de Cidadania e Assist\u00eancia Social \u2013 SEMCAS<\/strong><br>Titular: Saul Spinelli<br>Suplente: Roseli Goldshmith<\/p>\n\n\n\n<p><strong>Secretaria Municipal de Gabinete \u2013 Coordenadoria do Idoso<\/strong><br>Titular: T\u00e2nia Mara Carraro<br>Suplente: Ermides de Grande<\/p>\n\n\n\n<h2 class=\"wp-block-heading\">Conselheiros N\u00e3o-Governamentais<\/h2>\n\n\n\n<p><strong>N\u00facleo Regional de Servi\u00e7o Social &#8211; NUCRESS<\/strong><br>Titular: Denise Rosseto<br>Suplente: Cristiane Grandin<\/p>\n\n\n\n<p><strong>Institui\u00e7\u00e3o de Longa Perman\u00eancia para Idosos &#8211; ILPIs<\/strong><br>Titular: Suayla Peruzzo<br>Suplente: Luiz Costela<\/p>\n\n\n\n<p><strong>Grupo de Conviv\u00eancia<\/strong><br>Titular: Liesge Pacheco Daris<br>Suplente: Zil\u00e1 Casanovado Amarante<\/p>\n\n\n\n<p><strong>Funda\u00e7\u00e3o Universidade de Passo Fundo &#8211; FUPF<\/strong><br>Titular: Diego Piva<br>Suplente: Helenice de Moura Scortegagna<\/p>\n\n\n\n<p><strong>Entidades Religiosas<\/strong><br>Titular: Irm\u00e3 Pirolli<br>Suplente: M\u00f4nica da Costa<\/p>\n\n\n\n<p><strong>Associa\u00e7\u00e3o dos Trabalhadores Aposentados, Pensionistas e Idosos \u2013 ATAPPAF\/RS<\/strong><br>Titular: Mariana Lacourt de Camargo<br>Suplente: J\u00falio Ferreira de Andrade<\/p>\n","protected":false},"excerpt":{"rendered":"<p>Composi\u00e7\u00e3o Mesa Diretora Presidente: Suayla Peruzzo Vice-presidente: T\u00e2nia Mara Carraro Secret\u00e1ria: T\u00e2nia Mara Carraro 1\u00aa Secret\u00e1ria: Ermides Grande 2\u00aa Secretaria: M\u00f4nica Novello 1\u00aa Tesoureira: Denize Rossetto 2\u00aa Tesoureira: Camila Mesquita Conselheiros Governamentais [&hellip;]<\/p>\n","protected":false},"author":1,"featured_media":0,"parent":0,"menu_order":0,"comment_status":"closed","ping_status":"closed","template":"page_secretaria_com_sidebar.php","meta":{"footnotes":""},"class_list":["post-8","page","type-page","status-publish","hentry"],"yoast_head":"<!-- This site is optimized with the Yoast SEO plugin v23.8 - https:\/\/yoast.com\/wordpress\/plugins\/seo\/ -->\n<title>Mesa Diretiva e Conselheiros do COMUI - Conselho Municipal da Pessoa Idosa<\/title>\n<meta name=\"robots\" content=\"index, follow, max-snippet:-1, max-image-preview:large, max-video-preview:-1\" \/>\n<link rel=\"canonical\" href=\"https:\/\/www.pmpf.rs.gov.br\/comui\/mesa-diretiva-e-conselheiros-do-comui\/\" \/>\n<meta property=\"og:locale\" content=\"pt_BR\" \/>\n<meta property=\"og:type\" content=\"article\" \/>\n<meta property=\"og:title\" content=\"Mesa Diretiva e Conselheiros do COMUI - Conselho Municipal da Pessoa Idosa\" \/>\n<meta property=\"og:description\" content=\"Composi\u00e7\u00e3o Mesa Diretora Presidente: Suayla Peruzzo Vice-presidente: T\u00e2nia Mara Carraro Secret\u00e1ria: T\u00e2nia Mara Carraro 1\u00aa Secret\u00e1ria: Ermides Grande 2\u00aa Secretaria: M\u00f4nica Novello 1\u00aa Tesoureira: Denize Rossetto 2\u00aa Tesoureira: Camila Mesquita Conselheiros Governamentais [&hellip;]\" \/>\n<meta property=\"og:url\" content=\"https:\/\/www.pmpf.rs.gov.br\/comui\/mesa-diretiva-e-conselheiros-do-comui\/\" \/>\n<meta property=\"og:site_name\" content=\"Conselho Municipal da Pessoa Idosa\" \/>\n<meta property=\"article:modified_time\" content=\"2022-12-09T13:26:54+00:00\" \/>\n<meta name=\"twitter:card\" content=\"summary_large_image\" \/>\n<meta name=\"twitter:label1\" content=\"Est. tempo de leitura\" \/>\n\t<meta name=\"twitter:data1\" content=\"2 minutos\" \/>\n<script type=\"application\/ld+json\" class=\"yoast-schema-graph\">{\"@context\":\"https:\/\/schema.org\",\"@graph\":[{\"@type\":\"WebPage\",\"@id\":\"https:\/\/www.pmpf.rs.gov.br\/comui\/mesa-diretiva-e-conselheiros-do-comui\/\",\"url\":\"https:\/\/www.pmpf.rs.gov.br\/comui\/mesa-diretiva-e-conselheiros-do-comui\/\",\"name\":\"Mesa Diretiva e Conselheiros do COMUI - Conselho Municipal da Pessoa Idosa\",\"isPartOf\":{\"@id\":\"https:\/\/www.pmpf.rs.gov.br\/comui\/#website\"},\"datePublished\":\"2021-12-18T21:45:16+00:00\",\"dateModified\":\"2022-12-09T13:26:54+00:00\",\"inLanguage\":\"pt-BR\",\"potentialAction\":[{\"@type\":\"ReadAction\",\"target\":[\"https:\/\/www.pmpf.rs.gov.br\/comui\/mesa-diretiva-e-conselheiros-do-comui\/\"]}]},{\"@type\":\"WebSite\",\"@id\":\"https:\/\/www.pmpf.rs.gov.br\/comui\/#website\",\"url\":\"https:\/\/www.pmpf.rs.gov.br\/comui\/\",\"name\":\"Conselho Municipal da Pessoa Idosa\",\"description\":\"S\u00f3 mais um site Prefeitura de Passo Fundo\",\"potentialAction\":[{\"@type\":\"SearchAction\",\"target\":{\"@type\":\"EntryPoint\",\"urlTemplate\":\"https:\/\/www.pmpf.rs.gov.br\/comui\/?s={search_term_string}\"},\"query-input\":{\"@type\":\"PropertyValueSpecification\",\"valueRequired\":true,\"valueName\":\"search_term_string\"}}],\"inLanguage\":\"pt-BR\"}]}<\/script>\n<!-- \/ Yoast SEO plugin. -->","yoast_head_json":{"title":"Mesa Diretiva e Conselheiros do COMUI - Conselho Municipal da Pessoa Idosa","robots":{"index":"index","follow":"follow","max-snippet":"max-snippet:-1","max-image-preview":"max-image-preview:large","max-video-preview":"max-video-preview:-1"},"canonical":"https:\/\/www.pmpf.rs.gov.br\/comui\/mesa-diretiva-e-conselheiros-do-comui\/","og_locale":"pt_BR","og_type":"article","og_title":"Mesa Diretiva e Conselheiros do COMUI - Conselho Municipal da Pessoa Idosa","og_description":"Composi\u00e7\u00e3o Mesa Diretora Presidente: Suayla Peruzzo Vice-presidente: T\u00e2nia Mara Carraro Secret\u00e1ria: T\u00e2nia Mara Carraro 1\u00aa Secret\u00e1ria: Ermides Grande 2\u00aa Secretaria: M\u00f4nica Novello 1\u00aa Tesoureira: Denize Rossetto 2\u00aa Tesoureira: Camila Mesquita Conselheiros Governamentais [&hellip;]","og_url":"https:\/\/www.pmpf.rs.gov.br\/comui\/mesa-diretiva-e-conselheiros-do-comui\/","og_site_name":"Conselho Municipal da Pessoa Idosa","article_modified_time":"2022-12-09T13:26:54+00:00","twitter_card":"summary_large_image","twitter_misc":{"Est. tempo de leitura":"2 minutos"},"schema":{"@context":"https:\/\/schema.org","@graph":[{"@type":"WebPage","@id":"https:\/\/www.pmpf.rs.gov.br\/comui\/mesa-diretiva-e-conselheiros-do-comui\/","url":"https:\/\/www.pmpf.rs.gov.br\/comui\/mesa-diretiva-e-conselheiros-do-comui\/","name":"Mesa Diretiva e Conselheiros do COMUI - Conselho Municipal da Pessoa Idosa","isPartOf":{"@id":"https:\/\/www.pmpf.rs.gov.br\/comui\/#website"},"datePublished":"2021-12-18T21:45:16+00:00","dateModified":"2022-12-09T13:26:54+00:00","inLanguage":"pt-BR","potentialAction":[{"@type":"ReadAction","target":["https:\/\/www.pmpf.rs.gov.br\/comui\/mesa-diretiva-e-conselheiros-do-comui\/"]}]},{"@type":"WebSite","@id":"https:\/\/www.pmpf.rs.gov.br\/comui\/#website","url":"https:\/\/www.pmpf.rs.gov.br\/comui\/","name":"Conselho Municipal da Pessoa Idosa","description":"S\u00f3 mais um site Prefeitura de Passo Fundo","potentialAction":[{"@type":"SearchAction","target":{"@type":"EntryPoint","urlTemplate":"https:\/\/www.pmpf.rs.gov.br\/comui\/?s={search_term_string}"},"query-input":{"@type":"PropertyValueSpecification","valueRequired":true,"valueName":"search_term_string"}}],"inLanguage":"pt-BR"}]}},"_links":{"self":[{"href":"https:\/\/www.pmpf.rs.gov.br\/comui\/wp-json\/wp\/v2\/pages\/8"}],"collection":[{"href":"https:\/\/www.pmpf.rs.gov.br\/comui\/wp-json\/wp\/v2\/pages"}],"about":[{"href":"https:\/\/www.pmpf.rs.gov.br\/comui\/wp-json\/wp\/v2\/types\/page"}],"author":[{"embeddable":true,"href":"https:\/\/www.pmpf.rs.gov.br\/comui\/wp-json\/wp\/v2\/users\/1"}],"replies":[{"embeddable":true,"href":"https:\/\/www.pmpf.rs.gov.br\/comui\/wp-json\/wp\/v2\/comments?post=8"}],"version-history":[{"count":3,"href":"https:\/\/www.pmpf.rs.gov.br\/comui\/wp-json\/wp\/v2\/pages\/8\/revisions"}],"predecessor-version":[{"id":75,"href":"https:\/\/www.pmpf.rs.gov.br\/comui\/wp-json\/wp\/v2\/pages\/8\/revisions\/75"}],"wp:attachment":[{"href":"https:\/\/www.pmpf.rs.gov.br\/comui\/wp-json\/wp\/v2\/media?parent=8"}],"curies":[{"name":"wp","href":"https:\/\/api.w.org\/{rel}","templated":true}]}}