{"id":4,"date":"2024-07-30T08:40:22","date_gmt":"2024-07-30T11:40:22","guid":{"rendered":"https:\/\/www.pmpf.rs.gov.br\/167\/?page_id=4"},"modified":"2024-07-30T15:25:42","modified_gmt":"2024-07-30T18:25:42","slug":"167anos","status":"publish","type":"page","link":"https:\/\/www.pmpf.rs.gov.br\/167\/","title":{"rendered":"Programa\u00e7\u00e3o Comemora\u00e7\u00e3o dos 167 Anos de Passo Fundo"},"content":{"rendered":"\n<div style=\"position: relative; width: 100%; height: 0; padding-top: 141.4286%;\n padding-bottom: 0; box-shadow: 0 2px 8px 0 rgba(63,69,81,0.16); margin-top: 1.6em; margin-bottom: 0.9em; overflow: hidden;\n border-radius: 8px; will-change: transform;\">\n  <iframe loading=\"lazy\" style=\"position: absolute; width: 100%; height: 100%; top: 0; left: 0; border: none; padding: 0;margin: 0;\"\n    src=\"https:&#x2F;&#x2F;www.canva.com&#x2F;design&#x2F;DAGL9KisrJo&#x2F;lWQXhh0F-FCrngi_pPeHXg&#x2F;view?embed\" allowfullscreen=\"allowfullscreen\" allow=\"fullscreen\">\n  <\/iframe>\n<\/div>\n<a href=\"https:&#x2F;&#x2F;www.canva.com&#x2F;design&#x2F;DAGL9KisrJo&#x2F;lWQXhh0F-FCrngi_pPeHXg&#x2F;view?utm_content=DAGL9KisrJo&amp;utm_campaign=designshare&amp;utm_medium=embeds&amp;utm_source=link\" target=\"_blank\" rel=\"noopener\">Programa\u00e7\u00e3o<\/a>\n","protected":false},"excerpt":{"rendered":"<p>Programa\u00e7\u00e3o<\/p>\n","protected":false},"author":4,"featured_media":0,"parent":0,"menu_order":0,"comment_status":"closed","ping_status":"closed","template":"page_secretaria_sem_sidebar.php","meta":{"footnotes":""},"class_list":["post-4","page","type-page","status-publish","hentry"],"yoast_head":"<!-- This site is optimized with the Yoast SEO plugin v23.8 - https:\/\/yoast.com\/wordpress\/plugins\/seo\/ -->\n<title>Programa\u00e7\u00e3o Comemora\u00e7\u00e3o dos 167 Anos de Passo Fundo - Passo Fundo 167 Anos<\/title>\n<meta name=\"robots\" content=\"index, follow, max-snippet:-1, max-image-preview:large, max-video-preview:-1\" \/>\n<link rel=\"canonical\" href=\"https:\/\/www.pmpf.rs.gov.br\/167\/\" \/>\n<meta property=\"og:locale\" content=\"pt_BR\" \/>\n<meta property=\"og:type\" content=\"article\" \/>\n<meta property=\"og:title\" content=\"Programa\u00e7\u00e3o Comemora\u00e7\u00e3o dos 167 Anos de Passo Fundo - Passo Fundo 167 Anos\" \/>\n<meta property=\"og:description\" content=\"Programa\u00e7\u00e3o\" \/>\n<meta property=\"og:url\" content=\"https:\/\/www.pmpf.rs.gov.br\/167\/\" \/>\n<meta property=\"og:site_name\" content=\"Passo Fundo 167 Anos\" \/>\n<meta property=\"article:modified_time\" content=\"2024-07-30T18:25:42+00:00\" \/>\n<meta name=\"twitter:card\" content=\"summary_large_image\" \/>\n<script type=\"application\/ld+json\" class=\"yoast-schema-graph\">{\"@context\":\"https:\/\/schema.org\",\"@graph\":[{\"@type\":\"WebPage\",\"@id\":\"https:\/\/www.pmpf.rs.gov.br\/167\/\",\"url\":\"https:\/\/www.pmpf.rs.gov.br\/167\/\",\"name\":\"Programa\u00e7\u00e3o Comemora\u00e7\u00e3o dos 167 Anos de Passo Fundo - Passo Fundo 167 Anos\",\"isPartOf\":{\"@id\":\"https:\/\/www.pmpf.rs.gov.br\/167\/#website\"},\"datePublished\":\"2024-07-30T11:40:22+00:00\",\"dateModified\":\"2024-07-30T18:25:42+00:00\",\"breadcrumb\":{\"@id\":\"https:\/\/www.pmpf.rs.gov.br\/167\/#breadcrumb\"},\"inLanguage\":\"pt-BR\",\"potentialAction\":[{\"@type\":\"ReadAction\",\"target\":[\"https:\/\/www.pmpf.rs.gov.br\/167\/\"]}]},{\"@type\":\"BreadcrumbList\",\"@id\":\"https:\/\/www.pmpf.rs.gov.br\/167\/#breadcrumb\",\"itemListElement\":[{\"@type\":\"ListItem\",\"position\":1,\"name\":\"In\u00edcio\",\"item\":\"https:\/\/www.pmpf.rs.gov.br\/167\/\"},{\"@type\":\"ListItem\",\"position\":2,\"name\":\"Programa\u00e7\u00e3o Comemora\u00e7\u00e3o dos 167 Anos de Passo Fundo\"}]},{\"@type\":\"WebSite\",\"@id\":\"https:\/\/www.pmpf.rs.gov.br\/167\/#website\",\"url\":\"https:\/\/www.pmpf.rs.gov.br\/167\/\",\"name\":\"Passo Fundo 167 Anos\",\"description\":\"\",\"potentialAction\":[{\"@type\":\"SearchAction\",\"target\":{\"@type\":\"EntryPoint\",\"urlTemplate\":\"https:\/\/www.pmpf.rs.gov.br\/167\/?s={search_term_string}\"},\"query-input\":{\"@type\":\"PropertyValueSpecification\",\"valueRequired\":true,\"valueName\":\"search_term_string\"}}],\"inLanguage\":\"pt-BR\"}]}<\/script>\n<!-- \/ Yoast SEO plugin. -->","yoast_head_json":{"title":"Programa\u00e7\u00e3o Comemora\u00e7\u00e3o dos 167 Anos de Passo Fundo - Passo Fundo 167 Anos","robots":{"index":"index","follow":"follow","max-snippet":"max-snippet:-1","max-image-preview":"max-image-preview:large","max-video-preview":"max-video-preview:-1"},"canonical":"https:\/\/www.pmpf.rs.gov.br\/167\/","og_locale":"pt_BR","og_type":"article","og_title":"Programa\u00e7\u00e3o Comemora\u00e7\u00e3o dos 167 Anos de Passo Fundo - Passo Fundo 167 Anos","og_description":"Programa\u00e7\u00e3o","og_url":"https:\/\/www.pmpf.rs.gov.br\/167\/","og_site_name":"Passo Fundo 167 Anos","article_modified_time":"2024-07-30T18:25:42+00:00","twitter_card":"summary_large_image","schema":{"@context":"https:\/\/schema.org","@graph":[{"@type":"WebPage","@id":"https:\/\/www.pmpf.rs.gov.br\/167\/","url":"https:\/\/www.pmpf.rs.gov.br\/167\/","name":"Programa\u00e7\u00e3o Comemora\u00e7\u00e3o dos 167 Anos de Passo Fundo - Passo Fundo 167 Anos","isPartOf":{"@id":"https:\/\/www.pmpf.rs.gov.br\/167\/#website"},"datePublished":"2024-07-30T11:40:22+00:00","dateModified":"2024-07-30T18:25:42+00:00","breadcrumb":{"@id":"https:\/\/www.pmpf.rs.gov.br\/167\/#breadcrumb"},"inLanguage":"pt-BR","potentialAction":[{"@type":"ReadAction","target":["https:\/\/www.pmpf.rs.gov.br\/167\/"]}]},{"@type":"BreadcrumbList","@id":"https:\/\/www.pmpf.rs.gov.br\/167\/#breadcrumb","itemListElement":[{"@type":"ListItem","position":1,"name":"In\u00edcio","item":"https:\/\/www.pmpf.rs.gov.br\/167\/"},{"@type":"ListItem","position":2,"name":"Programa\u00e7\u00e3o Comemora\u00e7\u00e3o dos 167 Anos de Passo Fundo"}]},{"@type":"WebSite","@id":"https:\/\/www.pmpf.rs.gov.br\/167\/#website","url":"https:\/\/www.pmpf.rs.gov.br\/167\/","name":"Passo Fundo 167 Anos","description":"","potentialAction":[{"@type":"SearchAction","target":{"@type":"EntryPoint","urlTemplate":"https:\/\/www.pmpf.rs.gov.br\/167\/?s={search_term_string}"},"query-input":{"@type":"PropertyValueSpecification","valueRequired":true,"valueName":"search_term_string"}}],"inLanguage":"pt-BR"}]}},"_links":{"self":[{"href":"https:\/\/www.pmpf.rs.gov.br\/167\/wp-json\/wp\/v2\/pages\/4"}],"collection":[{"href":"https:\/\/www.pmpf.rs.gov.br\/167\/wp-json\/wp\/v2\/pages"}],"about":[{"href":"https:\/\/www.pmpf.rs.gov.br\/167\/wp-json\/wp\/v2\/types\/page"}],"author":[{"embeddable":true,"href":"https:\/\/www.pmpf.rs.gov.br\/167\/wp-json\/wp\/v2\/users\/4"}],"replies":[{"embeddable":true,"href":"https:\/\/www.pmpf.rs.gov.br\/167\/wp-json\/wp\/v2\/comments?post=4"}],"version-history":[{"count":5,"href":"https:\/\/www.pmpf.rs.gov.br\/167\/wp-json\/wp\/v2\/pages\/4\/revisions"}],"predecessor-version":[{"id":11,"href":"https:\/\/www.pmpf.rs.gov.br\/167\/wp-json\/wp\/v2\/pages\/4\/revisions\/11"}],"wp:attachment":[{"href":"https:\/\/www.pmpf.rs.gov.br\/167\/wp-json\/wp\/v2\/media?parent=4"}],"curies":[{"name":"wp","href":"https:\/\/api.w.org\/{rel}","templated":true}]}}